000
CXUS55 KPUB 012155
CF6TAD
PRELIMINARY LOCAL CLIMATOLOGICAL DATA (WS FORM: F-6)
STATION: TRINIDAD CO
MONTH: JULY
YEAR: 2023
LATITUDE: 37 16 N
LONGITUDE: 104 20 W
TEMPERATURE IN F: :PCPN: SNOW: WIND :SUNSHINE: SKY :PK WND
================================================================================
1 2 3 4 5 6A 6B 7 8 9 10 11 12 13 14 15 16 17 18
12Z AVG MX 2MIN
DY MAX MIN AVG DEP HDD CDD WTR SNW DPTH SPD SPD DIR MIN PSBL S-S WX SPD DR
================================================================================
1 84 51 68 -6 0 3 0.00 M M 7.5 16 40 M M 0 23 50
2 86 56 71 -3 0 6 0.01 M M 9.2 24 220 M M 1 3 36 220
3 93 55 74 0 0 9 0.00 M M 10.2 26 150 M M 0 41 110
4 92 60 76 2 0 11 0.03 M M 8.5 26 30 M M 1 3 35 20
5 81 58 70 -4 0 5 0.04 M M 8.8 28 250 M M 6 13 44 250
6 88 57 73 -1 0 8 0.00 M M 11.2 33 190 M M 3 12 44 190
7 86 60 73 -2 0 8 0.02 M M 7.6 29 10 M M 6 3 41 10
8 90 59 75 0 0 10 0.00 M M 10.6 28 330 M M 4 12 40 360
9 92 55 74 -1 0 9 0.02 M M 8.1 18 120 M M 3 1 29 90
10 95 62 79 4 0 14 0.03 M M 8.8 28 310 M M 1 3 40 320
11 99 63 81 6 0 16 0.00 M M 10.7 25 150 M M 0 36 150
12 96 67 82 7 0 17 0.00 M M 12.1 23 30 M M 0 32 30
13 98 62 80 5 0 15 0.20 M M 9.0 36 340 M M 1 13 50 120
14 94 59 77 2 0 12 0.00 M M 10.3 25 50 M M 2 34 30
15 86 58 72 -3 0 7 0.06 M M 4.3 8 180 M M 3 3 14 120
16 94 61 78 3 0 13 0.00 M M M M M M M 0 M M
17 101 60 81 6 0 16 0.00 M M M M M M M 0 M M
18 100 68 84 9 0 19 0.00 M M M M M M M 0 M M
19 94 63 79 4 0 14 0.01 M M M M M M M 1 3 M M
20 90 61 76 1 0 11 0.05 M M 11.0 28 10 M M 2 138 41 170
21 83 60 72 -3 0 7 0.01 M M 8.1 22 150 M M 5 13 29 140
22 91 56 74 -1 0 9 0.00 M M 8.4 24 210 M M 1 3 36 210
23 99 59 79 4 0 14 0.00 M M 11.5 28 270 M M 0 36 270
24 102 69 86 11 0 21 0.00 M M 9.6 21 260 M M 0 3 31 260
25 101 63 82 7 0 17 T M M 11.4 41 190 M M 0 3 59 170
26 97 62 80 5 0 15 T M M 9.1 22 30 M M 0 3 32 20
27 93 61 77 2 0 12 0.07 M M 8.7 26 250 M M 2 3 37 260
28 97 59 78 3 0 13 0.00 M M 8.6 23 260 M M 0 3 33 260
29 96 58 77 2 0 12 0.04 M M 10.6 33 240 M M 1 3 45 230
30 96 62 79 4 0 14 0.00 M M 9.0 25 180 M M 1 33 180
31 99 67 83 9 0 18 0.00 M M 11.3 28 200 M M 1 37 200
================================================================================
SM 2893 1871 0 375 0.59 M 254.2 M 45
================================================================================
AV 93.3 60.4 9.4 FASTST M M 1 MAX(MPH)
MISC ----> 41 190 59 170
================================================================================
NOTES:
# LAST OF SEVERAL OCCURRENCES
COLUMN 17 PEAK WIND IN M.P.H.
PRELIMINARY LOCAL CLIMATOLOGICAL DATA (WS FORM: F-6) , PAGE 2
STATION: TRINIDAD CO
MONTH: JULY
YEAR: 2023
LATITUDE: 37 16 N
LONGITUDE: 104 20 W
[TEMPERATURE DATA] [PRECIPITATION DATA] SYMBOLS USED IN COLUMN 16
AVERAGE MONTHLY: 76.8 TOTAL FOR MONTH: 0.59 1 = FOG OR MIST
DPTR FM NORMAL: 2.0 DPTR FM NORMAL: -1.54 2 = FOG REDUCING VISIBILITY
HIGHEST: 102 ON 24 GRTST 24HR 0.20 ON 13 TO 1/4 MILE OR LESS
LOWEST: 51 ON 1 3 = THUNDER
SNOW, ICE PELLETS, HAIL 4 = ICE PELLETS
TOTAL MONTH: M 5 = HAIL
GRTST 24HR M ON M 6 = FREEZING RAIN OR DRIZZLE
GRTST DEPTH: M ON M 7 = DUSTSTORM OR SANDSTORM:
VSBY 1/2 MILE OR LESS
8 = SMOKE OR HAZE
[NO. OF DAYS WITH] [WEATHER - DAYS WITH] 9 = BLOWING SNOW
X = TORNADO
MAX 32 OR BELOW: 0 0.01 INCH OR MORE: 13
MAX 90 OR ABOVE: 24 0.10 INCH OR MORE: 1
MIN 32 OR BELOW: 0 0.50 INCH OR MORE: 0
MIN 0 OR BELOW: 0 1.00 INCH OR MORE: 0
[HDD (BASE 65) ]
TOTAL THIS MO. 0 CLEAR (SCALE 0-3) 27
DPTR FM NORMAL -2 PTCLDY (SCALE 4-7) 4
TOTAL FM JUL 1 0 CLOUDY (SCALE 8-10) 0
DPTR FM NORMAL 0
[CDD (BASE 65) ]
TOTAL THIS MO. 375
DPTR FM NORMAL 70 [PRESSURE DATA]
TOTAL FM JAN 1 488 HIGHEST SLP 30.18 ON 21
DPTR FM NORMAL -34 LOWEST SLP 29.61 ON 8
[REMARKS]
#FINAL-07-23#