000
CXUS52 KTBW 021241
CF6TBW
PRELIMINARY LOCAL CLIMATOLOGICAL DATA (WS FORM: F-6)
STATION: RUSKIN WFO
MONTH: MARCH
YEAR: 2023
LATITUDE: 27 42 N
LONGITUDE: 82 24 W
TEMPERATURE IN F: :PCPN: SNOW: WIND :SUNSHINE: SKY :PK WND
================================================================================
1 2 3 4 5 6A 6B 7 8 9 10 11 12 13 14 15 16 17 18
12Z AVG MX 2MIN
DY MAX MIN AVG DEP HDD CDD WTR SNW DPTH SPD SPD DIR MIN PSBL S-S WX SPD DR
================================================================================
1 84 62 73 7 0 8 0.00 0.0 0 M M M M M M 1 M M
2 85 68 77 11 0 12 0.00 0.0 0 M M M M M M 1 M M
3 85 66 76 10 0 11 0.00 0.0 0 M M M M M M M M
4 84 70 77 11 0 12 0.00 0.0 0 M M M M M M 1 M M
5 85 68 77 11 0 12 0.00 0.0 0 M M M M M M M M
6 85 67 76 10 0 11 0.00 0.0 0 M M M M M M M M
7 83 66 75 9 0 10 0.00 0.0 0 M M M M M M 1 M M
8 89 69 79 13 0 14 0.00 0.0 0 M M M M M M M M
9 83 62 73 6 0 8 0.00 0.0 0 M M M M M M M M
10 81 60 71 4 0 6 0.06 0.0 0 M M M M M M 1 M M
11 79 59 69 2 0 4 0.00 0.0 0 M M M M M M M M
12 82 57 70 3 0 5 0.00 0.0 0 M M M M M M M M
13 81 67 74 7 0 9 0.64 0.0 0 M M M M M M 3 M M
14 76 57 67 0 0 2 0.00 0.0 0 M M M M M M M M
15 69 51 60 -7 5 0 0.01 0.0 0 M M M M M M M M
16 78 51 65 -2 0 0 0.00 0.0 0 M M M M M M M M
17 82 54 68 0 0 3 0.00 0.0 0 M M M M M M M M
18 82 65 74 6 0 9 0.00 0.0 0 M M M M M M M M
19 66 50 58 -10 7 0 0.01 0.0 0 M M M M M M M M
20 67 49 58 -10 7 0 T 0.0 0 M M M M M M M M
21 78 44 61 -7 4 0 0.00 0.0 0 M M M M M M M M
22 83 57 70 2 0 5 0.00 0.0 0 M M M M M M M M
23 87 61 74 6 0 9 0.00 0.0 0 M M M M M M M M
24 86 60 73 5 0 8 0.00 0.0 0 M M M M M M M M
25 87 67 77 8 0 12 0.00 0.0 0 M M M M M M 1 M M
26 87 70 79 10 0 14 0.00 0.0 0 M M M M M M 1 M M
27 86 68 77 8 0 12 0.00 0.0 0 M M M M M M M M
28 85 68 77 8 0 12 0.00 0.0 0 M M M M M M 12 M M
29 85 70 78 9 0 13 T 0.0 0 M M M M M M M M
30 86 62 74 5 0 9 0.00 0.0 0 M M M M M M M M
31 87 63 75 5 0 10 0.00 0.0 0 M M M M M M M M
================================================================================
SM 2543 1908 23 240 0.72 0.0 M M M
================================================================================
AV 82.0 61.5 M FASTST M M M MAX(MPH)
MISC ----> M M M M
================================================================================
NOTES:
# LAST OF SEVERAL OCCURRENCES
COLUMN 17 PEAK WIND IN M.P.H.
PRELIMINARY LOCAL CLIMATOLOGICAL DATA (WS FORM: F-6) , PAGE 2
STATION: RUSKIN WFO
MONTH: MARCH
YEAR: 2023
LATITUDE: 27 42 N
LONGITUDE: 82 24 W
[TEMPERATURE DATA] [PRECIPITATION DATA] SYMBOLS USED IN COLUMN 16
AVERAGE MONTHLY: 71.8 TOTAL FOR MONTH: 0.72 1 = FOG OR MIST
DPTR FM NORMAL: 4.3 DPTR FM NORMAL: -2.24 2 = FOG REDUCING VISIBILITY
HIGHEST: 89 ON 8 GRTST 24HR 0.64 ON 13-13 TO 1/4 MILE OR LESS
LOWEST: 44 ON 21 3 = THUNDER
SNOW, ICE PELLETS, HAIL 4 = ICE PELLETS
TOTAL MONTH: 0.0 INCH 5 = HAIL
GRTST 24HR 0.0 6 = FREEZING RAIN OR DRIZZLE
GRTST DEPTH: 0 7 = DUSTSTORM OR SANDSTORM:
VSBY 1/2 MILE OR LESS
8 = SMOKE OR HAZE
[NO. OF DAYS WITH] [WEATHER - DAYS WITH] 9 = BLOWING SNOW
X = TORNADO
MAX 32 OR BELOW: 0 0.01 INCH OR MORE: 4
MAX 90 OR ABOVE: 0 0.10 INCH OR MORE: 1
MIN 32 OR BELOW: 0 0.50 INCH OR MORE: 1
MIN 0 OR BELOW: 0 1.00 INCH OR MORE: 0
[HDD (BASE 65) ]
TOTAL THIS MO. 23 CLEAR (SCALE 0-3) 0
DPTR FM NORMAL -30 PTCLDY (SCALE 4-7) 0
TOTAL FM JUL 1 289 CLOUDY (SCALE 8-10) 31
DPTR FM NORMAL -198
[CDD (BASE 65) ]
TOTAL THIS MO. 240
DPTR FM NORMAL 110 [PRESSURE DATA]
TOTAL FM JAN 1 490 HIGHEST SLP M ON M
DPTR FM NORMAL 237 LOWEST SLP M ON M
[REMARKS]
#FINAL-03-23#