000
CXUS54 KEPZ 011030
CF6TCS
PRELIMINARY LOCAL CLIMATOLOGICAL DATA (WS FORM: F-6)
STATION: TRUTH OR CONSEQUENCES
MONTH: MAY
YEAR: 2023
LATITUDE: 33 13 N
LONGITUDE: 107 16 W
TEMPERATURE IN F: :PCPN: SNOW: WIND :SUNSHINE: SKY :PK WND
================================================================================
1 2 3 4 5 6A 6B 7 8 9 10 11 12 13 14 15 16 17 18
12Z AVG MX 2MIN
DY MAX MIN AVG DEP HDD CDD WTR SNW DPTH SPD SPD DIR MIN PSBL S-S WX SPD DR
================================================================================
1 87 57 72 7 0 7 0.00 M M 11.1 28 200 M M 0 41 210
2 83 55 69 4 0 4 0.00 M M 9.1 25 190 M M 0 37 200
3 81 49 65 -1 0 0 0.00 M M 10.4 25 190 M M 0 35 200
4 81 54 68 2 0 3 0.00 M M 11.8 25 200 M M 2 38 190
5 81 46 64 -2 1 0 0.00 M M 12.7 28 180 M M 0 39 200
6 84 51 68 1 0 3 0.00 M M 11.0 28 190 M M 0 38 200
7 88 51 70 3 0 5 0.00 M M 9.8 22 260 M M 0 31 210
8 87 55 71 4 0 6 0.00 M M 11.6 26 170 M M 0 36 160
9 88 51 70 2 0 5 0.00 M M 9.4 26 190 M M 0 37 190
10 80 50 65 -3 0 0 0.00 M M 18.0 39 220 M M 0 55 240
11 81 50 66 -2 0 1 0.00 M M 12.7 24 290 M M 0 31 280
12 85 56 71 2 0 6 0.00 M M 7.6 16 310 M M 0 25 310
13 81 54 68 -1 0 3 0.12 M M 11.0 26 20 M M 4 3 38 20
14 78 53 66 -4 0 1 0.03 M M 7.7 21 20 M M 5 28 20
15 80 58 69 -1 0 4 0.00 M M 11.0 23 20 M M 6 32 20
16 80 58 69 -1 0 4 0.00 M M 7.9 22 300 M M 2 29 310
17 82 59 71 0 0 6 T M M 8.7 26 310 M M 1 3 35 300
18 81 58 70 -1 0 5 0.08 M M 8.2 21 310 M M 2 3 32 320
19 83 54 69 -2 0 4 T M M 10.3 31 20 M M 3 48 20
20 80 55 68 -4 0 3 0.11 M M 10.5 32 300 M M 3 3 46 320
21 80 52 66 -6 0 1 T M M 7.6 22 330 M M 1 3 33 300
22 86 55 71 -1 0 6 T M M 6.9 22 220 M M 1 29 230
23 90 58 74 1 0 9 0.00 M M 9.6 24 220 M M 0 33 200
24 90 55 73 0 0 8 0.00 M M 9.8 28 200 M M 0 37 220
25 89 59 74 0 0 9 0.00 M M 9.4 25 170 M M 0 37 170
26 91 53 72 -2 0 7 0.00 M M 10.2 30 200 M M 0 40 170
27 89 59 74 0 0 9 0.00 M M 9.7 28 250 M M 0 41 240
28 90 56 73 -2 0 8 0.00 M M 8.7 21 240 M M 0 27 170
29 90 58 74 -1 0 9 0.00 M M 8.9 23 180 M M 0 30 170
30 90 63 77 2 0 12 0.00 M M 9.8 23 190 M M 0 31 190
31 88 63 76 0 0 11 0.00 M M 12.3 30 200 M M 2 42 180
================================================================================
SM 2624 1705 1 159 0.34 M 313.4 M 32
================================================================================
AV 84.6 55.0 10.1 FASTST M M 1 MAX(MPH)
MISC ----> 39 220 55 240
================================================================================
NOTES:
# LAST OF SEVERAL OCCURRENCES
COLUMN 17 PEAK WIND IN M.P.H.
PRELIMINARY LOCAL CLIMATOLOGICAL DATA (WS FORM: F-6) , PAGE 2
STATION: TRUTH OR CONSEQUENCES
MONTH: MAY
YEAR: 2023
LATITUDE: 33 13 N
LONGITUDE: 107 16 W
[TEMPERATURE DATA] [PRECIPITATION DATA] SYMBOLS USED IN COLUMN 16
AVERAGE MONTHLY: 69.8 TOTAL FOR MONTH: 0.34 1 = FOG OR MIST
DPTR FM NORMAL: -0.5 DPTR FM NORMAL: -0.21 2 = FOG REDUCING VISIBILITY
HIGHEST: 91 ON 26 GRTST 24HR 0.15 ON 13-14 TO 1/4 MILE OR LESS
LOWEST: 46 ON 5 3 = THUNDER
SNOW, ICE PELLETS, HAIL 4 = ICE PELLETS
TOTAL MONTH: M 5 = HAIL
GRTST 24HR M ON M 6 = FREEZING RAIN OR DRIZZLE
GRTST DEPTH: M ON M 7 = DUSTSTORM OR SANDSTORM:
VSBY 1/2 MILE OR LESS
8 = SMOKE OR HAZE
[NO. OF DAYS WITH] [WEATHER - DAYS WITH] 9 = BLOWING SNOW
X = TORNADO
MAX 32 OR BELOW: 0 0.01 INCH OR MORE: 4
MAX 90 OR ABOVE: 6 0.10 INCH OR MORE: 2
MIN 32 OR BELOW: 0 0.50 INCH OR MORE: 0
MIN 0 OR BELOW: 0 1.00 INCH OR MORE: 0
[HDD (BASE 65) ]
TOTAL THIS MO. 1 CLEAR (SCALE 0-3) 27
DPTR FM NORMAL -26 PTCLDY (SCALE 4-7) 4
TOTAL FM JUL 1 3127 CLOUDY (SCALE 8-10) 0
DPTR FM NORMAL 91
[CDD (BASE 65) ]
TOTAL THIS MO. 159
DPTR FM NORMAL -32 [PRESSURE DATA]
TOTAL FM JAN 1 172 HIGHEST SLP 30.19 ON 15
DPTR FM NORMAL -55 LOWEST SLP 29.50 ON 31
[REMARKS]
#FINAL-05-23#