000
CXUS54 KEPZ 011333
CF6TCS
PRELIMINARY LOCAL CLIMATOLOGICAL DATA (WS FORM: F-6)
STATION: TRUTH OR CONSEQUENCES
MONTH: FEBRUARY
YEAR: 2022
LATITUDE: 33 13 N
LONGITUDE: 107 16 W
TEMPERATURE IN F: :PCPN: SNOW: WIND :SUNSHINE: SKY :PK WND
================================================================================
1 2 3 4 5 6A 6B 7 8 9 10 11 12 13 14 15 16 17 18
12Z AVG MX 2MIN
DY MAX MIN AVG DEP HDD CDD WTR SNW DPTH SPD SPD DIR MIN PSBL S-S WX SPD DR
================================================================================
1 59 35 47 2 18 0 0.00 M M 6.6 30 280 M M 4 40 270
2 53 19 36 -9 29 0 0.18 M M 11.1 26 20 M M 9 128 37 360
3 32 14 23 -22 42 0 T M M 11.7 25 30 M M 5 18 36 30
4 41 11 26 -19 39 0 0.00 M M 5.9 15 20 M M 0 20 40
5 46 13 30 -15 35 0 0.00 M M 4.5 12 310 M M 0 15 320
6 52 23 38 -8 27 0 0.00 M M 11.1 22 40 M M 1 32 20
7 52 24 38 -8 27 0 0.00 M M 5.7 12 300 M M 0 14 330
8 59 24 42 -4 23 0 0.00 M M 6.4 13 290 M M 0 17 360
9 64 29 47 1 18 0 0.00 M M 5.1 12 330 M M 0 17 320
10 63 31 47 1 18 0 0.00 M M 6.6 22 20 M M 0 29 30
11 65 38 52 6 13 0 0.00 M M 5.8 18 300 M M 0 23 320
12 54 36 45 -1 20 0 0.00 M M 11.4 29 10 M M 0 44 10
13 61 25 43 -4 22 0 0.00 M M 4.4 10 280 M M 0 15 210
14 67 28 48 1 17 0 0.00 M M 7.5 21 190 M M 0 26 200
15 72 29 51 4 14 0 0.00 M M 13.1 30 230 M M 0 39 200
16 62 37 50 3 15 0 0.00 M M 16.4 43 230 M M 1 56 230
17 52 27 40 -8 25 0 0.00 M M 8.0 20 310 M M 2 27 330
18 56 28 42 -6 23 0 0.00 M M 5.4 13 290 M M 0 19 320
19 62 30 46 -2 19 0 0.00 M M 7.1 15 210 M M 0 20 170
20 71 36 54 6 11 0 0.00 M M 10.4 24 210 M M 0 35 220
21 64 42 53 5 12 0 0.00 M M 14.1 36 230 M M 0 49 230
22 66 34 50 2 15 0 0.00 M M 15.2 36 220 M M 0 50 200
23 66 36 51 2 14 0 0.00 M M 23.0 45 210 M M 0 8 60 200
24 52 32 42 -7 23 0 0.00 M M 8.5 18 360 M M 2 30 310
25 60 23 42 -7 23 0 0.00 M M 8.9 24 180 M M 0 34 160
26 61 29 45 -4 20 0 0.00 M M 8.3 18 20 M M 0 8 29 40
27 59 25 42 -8 23 0 0.00 M M 6.2 13 60 M M 0 8 19 40
28 59 34 47 -3 18 0 0.00 M M 4.5 10 320 M M 0 15 10
================================================================================
SM 1630 792 603 0 0.18 M 252.9 M 24
================================================================================
AV 58.2 28.3 9.0 FASTST M M 1 MAX(MPH)
MISC ----> 45 210 60 200
================================================================================
NOTES:
# LAST OF SEVERAL OCCURRENCES
COLUMN 17 PEAK WIND IN M.P.H.
PRELIMINARY LOCAL CLIMATOLOGICAL DATA (WS FORM: F-6) , PAGE 2
STATION: TRUTH OR CONSEQUENCES
MONTH: FEBRUARY
YEAR: 2022
LATITUDE: 33 13 N
LONGITUDE: 107 16 W
[TEMPERATURE DATA] [PRECIPITATION DATA] SYMBOLS USED IN COLUMN 16
AVERAGE MONTHLY: 43.3 TOTAL FOR MONTH: 0.18 1 = FOG OR MIST
DPTR FM NORMAL: -3.8 DPTR FM NORMAL: -0.12 2 = FOG REDUCING VISIBILITY
HIGHEST: 72 ON 15 GRTST 24HR 0.18 ON 2- 2 TO 1/4 MILE OR LESS
LOWEST: 11 ON 4 3 = THUNDER
SNOW, ICE PELLETS, HAIL 4 = ICE PELLETS
TOTAL MONTH: M 5 = HAIL
GRTST 24HR M ON M 6 = FREEZING RAIN OR DRIZZLE
GRTST DEPTH: M ON M 7 = DUSTSTORM OR SANDSTORM:
VSBY 1/2 MILE OR LESS
8 = SMOKE OR HAZE
[NO. OF DAYS WITH] [WEATHER - DAYS WITH] 9 = BLOWING SNOW
X = TORNADO
MAX 32 OR BELOW: 1 0.01 INCH OR MORE: 1
MAX 90 OR ABOVE: 0 0.10 INCH OR MORE: 1
MIN 32 OR BELOW: 19 0.50 INCH OR MORE: 0
MIN 0 OR BELOW: 0 1.00 INCH OR MORE: 0
[HDD (BASE 65) ]
TOTAL THIS MO. 603 CLEAR (SCALE 0-3) 25
DPTR FM NORMAL 102 PTCLDY (SCALE 4-7) 2
TOTAL FM JUL 1 2216 CLOUDY (SCALE 8-10) 1
DPTR FM NORMAL -303
[CDD (BASE 65) ]
TOTAL THIS MO. 0
DPTR FM NORMAL 0 [PRESSURE DATA]
TOTAL FM JAN 1 0 HIGHEST SLP 30.63 ON 4
DPTR FM NORMAL 0 LOWEST SLP 29.51 ON 23
[REMARKS]
#FINAL-02-22#