037
CXUS52 KTAE 010800
CF6TLH
PRELIMINARY LOCAL CLIMATOLOGICAL DATA (WS FORM: F-6)
STATION: TALLAHASSEE
MONTH: JULY
YEAR: 2020
LATITUDE: 30 22 N
LONGITUDE: 84 22 W
TEMPERATURE IN F: :PCPN: SNOW: WIND :SUNSHINE: SKY :PK WND
================================================================================
1 2 3 4 5 6A 6B 7 8 9 10 11 12 13 14 15 16 17 18
12Z AVG MX 2MIN
DY MAX MIN AVG DEP HDD CDD WTR SNW DPTH SPD SPD DIR MIN PSBL S-S WX SPD DR
================================================================================
1 91 72 82 0 0 17 0.03 0.0 0 3.5 28 260 M M 4 13 32 250
2 93 73 83 1 0 18 0.00 0.0 0 7.0 17 260 M M 5 22 270
3 91 73 82 0 0 17 T 0.0 0 5.8 20 50 M M 5 3 27 40
4 85 74 80 -2 0 15 0.83 0.0 0 3.6 18 150 M M 8 13 22 160
5 85 75 80 -2 0 15 0.33 0.0 0 3.1 14 160 M M 8 13 17 160
6 87 74 81 -1 0 16 0.99 0.0 0 7.1 18 230 M M 5 1 23 220
7 86 75 81 -1 0 16 0.30 0.0 0 7.2 29 270 M M 8 1 36 270
8 90 73 82 0 0 17 0.00 0.0 0 7.4 15 280 M M 5 20 310
9 92 73 83 1 0 18 0.00 0.0 0 7.0 16 290 M M 4 21 290
10 97 76 87 5 0 22 0.31 0.0 0 6.5 29 310 M M 4 13 39 310
11 96 74 85 3 0 20 0.00 0.0 0 5.8 17 320 M M 3 18 23 270
12 95 71 83 1 0 18 0.00 0.0 0 4.6 17 270 M M 3 22 260
13 96 74 85 3 0 20 0.00 0.0 0 5.2 12 280 M M 4 3 18 280
14 93 76 85 3 0 20 0.00 0.0 0 3.8 21 240 M M 6 13 26 230
15 92 76 84 2 0 19 0.00 0.0 0 3.0 22 270 M M 6 13 25 280
16 97 73 85 3 0 20 0.00 0.0 0 4.8 13 80 M M 4 19 110
17 96 76 86 4 0 21 0.00 0.0 0 6.9 21 90 M M 4 25 90
18 97 76 87 5 0 22 0.00 0.0 0 5.5 15 80 M M 2 1 19 110
19 97 75 86 4 0 21 0.00 0.0 0 4.1 13 120 M M 2 16 60
20 98 76 87 5 0 22 0.00 0.0 0 5.6 17 150 M M 4 3 22 140
21 92 73 83 1 0 18 1.16 0.0 0 4.1 30 150 M M 5 13 39 160
22 93 73 83 1 0 18 0.11 0.0 0 7.8 36 120 M M 5 13 43 120
23 89 74 82 0 0 17 0.53 0.0 0 7.7 26 110 M M 6 13 33 100
24 92 73 83 1 0 18 0.00 0.0 0 5.7 13 110 M M 5 19 120
25 94 75 85 3 0 20 0.00 0.0 0 6.3 14 90 M M 5 23 110
26 93 76 85 3 0 20 0.51 0.0 0 5.4 28 70 M M 4 38 36 70
27 90 73 82 0 0 17 0.15 0.0 0 4.5 22 220 M M 4 13 24 220
28 86 74 80 -2 0 15 1.24 0.0 0 3.0 26 280 M M 7 138 34 280
29 89 74 82 0 0 17 T 0.0 0 4.3 16 270 M M 7 19 270
30 93 75 84 2 0 19 0.00 0.0 0 5.7 24 230 M M 4 13 33 240
31 94 73 84 2 0 19 0.51 0.0 0 4.6 21 180 M M 5 13 26 170
================================================================================
SM 2859 2298 0 572 7.00 0.0 166.6 M 151
================================================================================
AV 92.2 74.1 5.4 FASTST M M 5 MAX(MPH)
MISC ----> # 36 120 # 43 120
================================================================================
NOTES:
# LAST OF SEVERAL OCCURRENCES
COLUMN 17 PEAK WIND IN M.P.H.
PRELIMINARY LOCAL CLIMATOLOGICAL DATA (WS FORM: F-6) , PAGE 2
STATION: TALLAHASSEE
MONTH: JULY
YEAR: 2020
LATITUDE: 30 22 N
LONGITUDE: 84 22 W
[TEMPERATURE DATA] [PRECIPITATION DATA] SYMBOLS USED IN COLUMN 16
AVERAGE MONTHLY: 83.2 TOTAL FOR MONTH: 7.00 1 = FOG OR MIST
DPTR FM NORMAL: 1.2 DPTR FM NORMAL: -0.17 2 = FOG REDUCING VISIBILITY
HIGHEST: 98 ON 20 GRTST 24HR 1.24 ON 28-28 TO 1/4 MILE OR LESS
LOWEST: 71 ON 12 3 = THUNDER
SNOW, ICE PELLETS, HAIL 4 = ICE PELLETS
TOTAL MONTH: 0.0 INCH 5 = HAIL
GRTST 24HR 0.0 6 = FREEZING RAIN OR DRIZZLE
GRTST DEPTH: 0 7 = DUSTSTORM OR SANDSTORM:
VSBY 1/2 MILE OR LESS
8 = SMOKE OR HAZE
[NO. OF DAYS WITH] [WEATHER - DAYS WITH] 9 = BLOWING SNOW
X = TORNADO
MAX 32 OR BELOW: 0 0.01 INCH OR MORE: 13
MAX 90 OR ABOVE: 24 0.10 INCH OR MORE: 12
MIN 32 OR BELOW: 0 0.50 INCH OR MORE: 7
MIN 0 OR BELOW: 0 1.00 INCH OR MORE: 2
[HDD (BASE 65) ]
TOTAL THIS MO. 0 CLEAR (SCALE 0-3) 4
DPTR FM NORMAL 0 PTCLDY (SCALE 4-7) 27
TOTAL FM JUL 1 0 CLOUDY (SCALE 8-10) 0
DPTR FM NORMAL 0
[CDD (BASE 65) ]
TOTAL THIS MO. 572
DPTR FM NORMAL 43 [PRESSURE DATA]
TOTAL FM JAN 1 1781 HIGHEST SLP M ON M
DPTR FM NORMAL 349 LOWEST SLP 29.83 ON 12
[REMARKS]
#FINAL-07-20#