000
CXUS54 KBMX 011010
CF6TOI
PRELIMINARY LOCAL CLIMATOLOGICAL DATA (WS FORM: F-6)
STATION: TROY
MONTH: OCTOBER
YEAR: 2023
LATITUDE: 31 51 N
LONGITUDE: 86 1 W
TEMPERATURE IN F: :PCPN: SNOW: WIND :SUNSHINE: SKY :PK WND
================================================================================
1 2 3 4 5 6A 6B 7 8 9 10 11 12 13 14 15 16 17 18
12Z AVG MX 2MIN
DY MAX MIN AVG DEP HDD CDD WTR SNW DPTH SPD SPD DIR MIN PSBL S-S WX SPD DR
================================================================================
1 89 60 75 4 0 10 0.00 0.0 0 4.2 17 50 M M 0 18 26 50
2 89 57 73 2 0 8 0.00 0.0 0 3.5 15 70 M M 0 1 21 110
3 89 55 72 1 0 7 0.00 0.0 0 2.6 14 100 M M 0 18 19 130
4 90 57 74 4 0 9 0.00 0.0 M 3.1 14 120 M M 0 8 20 100
5 90 62 76 6 0 11 0.00 0.0 M 3.2 13 120 M M 2 17 100
6 90 68 79 9 0 14 T 0.0 M 4.0 10 330 M M 6 15 340
7 80 50 65 -4 0 0 0.00 0.0 M 9.1 21 320 M M 1 27 340
8 77 43 60 -9 5 0 0.00 0.0 0 3.3 16 330 M M 0 21 340
9 82 42 62 -6 3 0 0.00 0.0 0 2.3 12 250 M M 0 17 250
10 87 49 68 0 0 3 0.00 0.0 0 2.0 9 250 M M 0 15 220
11 71 61 66 -2 0 1 1.63 0.0 0 5.5 17 40 M M 6 1 31 50
12 71 62 67 0 0 2 0.63 0.0 M 10.1 18 60 M M 10 18 32 60
13 73 66 70 3 0 5 0.01 0.0 M 3.4 10 50 M M 10 18 14 30
14 82 60 71 5 0 6 0.00 0.0 0 6.4 18 300 M M 5 18 25 290
15 66 53 60 -6 5 0 T 0.0 0 6.8 17 340 M M 8 24 320
16 70 47 59 -7 6 0 0.00 0.0 M 8.7 21 320 M M 4 31 330
17 72 47 60 -5 5 0 0.00 0.0 M 2.5 12 330 M M 2 17 10
18 77 44 61 -4 4 0 0.00 0.0 0 1.1 9 120 M M 0 13 80
19 80 48 64 0 1 0 T M M 1.7 12 200 M M 2 18 230
20 86 56 71 7 0 6 0.00 0.0 M 5.0 17 260 M M 1 29 240
21 83 48 66 2 0 1 0.00 0.0 M 1.2 9 280 M M 0 18 14 280
22 87 56 72 9 0 7 0.00 0.0 M 1.4 9 320 M M 0 18 12 350
23 86 54 70 7 0 5 0.00 0.0 0 3.2 10 50 M M 0 18 15 50
24 84 57 71 9 0 6 0.00 0.0 M 6.1 16 130 M M 0 23 130
25 84 60 72 10 0 7 0.00 0.0 0 5.5 15 140 M M 4 23 140
26 87 64 76 14 0 11 0.00 0.0 0 5.2 15 120 M M 4 22 160
27 86 60 73 12 0 8 0.00 0.0 0 1.5 8 70 M M 3 18 12 340
28 86 56 71 10 0 6 0.00 0.0 0 1.1 10 110 M M 1 18 14 120
29 87 58 73 13 0 8 0.00 0.0 0 2.3 10 220 M M 3 18 15 150
30 86 58 72 12 0 7 0.00 0.0 0 5.8 18 340 M M 4 128 27 340
31 66 47 57 -3 8 0 T 0.0 0 11.6 22 340 M M 5 31 330
================================================================================
SM 2533 1705 37 148 2.27 0.0 133.4 M 81
================================================================================
AV 81.7 55.0 4.3 FASTST M M 3 MAX(MPH)
MISC ----> 22 340 32 60
================================================================================
NOTES:
# LAST OF SEVERAL OCCURRENCES
COLUMN 17 PEAK WIND IN M.P.H.
PRELIMINARY LOCAL CLIMATOLOGICAL DATA (WS FORM: F-6) , PAGE 2
STATION: TROY
MONTH: OCTOBER
YEAR: 2023
LATITUDE: 31 51 N
LONGITUDE: 86 1 W
[TEMPERATURE DATA] [PRECIPITATION DATA] SYMBOLS USED IN COLUMN 16
AVERAGE MONTHLY: 68.4 TOTAL FOR MONTH: 2.27 1 = FOG OR MIST
DPTR FM NORMAL: 2.9 DPTR FM NORMAL: -0.86 2 = FOG REDUCING VISIBILITY
HIGHEST: 90 ON 6, 5 GRTST 24HR 2.24 ON 11-12 TO 1/4 MILE OR LESS
LOWEST: 42 ON 9 3 = THUNDER
SNOW, ICE PELLETS, HAIL 4 = ICE PELLETS
TOTAL MONTH: 0.0 INCH 5 = HAIL
GRTST 24HR 0.0 6 = FREEZING RAIN OR DRIZZLE
GRTST DEPTH: 0 7 = DUSTSTORM OR SANDSTORM:
VSBY 1/2 MILE OR LESS
8 = SMOKE OR HAZE
[NO. OF DAYS WITH] [WEATHER - DAYS WITH] 9 = BLOWING SNOW
X = TORNADO
MAX 32 OR BELOW: 0 0.01 INCH OR MORE: 3
MAX 90 OR ABOVE: 3 0.10 INCH OR MORE: 2
MIN 32 OR BELOW: 0 0.50 INCH OR MORE: 2
MIN 0 OR BELOW: 0 1.00 INCH OR MORE: 1
[HDD (BASE 65) ]
TOTAL THIS MO. 37 CLEAR (SCALE 0-3) 20
DPTR FM NORMAL -54 PTCLDY (SCALE 4-7) 9
TOTAL FM JUL 1 37 CLOUDY (SCALE 8-10) 2
DPTR FM NORMAL -58
[CDD (BASE 65) ]
TOTAL THIS MO. 148
DPTR FM NORMAL 42 [PRESSURE DATA]
TOTAL FM JAN 1 2899 HIGHEST SLP 30.29 ON 25
DPTR FM NORMAL 789 LOWEST SLP 29.64 ON 12
[REMARKS]
#FINAL-10-23#