000
CXUS55 KCYS 120156 CCA
CF6TOR
PRELIMINARY LOCAL CLIMATOLOGICAL DATA (WS FORM: F-6)...CORRECTED
STATION: TORRINGTON WY AIRPORT
MONTH: DECEMBER
YEAR: 2022
LATITUDE: 42 3 N
LONGITUDE: 104 9 W
TEMPERATURE IN F: :PCPN: SNOW: WIND :SUNSHINE: SKY :PK WND
================================================================================
1 2 3 4 5 6A 6B 7 8 9 10 11 12 13 14 15 16 17 18
12Z AVG MX 2MIN
DY MAX MIN AVG DEP HDD CDD WTR SNW DPTH SPD SPD DIR MIN PSBL S-S WX SPD DR
================================================================================
1 39 8 24 -7 41 0 0.00 M M 3.2 12 110 M M 0 14 120
2 45 5 25 -5 40 0 T M M 9.3 37 20 M M 2 46 20
3 44 4 24 -6 41 0 0.00 M M 7.8 14 270 M M 0 18 260
4 48 16 32 2 33 0 0.00 M M 6.2 20 280 M M 2 27 280
5 48 25 37 7 28 0 0.00 M M 6.9 15 80 M M 3 21 100
6 47 25 36 7 29 0 0.00 M M 14.0 32 280 M M 0 46 250
7 48 23 36 7 29 0 0.00 M M 10.1 28 280 M M 1 43 270
8 36 21 29 0 36 0 0.02 M M 6.9 18 290 M M 5 1 27 290
9 41 8 25 -4 40 0 0.00 M M 8.7 22 250 M M 0 37 300
10 45 10 28 -1 37 0 0.00 M M 7.8 16 150 M M 0 22 270
11 51 16 34 6 31 0 0.00 M M 6.8 16 100 M M 0 20 110
12 36 20 28 0 37 0 T M M 11.2 28 330 M M 3 16 37 330
13 20 13 17 -11 48 0 M M M 25.6 36 310 M M 10 169 53 330
14 28 17 23 -5 42 0 T M M 23.8 37 310 M M 9 1 52 310
15 24 18 21 -7 44 0 T M M 26.1 40 320 M M 3 9 59 330
16 27 13 20 -8 45 0 0.00 M M 20.3 36 310 M M 4 57 320
17 32 7 20 -8 45 0 0.00 M M 10.4 23 270 M M 5 31 270
18 29 -1 14 -14 51 0 0.00 M M 6.2 14 20 M M 0 15 10
19 28 -6 11 -17 54 0 0.00 M M 6.4 18 10 M M 0 22 20
20 14 1 8 -20 57 0 0.00 M M 5.9 14 100 M M 4 18 120
21 40 -17 12 -16 53 0 T M M 17.7 39 10 M M 6 8 57 10
22 -6 -19 -12 -40 77 0 T M M 18.8 33 300 M M 1 8 48 310
23 8 -15 -3 -31 68 0 0.00 M M 7.6 22 320 M M 2 29 330
24 39 0 20 -8 45 0 0.00 M M 4.6 10 300 M M 6 15 300
25 45 12 29 1 36 0 0.01 M M 12.8 26 300 M M 5 1 37 300
26 48 20 34 6 31 0 0.00 M M 7.5 22 260 M M 1 30 280
27 59 39 49 21 16 0 0.00 M M 12.4 47 270 M M 1 62 270
28 52 33 43 15 22 0 0.00 M M 14.2 26 260 M M 1 40 260
29 40 23 32 4 33 0 0.00 M M 11.1 24 270 M M 5 31 260
30 47 21 34 6 31 0 0.00 M M 11.6 33 260 M M 0 47 250
31 50 30 40 12 25 0 T M M 6.7 26 270 M M 3 38 280
================================================================================
SM 1152 370 1245 0 0.03 M 348.6 M 82
================================================================================
AV 37.2 11.9 11.2 FASTST M M 3 MAX(MPH)
MISC ----> 47 270 62 270
================================================================================
NOTES:
# LAST OF SEVERAL OCCURRENCES
COLUMN 17 PEAK WIND IN M.P.H.
PRELIMINARY LOCAL CLIMATOLOGICAL DATA (WS FORM: F-6) , PAGE 2
STATION: TORRINGTON WY AIRPORT
MONTH: DECEMBER
YEAR: 2022
LATITUDE: 42 3 N
LONGITUDE: 104 9 W
[TEMPERATURE DATA] [PRECIPITATION DATA] SYMBOLS USED IN COLUMN 16
AVERAGE MONTHLY: 24.5 TOTAL FOR MONTH: 0.03 1 = FOG OR MIST
DPTR FM NORMAL: -3.8 DPTR FM NORMAL: -0.20 2 = FOG REDUCING VISIBILITY
HIGHEST: 59 ON 27 GRTST 24HR 0.02 ON 8- 8 TO 1/4 MILE OR LESS
LOWEST: -19 ON 22 3 = THUNDER
SNOW, ICE PELLETS, HAIL 4 = ICE PELLETS
TOTAL MONTH: M 5 = HAIL
GRTST 24HR M ON M 6 = FREEZING RAIN OR DRIZZLE
GRTST DEPTH: M ON M 7 = DUSTSTORM OR SANDSTORM:
VSBY 1/2 MILE OR LESS
8 = SMOKE OR HAZE
[NO. OF DAYS WITH] [WEATHER - DAYS WITH] 9 = BLOWING SNOW
X = TORNADO
MAX 32 OR BELOW: 10 0.01 INCH OR MORE: 2
MAX 90 OR ABOVE: 0 0.10 INCH OR MORE: 0
MIN 32 OR BELOW: 29 0.50 INCH OR MORE: 0
MIN 0 OR BELOW: 6 1.00 INCH OR MORE: 0
[HDD (BASE 65) ]
TOTAL THIS MO. 1245 CLEAR (SCALE 0-3) 19
DPTR FM NORMAL 109 PTCLDY (SCALE 4-7) 10
TOTAL FM JUL 1 2753 CLOUDY (SCALE 8-10) 2
DPTR FM NORMAL 78
[CDD (BASE 65) ]
TOTAL THIS MO. 0
DPTR FM NORMAL 0 [PRESSURE DATA]
TOTAL FM JAN 1 1016 HIGHEST SLP 30.79 ON 23
DPTR FM NORMAL 291 LOWEST SLP 29.28 ON 28
[REMARKS]
ASOS PRECIPITATION DID NOT ALIGN WITH HUMAN REPORTS OF
SIGNIFICANT SNOW ON: 12/13 ENTERED PRECIPITATION AS MISSING.
MONTHLY PRECIPITATION SHOULD REMAIN MISSING.
#FINAL-12-22#