000
CXUS55 KCYS 011034
CF6TOR
PRELIMINARY LOCAL CLIMATOLOGICAL DATA (WS FORM: F-6)
STATION: TORRINGTON WY AIRPORT
MONTH: APRIL
YEAR: 2020
LATITUDE: 42 3 N
LONGITUDE: 104 9 W
TEMPERATURE IN F: :PCPN: SNOW: WIND :SUNSHINE: SKY :PK WND
================================================================================
1 2 3 4 5 6A 6B 7 8 9 10 11 12 13 14 15 16 17 18
12Z AVG MX 2MIN
DY MAX MIN AVG DEP HDD CDD WTR SNW DPTH SPD SPD DIR MIN PSBL S-S WX SPD DR
================================================================================
1 63 22 43 1 22 0 T M M 12.4 29 50 M M 6 36 40
2 23 7 15 -27 50 0 T M M 11.1 22 360 M M 8 16 30 360
3 44 1 23 -20 42 0 0.00 M M 5.7 21 130 M M 2 30 130
4 63 22 43 0 22 0 0.00 M M 9.8 20 180 M M 3 29 200
5 70 29 50 7 15 0 T M M 8.5 33 260 M M 2 51 260
6 77 28 53 9 12 0 0.00 M M 6.9 26 240 M M 0 44 220
7 74 39 57 13 8 0 0.00 M M 15.3 38 280 M M 0 53 290
8 60 32 46 2 19 0 0.00 M M 9.7 17 10 M M 0 24 340
9 57 25 41 -3 24 0 0.00 M M 8.7 17 10 M M 0 26 350
10 75 25 50 5 15 0 0.00 M M 8.7 30 320 M M 1 57 340
11 66 23 45 0 20 0 0.02 M M 12.5 38 50 M M 4 1 49 70
12 30 17 24 -22 41 0 0.05 M M 12.7 24 360 M M 7 18 30 350
13 34 14 24 -22 41 0 0.00 M M 7.5 20 330 M M 5 29 330
14 48 9 29 -17 36 0 0.00 M M 11.6 31 320 M M 1 43 320
15 51 23 37 -9 28 0 0.01 M M 9.9 26 10 M M 6 37 10
16 30 16 23 -24 42 0 0.23 M M 8.1 21 60 M M 6 1 27 60
17 53 6 30 -17 35 0 0.00 M M 8.5 23 250 M M 0 32 260
18 64 24 44 -4 21 0 0.00 M M 6.2 21 50 M M 1 27 60
19 64 33 49 1 16 0 0.00 M M 9.4 33 330 M M 4 48 320
20 65 29 47 -1 18 0 0.00 M M 9.1 23 320 M M 3 8 35 330
21 75 27 51 2 14 0 0.00 M M 4.6 12 140 M M 1 16 310
22 73 38 56 7 9 0 0.00 M M 11.3 22 330 M M 2 8 33 320
23 71 37 54 5 11 0 0.22 M M 10.0 25 310 M M 5 1 35 300
24 60 39 50 0 15 0 0.01 M M 11.6 23 340 M M 5 38 350
25 64 35 50 0 15 0 T M M 6.5 21 270 M M 1 29 260
26 73 37 55 5 10 0 0.00 M M 7.1 21 310 M M 1 30 330
27 81 37 59 8 6 0 T M M 8.7 29 300 M M 2 3 37 300
28 63 41 52 1 13 0 T M M 15.1 37 330 M M 1 8 52 340
29 74 31 53 2 12 0 0.00 M M 6.5 14 320 M M 0 8 19 320
30 88 42 65 13 0 0 T M M 8.9 29 290 M M 1 38 43 300
================================================================================
SM 1833 788 632 0 0.54 M 282.6 M 78
================================================================================
AV 61.1 26.3 9.4 FASTST M M 3 MAX(MPH)
MISC ----> # 38 280 # 57 340
================================================================================
NOTES:
# LAST OF SEVERAL OCCURRENCES
COLUMN 17 PEAK WIND IN M.P.H.
PRELIMINARY LOCAL CLIMATOLOGICAL DATA (WS FORM: F-6) , PAGE 2
STATION: TORRINGTON WY AIRPORT
MONTH: APRIL
YEAR: 2020
LATITUDE: 42 3 N
LONGITUDE: 104 9 W
[TEMPERATURE DATA] [PRECIPITATION DATA] SYMBOLS USED IN COLUMN 16
AVERAGE MONTHLY: 43.7 TOTAL FOR MONTH: 0.54 1 = FOG OR MIST
DPTR FM NORMAL: -3.0 DPTR FM NORMAL: -1.12 2 = FOG REDUCING VISIBILITY
HIGHEST: 88 ON 30 GRTST 24HR 0.23 ON 16-16 TO 1/4 MILE OR LESS
LOWEST: 1 ON 3 3 = THUNDER
SNOW, ICE PELLETS, HAIL 4 = ICE PELLETS
TOTAL MONTH: M 5 = HAIL
GRTST 24HR M ON M 6 = FREEZING RAIN OR DRIZZLE
GRTST DEPTH: M ON M 7 = DUSTSTORM OR SANDSTORM:
VSBY 1/2 MILE OR LESS
8 = SMOKE OR HAZE
[NO. OF DAYS WITH] [WEATHER - DAYS WITH] 9 = BLOWING SNOW
X = TORNADO
MAX 32 OR BELOW: 3 0.01 INCH OR MORE: 6
MAX 90 OR ABOVE: 0 0.10 INCH OR MORE: 2
MIN 32 OR BELOW: 20 0.50 INCH OR MORE: 0
MIN 0 OR BELOW: 0 1.00 INCH OR MORE: 0
[HDD (BASE 65) ]
TOTAL THIS MO. 632 CLEAR (SCALE 0-3) 20
DPTR FM NORMAL 84 PTCLDY (SCALE 4-7) 9
TOTAL FM JUL 1 6149 CLOUDY (SCALE 8-10) 1
DPTR FM NORMAL -83
[CDD (BASE 65) ]
TOTAL THIS MO. 0
DPTR FM NORMAL -1 [PRESSURE DATA]
TOTAL FM JAN 1 0 HIGHEST SLP 30.41 ON 3
DPTR FM NORMAL -1 LOWEST SLP 29.46 ON 11
[REMARKS]
#FINAL-04-20#