000
CXUS54 KFWD 010833
CF6TPL
PRELIMINARY LOCAL CLIMATOLOGICAL DATA (WS FORM: F-6)
STATION: TEMPLE
MONTH: DECEMBER
YEAR: 2023
LATITUDE: 31 8 N
LONGITUDE: 97 25 W
TEMPERATURE IN F: :PCPN: SNOW: WIND :SUNSHINE: SKY :PK WND
================================================================================
1 2 3 4 5 6A 6B 7 8 9 10 11 12 13 14 15 16 17 18
12Z AVG MX 2MIN
DY MAX MIN AVG DEP HDD CDD WTR SNW DPTH SPD SPD DIR MIN PSBL S-S WX SPD DR
================================================================================
1 64 42 53 1 12 0 0.00 M M 7.2 17 340 M M 1 12 M M
2 68 39 54 3 11 0 0.00 M M 6.3 13 330 M M 2 M M
3 74 38 56 5 9 0 0.00 M M 6.2 14 200 M M 0 M M
4 66 39 53 2 12 0 0.00 M M 5.8 15 340 M M 0 21 340
5 72 33 53 3 12 0 0.00 M M 2.9 7 200 M M 0 M M
6 67 36 52 2 13 0 0.00 M M 6.3 10 130 M M 0 M M
7 72 43 58 8 7 0 0.00 M M 14.0 23 180 M M 3 33 180
8 75 59 67 17 0 2 0.00 M M 16.7 24 180 M M 4 31 190
9 69 47 58 9 7 0 0.00 M M 12.3 18 340 M M 5 1 26 330
10 56 32 44 -5 21 0 0.00 M M 8.9 14 320 M M 0 21 320
11 65 29 47 -2 18 0 0.00 M M 8.3 14 180 M M 0 20 160
12 67 34 51 2 14 0 0.00 M M 6.8 13 110 M M 2 20 130
13 56 47 52 3 13 0 T M M 6.9 12 90 M M 9 M M
14 69 45 57 9 8 0 T M M 8.2 15 120 M M 6 M M
15 57 48 53 5 12 0 0.30 M M 6.8 14 150 M M 9 1 M M
16 62 36 49 1 16 0 0.00 M M 7.7 14 340 M M 0 1 20 320
17 72 30 51 3 14 0 0.00 M M 3.6 10 210 M M 0 1 M M
18 66 38 52 4 13 0 0.00 M M 9.0 15 360 M M 0 24 360
19 66 33 50 2 15 0 0.00 M M 7.7 15 170 M M 0 M M
20 70 47 59 11 6 0 0.00 M M 9.3 15 140 M M 6 M M
21 61 58 60 13 5 0 0.23 M M 8.4 13 130 M M 10 1 M M
22 72 58 65 18 0 0 0.09 M M 7.0 12 150 M M 7 1 M M
23 68 60 64 17 1 0 0.26 M M 9.7 20 140 M M 10 12 25 140
24 71 49 60 13 5 0 1.89 M M 10.8 18 320 M M 6 1 31 330
25 54 36 45 -2 20 0 0.00 M M 11.0 17 310 M M 0 25 330
26 58 27 43 -4 22 0 0.00 M M 6.9 17 180 M M 0 20 170
27 58 31 45 -2 20 0 0.00 M M 6.8 14 300 M M 0 22 330
28 58 34 46 -1 19 0 M M M 5.8 15 320 M M 3 20 320
29 59 31 45 -2 20 0 0.00 M M 9.0 16 270 M M 0 M M
30 67 27 47 0 18 0 0.00 M M 4.3 12 180 M M 0 1 M M
31 72 36 54 7 11 0 0.00 M M 6.7 13 180 M M 0 M M
================================================================================
SM 2031 1242 374 2 2.77 M 247.2 M 83
================================================================================
AV 65.5 40.1 8.0 FASTST M M 3 MAX(MPH)
MISC ----> 24 180 33 180
================================================================================
NOTES:
# LAST OF SEVERAL OCCURRENCES
COLUMN 17 PEAK WIND IN M.P.H.
PRELIMINARY LOCAL CLIMATOLOGICAL DATA (WS FORM: F-6) , PAGE 2
STATION: TEMPLE
MONTH: DECEMBER
YEAR: 2023
LATITUDE: 31 8 N
LONGITUDE: 97 25 W
[TEMPERATURE DATA] [PRECIPITATION DATA] SYMBOLS USED IN COLUMN 16
AVERAGE MONTHLY: 52.8 TOTAL FOR MONTH: 2.77 1 = FOG OR MIST
DPTR FM NORMAL: 4.3 DPTR FM NORMAL: 0.08 2 = FOG REDUCING VISIBILITY
HIGHEST: 75 ON 8 GRTST 24HR 1.89 ON 24-24 TO 1/4 MILE OR LESS
LOWEST: 27 ON 30,26 3 = THUNDER
SNOW, ICE PELLETS, HAIL 4 = ICE PELLETS
TOTAL MONTH: M 5 = HAIL
GRTST 24HR M ON M 6 = FREEZING RAIN OR DRIZZLE
GRTST DEPTH: M ON M 7 = DUSTSTORM OR SANDSTORM:
VSBY 1/2 MILE OR LESS
8 = SMOKE OR HAZE
[NO. OF DAYS WITH] [WEATHER - DAYS WITH] 9 = BLOWING SNOW
X = TORNADO
MAX 32 OR BELOW: 0 0.01 INCH OR MORE: 5
MAX 90 OR ABOVE: 0 0.10 INCH OR MORE: 4
MIN 32 OR BELOW: 7 0.50 INCH OR MORE: 1
MIN 0 OR BELOW: 0 1.00 INCH OR MORE: 1
[HDD (BASE 65) ]
TOTAL THIS MO. 374 CLEAR (SCALE 0-3) 21
DPTR FM NORMAL -142 PTCLDY (SCALE 4-7) 6
TOTAL FM JUL 1 706 CLOUDY (SCALE 8-10) 4
DPTR FM NORMAL -148
[CDD (BASE 65) ]
TOTAL THIS MO. 2
DPTR FM NORMAL -3 [PRESSURE DATA]
TOTAL FM JAN 1 3354 HIGHEST SLP M ON M
DPTR FM NORMAL 852 LOWEST SLP M ON M
[REMARKS]
#FINAL-12-23#