000
CXUS54 KMRX 011130
CF6TRI
PRELIMINARY LOCAL CLIMATOLOGICAL DATA (WS FORM: F-6)
STATION: TRI-CITIES AIRPORT
MONTH: JANUARY
YEAR: 2024
LATITUDE: 36 28 N
LONGITUDE: 82 24 W
TEMPERATURE IN F: :PCPN: SNOW: WIND :SUNSHINE: SKY :PK WND
================================================================================
1 2 3 4 5 6A 6B 7 8 9 10 11 12 13 14 15 16 17 18
12Z AVG MX 2MIN
DY MAX MIN AVG DEP HDD CDD WTR SNW DPTH SPD SPD DIR MIN PSBL S-S WX SPD DR
================================================================================
1 45 34 40 3 25 0 0.00 0.0 0 7.9 17 300 M M 10 24 310
2 43 26 35 -2 30 0 0.00 0.0 0 1.9 8 190 M M 7 11 200
3 42 20 31 -6 34 0 0.06 0.3 T 2.3 8 220 M M 8 1 11 200
4 39 20 30 -7 35 0 0.00 0.0 0 3.6 13 330 M M 7 1 21 360
5 49 16 33 -4 32 0 0.00 0.0 0 1.2 7 70 M M 6 10 60
6 48 34 41 5 24 0 0.55 0.0 0 5.1 16 230 M M 10 1 22 230
7 44 36 40 4 25 0 0.03 T T 11.1 22 230 M M 10 14 29 230
8 54 25 40 4 25 0 T 0.0 0 5.8 15 120 M M 7 30 100
9 57 38 48 12 17 0 0.87 0.0 0 9.8 40 240 M M 9 1 58 250
10 38 24 31 -5 34 0 T T 0 12.8 30 230 M M 8 8 41 240
11 52 20 36 0 29 0 0.00 0.0 0 1.3 13 210 M M 0 M M
12 56 22 39 3 26 0 0.19 0.0 0 5.1 24 130 M M 6 1 45 130
13 47 26 37 1 28 0 T 0.0 0 14.1 38 240 M M 6 1 54 250
14 45 24 35 -1 30 0 T T T 7.5 24 260 M M 4 37 250
15 34 29 32 -4 33 0 0.72 2.3 2 1.3 8 330 M M 10 1 12 330
16 33 11 22 -14 43 0 0.02 0.2 1 7.6 17 280 M M 9 1 23 300
17 23 3 13 -23 52 0 0.00 0.0 1 5.0 16 230 M M 2 20 230
18 33 7 20 -16 45 0 0.03 0.1 1 0.9 10 290 M M 6 1 14 310
19 33 19 26 -10 39 0 0.07 0.2 1 10.4 23 270 M M 10 1 31 280
20 20 8 14 -22 51 0 T T 1 8.8 17 270 M M 7 18 23 270
21 29 11 20 -16 45 0 0.00 0.0 1 1.6 9 290 M M 5 12 290
22 46 11 29 -7 36 0 0.00 0.0 T 0.3 6 210 M M 3 8 290
23 53 25 39 3 26 0 0.00 0.0 T 0.8 6 100 M M 8 8 40
24 70 37 54 18 11 0 T 0.0 0 3.6 17 170 M M 9 26 190
25 65 53 59 23 6 0 0.37 0.0 0 1.2 8 270 M M 9 12 12 160
26 66 46 56 20 9 0 T 0.0 0 6.5 15 250 M M 8 20 250
27 57 40 49 12 16 0 0.28 0.0 0 1.3 13 90 M M 9 12 18 110
28 57 38 48 11 17 0 0.12 0.0 0 14.0 30 250 M M 10 1 43 260
29 47 28 38 1 27 0 0.00 0.0 0 6.6 16 280 M M 7 22 290
30 51 23 37 0 28 0 0.35 0.0 0 1.3 13 270 M M 7 12 17 270
31 44 39 42 5 23 0 0.06 0.0 0 3.0 14 330 M M 10 1 19 330
================================================================================
SM 1420 793 901 0 3.72 3.1 163.7 M 227
================================================================================
AV 45.8 25.6 5.3 FASTST M M 7 MAX(MPH)
MISC ----> 40 240 58 250
================================================================================
NOTES:
# LAST OF SEVERAL OCCURRENCES
COLUMN 17 PEAK WIND IN M.P.H.
PRELIMINARY LOCAL CLIMATOLOGICAL DATA (WS FORM: F-6) , PAGE 2
STATION: TRI-CITIES AIRPORT
MONTH: JANUARY
YEAR: 2024
LATITUDE: 36 28 N
LONGITUDE: 82 24 W
[TEMPERATURE DATA] [PRECIPITATION DATA] SYMBOLS USED IN COLUMN 16
AVERAGE MONTHLY: 35.7 TOTAL FOR MONTH: 3.72 1 = FOG OR MIST
DPTR FM NORMAL: -0.7 DPTR FM NORMAL: 0.07 2 = FOG REDUCING VISIBILITY
HIGHEST: 70 ON 24 GRTST 24HR 2.70 ON 8- 9 TO 1/4 MILE OR LESS
LOWEST: 3 ON 17 3 = THUNDER
SNOW, ICE PELLETS, HAIL 4 = ICE PELLETS
TOTAL MONTH: 3.1 INCHES 5 = HAIL
GRTST 24HR 2.3 ON 15-15 6 = FREEZING RAIN OR DRIZZLE
GRTST DEPTH: 2 ON 15 7 = DUSTSTORM OR SANDSTORM:
VSBY 1/2 MILE OR LESS
8 = SMOKE OR HAZE
[NO. OF DAYS WITH] [WEATHER - DAYS WITH] 9 = BLOWING SNOW
X = TORNADO
MAX 32 OR BELOW: 3 0.01 INCH OR MORE: 14
MAX 90 OR ABOVE: 0 0.10 INCH OR MORE: 8
MIN 32 OR BELOW: 21 0.50 INCH OR MORE: 3
MIN 0 OR BELOW: 0 1.00 INCH OR MORE: 0
[HDD (BASE 65) ]
TOTAL THIS MO. 901 CLEAR (SCALE 0-3) 3
DPTR FM NORMAL 15 PTCLDY (SCALE 4-7) 14
TOTAL FM JUL 1 2304 CLOUDY (SCALE 8-10) 14
DPTR FM NORMAL -231
[CDD (BASE 65) ]
TOTAL THIS MO. 0
DPTR FM NORMAL 0 [PRESSURE DATA]
TOTAL FM JAN 1 0 HIGHEST SLP 30.70 ON 21
DPTR FM NORMAL 0 LOWEST SLP 29.09 ON 9
[REMARKS]
#FINAL-01-24#