000
CXUS56 KSGX 011245
CF6TRM
PRELIMINARY LOCAL CLIMATOLOGICAL DATA (WS FORM: F-6)
STATION: THERMAL AIRPORT CA
MONTH: NOVEMBER
YEAR: 2020
LATITUDE: 33 37 N
LONGITUDE: 116 10 W
TEMPERATURE IN F: :PCPN: SNOW: WIND :SUNSHINE: SKY :PK WND
================================================================================
1 2 3 4 5 6A 6B 7 8 9 10 11 12 13 14 15 16 17 18
12Z AVG MX 2MIN
DY MAX MIN AVG DEP HDD CDD WTR SNW DPTH SPD SPD DIR MIN PSBL S-S WX SPD DR
================================================================================
1 95 56 76 9 0 11 0.00 0.0 0 3.5 8 330 M M 0 10 330
2 96 54 75 8 0 10 0.00 0.0 0 5.1 12 130 M M 0 8 15 140
3 92 53 73 7 0 8 0.00 0.0 0 3.3 9 140 M M 0 8 12 160
4 98 53 76 10 0 11 0.00 0.0 0 4.4 9 360 M M 0 8 11 150
5 98 57 78 13 0 13 0.00 0.0 0 3.2 8 10 M M 0 8 11 20
6 86 54 70 5 0 5 0.00 0.0 0 6.3 18 360 M M 0 8 24 10
7 72 46 59 -5 6 0 T M 0 13.8 37 270 M M 2 8 54 260
8 69 48 59 -5 6 0 T M 0 11.7 36 290 M M 2 8 45 290
9 68 37 53 -11 12 0 0.00 0.0 0 3.9 12 340 M M 0 14 340
10 73 34 54 -9 11 0 0.00 0.0 0 3.9 9 270 M M 0 13 320
11 73 35 54 -9 11 0 0.00 0.0 0 3.5 10 150 M M 0 13 130
12 75 38 57 -5 8 0 0.00 0.0 0 3.5 9 160 M M 0 13 150
13 77 42 60 -2 5 0 0.00 0.0 0 4.7 10 300 M M 0 14 300
14 82 49 66 4 0 1 0.00 0.0 0 5.4 13 330 M M 0 19 320
15 86 42 64 3 1 0 0.00 0.0 0 3.4 9 140 M M 0 10 140
16 89 43 66 5 0 1 0.00 0.0 0 3.6 8 170 M M 0 12 160
17 84 44 64 4 1 0 0.00 0.0 0 3.7 9 140 M M 0 12 120
18 85 45 65 5 0 0 0.00 0.0 0 3.2 9 130 M M 0 13 30
19 85 50 68 9 0 3 0.00 0.0 0 3.3 10 310 M M 0 13 300
20 87 47 67 8 0 2 0.00 0.0 0 2.5 9 360 M M 0 11 360
21 87 48 68 10 0 3 0.00 0.0 0 2.6 9 350 M M 0 10 360
22 83 46 65 7 0 0 0.00 0.0 0 3.0 8 150 M M 0 10 330
23 80 42 61 3 4 0 0.00 0.0 0 6.0 20 320 M M 0 26 330
24 79 44 62 5 3 0 0.00 0.0 0 5.1 14 340 M M 0 19 340
25 M 38 M M M M 0.00 0.0 0 3.7 10 150 M M 0 14 140
26 74 39 57 1 8 0 0.00 0.0 0 9.2 20 310 M M 0 27 290
27 72 41 57 1 8 0 0.00 0.0 0 9.1 18 300 M M 0 24 290
28 75 35 55 -1 10 0 0.00 0.0 0 4.6 9 120 M M 0 13 140
29 80 33 57 1 8 0 0.00 0.0 0 4.2 9 350 M M 0 11 220
30 78 37 58 3 7 0 0.00 0.0 0 4.0 9 130 M M 0 11 150
================================================================================
SM 2378 1330 109 68 T 0.0 147.4 M 4
================================================================================
AV 82.0 44.3 4.9 FASTST M M 0 MAX(MPH)
MISC ----> # 37 270 # 54 260
================================================================================
NOTES:
# LAST OF SEVERAL OCCURRENCES
COLUMN 17 PEAK WIND IN M.P.H.
PRELIMINARY LOCAL CLIMATOLOGICAL DATA (WS FORM: F-6) , PAGE 2
STATION: THERMAL AIRPORT CA
MONTH: NOVEMBER
YEAR: 2020
LATITUDE: 33 37 N
LONGITUDE: 116 10 W
[TEMPERATURE DATA] [PRECIPITATION DATA] SYMBOLS USED IN COLUMN 16
AVERAGE MONTHLY: 63.2 TOTAL FOR MONTH: T 1 = FOG OR MIST
DPTR FM NORMAL: 2.3 DPTR FM NORMAL: -0.23 2 = FOG REDUCING VISIBILITY
HIGHEST: 98 ON 5, 4 GRTST 24HR T ON 8- 8 TO 1/4 MILE OR LESS
LOWEST: 33 ON 29 3 = THUNDER
SNOW, ICE PELLETS, HAIL 4 = ICE PELLETS
TOTAL MONTH: 0.0 INCH 5 = HAIL
GRTST 24HR 0.0 6 = FREEZING RAIN OR DRIZZLE
GRTST DEPTH: 0 7 = DUSTSTORM OR SANDSTORM:
VSBY 1/2 MILE OR LESS
8 = SMOKE OR HAZE
[NO. OF DAYS WITH] [WEATHER - DAYS WITH] 9 = BLOWING SNOW
X = TORNADO
MAX 32 OR BELOW: 0 0.01 INCH OR MORE: 0
MAX 90 OR ABOVE: 5 0.10 INCH OR MORE: 0
MIN 32 OR BELOW: 0 0.50 INCH OR MORE: 0
MIN 0 OR BELOW: 0 1.00 INCH OR MORE: 0
[HDD (BASE 65) ]
TOTAL THIS MO. 109 CLEAR (SCALE 0-3) 30
DPTR FM NORMAL -47 PTCLDY (SCALE 4-7) 0
TOTAL FM JUL 1 114 CLOUDY (SCALE 8-10) 0
DPTR FM NORMAL -53
[CDD (BASE 65) ]
TOTAL THIS MO. 68
DPTR FM NORMAL 35 [PRESSURE DATA]
TOTAL FM JAN 1 4585 HIGHEST SLP 30.19 ON 28
DPTR FM NORMAL 899 LOWEST SLP 29.65 ON 6
[REMARKS]
#FINAL-11-20#