000
CXUS56 KPQR 011301
CF6TTD
PRELIMINARY LOCAL CLIMATOLOGICAL DATA (WS FORM: F-6)
STATION: TROUTDALE OR
MONTH: NOVEMBER
YEAR: 2022
LATITUDE: 45 33 N
LONGITUDE: 122 25 W
TEMPERATURE IN F: :PCPN: SNOW: WIND :SUNSHINE: SKY :PK WND
================================================================================
1 2 3 4 5 6A 6B 7 8 9 10 11 12 13 14 15 16 17 18
12Z AVG MX 2MIN
DY MAX MIN AVG DEP HDD CDD WTR SNW DPTH SPD SPD DIR MIN PSBL S-S WX SPD DR
================================================================================
1 54 41 48 -3 17 0 0.16 M M 4.4 14 200 M M 8 18 190
2 48 42 45 -5 20 0 0.18 M M 4.6 13 220 M M 10 17 200
3 49 43 46 -4 19 0 0.14 M M 2.7 12 220 M M 9 16 250
4 60 45 53 3 12 0 1.80 M M 16.4 28 210 M M 10 37 230
5 57 45 51 1 14 0 0.07 M M 5.6 18 320 M M 10 33 320
6 49 39 44 -5 21 0 0.55 M M 5.5 17 310 M M 10 28 310
7 45 37 41 -8 24 0 0.26 M M 5.2 16 180 M M 10 23 180
8 51 36 44 -5 21 0 0.00 M M 9.7 23 100 M M 3 29 90
9 51 28 40 -9 25 0 0.00 M M 1.2 6 250 M M 4 9 320
10 54 33 44 -4 21 0 0.00 M M 3.1 18 80 M M 3 24 80
11 46 43 45 -3 20 0 T M M 20.3 28 90 M M 7 36 90
12 52 34 43 -5 22 0 0.00 M M 9.2 21 80 M M 4 27 90
13 48 28 38 -10 27 0 0.00 M M 3.5 18 80 M M 1 23 80
14 50 40 45 -2 20 0 0.00 M M 16.0 30 90 M M 0 35 110
15 50 42 46 -1 19 0 0.00 M M 20.9 31 80 M M 0 40 90
16 44 38 41 -6 24 0 0.00 M M 24.8 33 90 M M 0 42 80
17 49 38 44 -3 21 0 0.00 M M 20.6 30 80 M M 0 42 80
18 46 38 42 -4 23 0 0.00 M M 24.3 33 90 M M 0 42 90
19 42 36 39 -7 26 0 0.00 M M 26.2 33 90 M M 0 41 80
20 45 34 40 -6 25 0 0.00 M M 21.1 29 90 M M 0 37 90
21 45 37 41 -5 24 0 0.00 M M 21.9 31 90 M M 7 40 90
22 50 39 45 -1 20 0 0.41 M M 12.3 29 90 M M 9 38 80
23 51 36 44 -1 21 0 0.00 M M 4.8 23 90 M M 6 30 90
24 53 41 47 2 18 0 0.00 M M 21.0 32 90 M M 0 42 80
25 45 34 40 -5 25 0 0.28 M M 3.0 17 110 M M 6 18 25 110
26 51 41 46 2 19 0 0.00 M M 1.6 7 120 M M 10 18 10 260
27 49 42 46 2 19 0 0.51 M M 6.2 24 210 M M 10 18 34 210
28 49 32 41 -3 24 0 0.02 M M 4.6 12 240 M M 8 8 15 230
29 39 29 34 -10 31 0 0.25 M M 7.5 21 70 M M 9 128 26 80
30 49 38 44 0 21 0 0.83 M M 8.1 26 210 M M 10 39 210
================================================================================
SM 1471 1129 643 0 5.46 M 336.3 M 164
================================================================================
AV 49.0 37.6 11.2 FASTST M M 5 MAX(MPH)
MISC ----> # 33 90 # 42 80
================================================================================
NOTES:
# LAST OF SEVERAL OCCURRENCES
COLUMN 17 PEAK WIND IN M.P.H.
PRELIMINARY LOCAL CLIMATOLOGICAL DATA (WS FORM: F-6) , PAGE 2
STATION: TROUTDALE OR
MONTH: NOVEMBER
YEAR: 2022
LATITUDE: 45 33 N
LONGITUDE: 122 25 W
[TEMPERATURE DATA] [PRECIPITATION DATA] SYMBOLS USED IN COLUMN 16
AVERAGE MONTHLY: 43.3 TOTAL FOR MONTH: 5.46 1 = FOG OR MIST
DPTR FM NORMAL: -3.8 DPTR FM NORMAL: -0.37 2 = FOG REDUCING VISIBILITY
HIGHEST: 60 ON 4 GRTST 24HR 1.80 ON 4- 4 TO 1/4 MILE OR LESS
LOWEST: 28 ON 13, 9 3 = THUNDER
SNOW, ICE PELLETS, HAIL 4 = ICE PELLETS
TOTAL MONTH: M 5 = HAIL
GRTST 24HR M ON M 6 = FREEZING RAIN OR DRIZZLE
GRTST DEPTH: M ON M 7 = DUSTSTORM OR SANDSTORM:
VSBY 1/2 MILE OR LESS
8 = SMOKE OR HAZE
[NO. OF DAYS WITH] [WEATHER - DAYS WITH] 9 = BLOWING SNOW
X = TORNADO
MAX 32 OR BELOW: 0 0.01 INCH OR MORE: 13
MAX 90 OR ABOVE: 0 0.10 INCH OR MORE: 11
MIN 32 OR BELOW: 4 0.50 INCH OR MORE: 4
MIN 0 OR BELOW: 0 1.00 INCH OR MORE: 1
[HDD (BASE 65) ]
TOTAL THIS MO. 643 CLEAR (SCALE 0-3) 10
DPTR FM NORMAL 106 PTCLDY (SCALE 4-7) 8
TOTAL FM JUL 1 827 CLOUDY (SCALE 8-10) 12
DPTR FM NORMAL -116
[CDD (BASE 65) ]
TOTAL THIS MO. 0
DPTR FM NORMAL 0 [PRESSURE DATA]
TOTAL FM JAN 1 780 HIGHEST SLP 30.57 ON 16
DPTR FM NORMAL 353 LOWEST SLP 29.45 ON 6
[REMARKS]
#FINAL-11-22#