000
CXUS54 KTSA 011351
CF6TUL
PRELIMINARY LOCAL CLIMATOLOGICAL DATA (WS FORM: F-6)
STATION: TULSA OKLAHOMA
MONTH: JUNE
YEAR: 2023
LATITUDE: 36 12 N
LONGITUDE: 95 54 W
TEMPERATURE IN F: :PCPN: SNOW: WIND :SUNSHINE: SKY :PK WND
================================================================================
1 2 3 4 5 6A 6B 7 8 9 10 11 12 13 14 15 16 17 18
12Z AVG MX 2MIN
DY MAX MIN AVG DEP HDD CDD WTR SNW DPTH SPD SPD DIR MIN PSBL S-S WX SPD DR
================================================================================
1 88 65 77 2 0 12 0.00 0.0 0 7.4 16 160 M M 4 24 170
2 89 67 78 3 0 13 0.00 0.0 0 6.9 17 350 M M 5 22 340
3 84 66 75 0 0 10 1.87 0.0 0 5.4 24 190 M M 6 13 31 200
4 88 66 77 1 0 12 0.00 0.0 0 4.3 12 10 M M 7 16 30
5 91 64 78 2 0 13 0.00 0.0 0 3.5 13 170 M M 4 19 170
6 90 65 78 2 0 13 0.00 0.0 0 3.3 16 190 M M 6 13 25 200
7 91 64 78 2 0 13 0.00 0.0 0 3.7 12 280 M M 3 16 280
8 92 67 80 3 0 15 0.00 0.0 0 3.1 15 170 M M 4 3 21 210
9 94 69 82 5 0 17 0.27 0.0 0 4.3 26 130 M M 6 13 33 130
10 83 66 75 -2 0 10 0.39 0.0 0 6.2 30 330 M M 8 13 40 330
11 86 65 76 -2 0 11 0.16 0.0 0 11.1 23 310 M M 5 13 33 320
12 76 61 69 -9 0 4 0.00 0.0 0 4.4 12 140 M M 8 20 120
13 85 64 75 -3 0 10 0.01 0.0 0 2.7 14 80 M M 6 1 20 80
14 87 63 75 -3 0 10 0.82 0.0 0 4.1 16 40 M M 5 13 24 40
15 89 64 77 -2 0 12 T 0.0 0 5.8 36 270 M M 4 46 250
16 89 64 77 -2 0 12 T 0.0 0 3.6 17 280 M M 5 3 22 280
17 90 66 78 -1 0 13 0.47 0.0 0 8.7 16 180 M M 5 3 23 360
18 85 64 75 -4 0 10 0.17 0.0 0 7.4 26 320 M M 5 13 77 280
19 91 66 79 -1 0 14 0.00 0.0 0 4.9 14 110 M M 1 18 120
20 91 73 82 2 0 17 0.00 0.0 0 7.3 16 140 M M 5 22 110
21 87 73 80 0 0 15 0.07 0.0 0 7.7 36 110 M M 5 13 45 110
22 91 68 80 0 0 15 0.00 0.0 0 4.2 10 100 M M 6 1 14 110
23 90 72 81 1 0 16 0.00 0.0 0 8.8 17 130 M M 6 23 130
24 95 69 82 1 0 17 T 0.0 0 10.8 23 190 M M 4 3 32 190
25 94 73 84 3 0 19 0.00 0.0 0 7.2 17 350 M M 3 21 350
26 93 65 79 -2 0 14 0.00 0.0 0 4.7 10 20 M M 0 22 40
27 86 69 78 -3 0 13 0.01 0.0 0 8.9 26 40 M M 5 3 42 30
28 99 74 87 6 0 22 T 0.0 0 15.8 32 310 M M 4 3 42 310
29 102 81 92 10 0 27 0.00 0.0 0 11.0 20 170 M M 4 8 26 190
30 98 82 90 8 0 25 0.00 0.0 0 12.6 21 180 M M 6 28 180
================================================================================
SM 2694 2035 0 424 4.24 0.0 199.8 M 145
================================================================================
AV 89.8 67.8 6.7 FASTST M M 5 MAX(MPH)
MISC ----> 36 270 77 280
================================================================================
NOTES:
# LAST OF SEVERAL OCCURRENCES
COLUMN 17 PEAK WIND IN M.P.H.
PRELIMINARY LOCAL CLIMATOLOGICAL DATA (WS FORM: F-6) , PAGE 2
STATION: TULSA OKLAHOMA
MONTH: JUNE
YEAR: 2023
LATITUDE: 36 12 N
LONGITUDE: 95 54 W
[TEMPERATURE DATA] [PRECIPITATION DATA] SYMBOLS USED IN COLUMN 16
AVERAGE MONTHLY: 78.8 TOTAL FOR MONTH: 4.24 1 = FOG OR MIST
DPTR FM NORMAL: 0.2 DPTR FM NORMAL: -0.41 2 = FOG REDUCING VISIBILITY
HIGHEST: 102 ON 29 GRTST 24HR 1.87 ON 3- 3 TO 1/4 MILE OR LESS
LOWEST: 61 ON 12 3 = THUNDER
SNOW, ICE PELLETS, HAIL 4 = ICE PELLETS
TOTAL MONTH: 0.0 INCH 5 = HAIL
GRTST 24HR 0.0 6 = FREEZING RAIN OR DRIZZLE
GRTST DEPTH: 0 7 = DUSTSTORM OR SANDSTORM:
VSBY 1/2 MILE OR LESS
8 = SMOKE OR HAZE
[NO. OF DAYS WITH] [WEATHER - DAYS WITH] 9 = BLOWING SNOW
X = TORNADO
MAX 32 OR BELOW: 0 0.01 INCH OR MORE: 10
MAX 90 OR ABOVE: 16 0.10 INCH OR MORE: 7
MIN 32 OR BELOW: 0 0.50 INCH OR MORE: 2
MIN 0 OR BELOW: 0 1.00 INCH OR MORE: 1
[HDD (BASE 65) ]
TOTAL THIS MO. 0 CLEAR (SCALE 0-3) 2
DPTR FM NORMAL -1 PTCLDY (SCALE 4-7) 28
TOTAL FM JUL 1 3328 CLOUDY (SCALE 8-10) 0
DPTR FM NORMAL -122
[CDD (BASE 65) ]
TOTAL THIS MO. 424
DPTR FM NORMAL 17 [PRESSURE DATA]
TOTAL FM JAN 1 671 HIGHEST SLP 30.02 ON 27
DPTR FM NORMAL 11 LOWEST SLP 29.58 ON 15
[REMARKS]
#FINAL-06-23#