000
CXUS54 KTSA 010850
CF6TUL
PRELIMINARY LOCAL CLIMATOLOGICAL DATA (WS FORM: F-6)
STATION: TULSA OKLAHOMA
MONTH: OCTOBER
YEAR: 2023
LATITUDE: 36 12 N
LONGITUDE: 95 54 W
TEMPERATURE IN F: :PCPN: SNOW: WIND :SUNSHINE: SKY :PK WND
================================================================================
1 2 3 4 5 6A 6B 7 8 9 10 11 12 13 14 15 16 17 18
12Z AVG MX 2MIN
DY MAX MIN AVG DEP HDD CDD WTR SNW DPTH SPD SPD DIR MIN PSBL S-S WX SPD DR
================================================================================
1 89 63 76 8 0 11 0.00 0.0 0 5.3 17 170 M M 5 23 170
2 88 66 77 9 0 12 0.00 0.0 0 7.1 17 160 M M 6 1 25 180
3 84 64 74 7 0 9 T 0.0 0 9.4 20 170 M M 7 26 140
4 83 61 72 5 0 7 1.85 0.0 0 9.0 47 290 M M 8 138 66 290
5 82 61 72 6 0 7 0.00 0.0 0 4.9 15 350 M M 4 22 330
6 71 45 58 -8 7 0 0.00 0.0 0 7.2 24 350 M M 5 33 340
7 67 40 54 -12 11 0 0.00 0.0 0 3.9 13 300 M M 0 17 330
8 78 45 62 -3 3 0 0.00 0.0 0 6.4 14 190 M M 0 20 190
9 79 50 65 0 0 0 0.00 0.0 0 4.1 12 360 M M 0 16 360
10 81 49 65 0 0 0 0.00 0.0 0 7.4 15 180 M M 1 1 22 140
11 82 66 74 10 0 9 0.00 0.0 0 16.2 28 170 M M 5 41 170
12 70 62 66 2 0 1 0.00 0.0 0 17.3 26 150 M M 8 38 180
13 70 52 61 -2 4 0 0.69 0.0 0 14.6 23 280 M M 4 13 32 280
14 63 47 55 -8 10 0 0.00 0.0 0 10.4 20 320 M M 7 25 320
15 61 46 54 -9 11 0 T 0.0 0 12.0 21 350 M M 9 29 330
16 67 43 55 -7 10 0 0.00 0.0 0 6.1 16 320 M M 2 8 23 330
17 71 41 56 -6 9 0 0.00 0.0 0 5.8 15 180 M M 2 23 170
18 79 51 65 3 0 0 0.00 0.0 0 9.6 21 170 M M 3 27 190
19 80 48 64 3 1 0 0.00 0.0 0 5.5 15 270 M M 2 20 300
20 85 51 68 7 0 3 0.00 0.0 0 4.0 13 170 M M 1 16 170
21 81 55 68 8 0 3 0.00 0.0 0 3.4 9 10 M M 6 12 180
22 82 53 68 8 0 3 0.00 0.0 0 8.4 17 150 M M 5 25 170
23 81 64 73 13 0 8 T 0.0 0 13.7 25 170 M M 7 35 190
24 73 66 70 11 0 5 0.56 0.0 0 12.2 23 170 M M 10 1 32 160
25 76 67 72 13 0 7 0.62 0.0 0 12.7 22 170 M M 9 1 31 180
26 80 67 74 16 0 9 0.02 0.0 0 14.6 24 180 M M 6 34 170
27 74 50 62 4 3 0 T 0.0 0 11.9 20 340 M M 10 1 26 330
28 50 40 45 -13 20 0 0.27 0.0 0 10.7 17 350 M M 10 18 23 360
29 40 36 38 -19 27 0 0.75 0.0 0 14.7 23 350 M M 10 13 33 350
30 47 29 38 -19 27 0 0.00 0.0 0 9.1 21 330 M M 1 38 340
31 48 25 37 -19 28 0 0.00 0.0 0 8.0 22 350 M M 0 18 31 340
================================================================================
SM 2262 1603 171 94 4.76 0.0 285.6 M 153
================================================================================
AV 73.0 51.7 9.2 FASTST M M 5 MAX(MPH)
MISC ----> 47 290 66 290
================================================================================
NOTES:
# LAST OF SEVERAL OCCURRENCES
COLUMN 17 PEAK WIND IN M.P.H.
PRELIMINARY LOCAL CLIMATOLOGICAL DATA (WS FORM: F-6) , PAGE 2
STATION: TULSA OKLAHOMA
MONTH: OCTOBER
YEAR: 2023
LATITUDE: 36 12 N
LONGITUDE: 95 54 W
[TEMPERATURE DATA] [PRECIPITATION DATA] SYMBOLS USED IN COLUMN 16
AVERAGE MONTHLY: 62.3 TOTAL FOR MONTH: 4.76 1 = FOG OR MIST
DPTR FM NORMAL: 0.0 DPTR FM NORMAL: 0.98 2 = FOG REDUCING VISIBILITY
HIGHEST: 89 ON 1 GRTST 24HR 1.85 ON 4- 4 TO 1/4 MILE OR LESS
LOWEST: 25 ON 31 3 = THUNDER
SNOW, ICE PELLETS, HAIL 4 = ICE PELLETS
TOTAL MONTH: 0.0 INCH 5 = HAIL
GRTST 24HR 0.0 6 = FREEZING RAIN OR DRIZZLE
GRTST DEPTH: 0 7 = DUSTSTORM OR SANDSTORM:
VSBY 1/2 MILE OR LESS
8 = SMOKE OR HAZE
[NO. OF DAYS WITH] [WEATHER - DAYS WITH] 9 = BLOWING SNOW
X = TORNADO
MAX 32 OR BELOW: 0 0.01 INCH OR MORE: 7
MAX 90 OR ABOVE: 0 0.10 INCH OR MORE: 6
MIN 32 OR BELOW: 2 0.50 INCH OR MORE: 5
MIN 0 OR BELOW: 0 1.00 INCH OR MORE: 1
[HDD (BASE 65) ]
TOTAL THIS MO. 171 CLEAR (SCALE 0-3) 10
DPTR FM NORMAL 11 PTCLDY (SCALE 4-7) 14
TOTAL FM JUL 1 171 CLOUDY (SCALE 8-10) 7
DPTR FM NORMAL -6
[CDD (BASE 65) ]
TOTAL THIS MO. 94
DPTR FM NORMAL 20 [PRESSURE DATA]
TOTAL FM JAN 1 2295 HIGHEST SLP 30.53 ON 31
DPTR FM NORMAL 176 LOWEST SLP 29.54 ON 12
[REMARKS]
#FINAL-10-23#