000
CXUS54 KJAN 190842
CF6TVR
PRELIMINARY LOCAL CLIMATOLOGICAL DATA (WS FORM: F-6)
STATION: VICKSBURG
MONTH: JULY
YEAR: 2023
LATITUDE: 32 20 N
LONGITUDE: 91 2 W
TEMPERATURE IN F: :PCPN: SNOW: WIND :SUNSHINE: SKY :PK WND
================================================================================
1 2 3 4 5 6A 6B 7 8 9 10 11 12 13 14 15 16 17 18
12Z AVG MX 2MIN
DY MAX MIN AVG DEP HDD CDD WTR SNW DPTH SPD SPD DIR MIN PSBL S-S WX SPD DR
================================================================================
1 96 77 87 5 0 22 0.00 0.0 0 1.9 12 170 M M 1 1 15 170
2 95 78 87 5 0 22 T 0.0 0 1.2 9 180 M M 1 1 14 210
3 94 76 85 3 0 20 0.00 0.0 0 3.2 12 70 M M 0 1 19 60
4 93 74 84 2 0 19 1.19 0.0 0 2.5 14 310 M M 2 123 23 300
5 93 75 84 2 0 19 0.00 0.0 0 1.8 14 180 M M 0 13 19 170
6 94 73 84 2 0 19 0.29 0.0 0 1.1 21 20 M M 2 13 29 10
7 91 74 83 1 0 18 0.00 0.0 0 0.6 6 320 M M 3 9 280
8 93 74 84 1 0 19 0.49 0.0 0 2.0 14 290 M M 1 13 31 280
9 92 75 84 1 0 19 0.10 0.0 0 2.4 15 20 M M 6 13 21 290
10 88 74 81 -2 0 16 0.00 0.0 0 2.5 10 20 M M 6 1 14 20
11 88 74 81 -2 0 16 T 0.0 0 3.1 15 320 M M 4 13 27 310
12 91 75 83 0 0 18 T 0.0 0 2.5 8 170 M M 5 1 12 260
13 93 78 86 3 0 21 0.00 0.0 0 1.9 10 190 M M 2 21 280
14 94 79 87 4 0 22 0.00 0.0 0 2.8 8 180 M M 1 13 180
15 94 72 83 0 0 18 0.50 0.0 0 2.7 20 360 M M 2 13 34 340
16 94 72 83 0 0 18 0.04 0.0 0 2.4 12 300 M M 3 3 27 300
17 93 72 83 0 0 18 0.00 0.0 0 1.8 9 180 M M 1 13 170
18 95 76 86 3 0 21 0.00 0.0 0 2.4 13 170 M M 0 M M
19 M M M M M M 0.00 0.0 0 6.0 13 230 M M 0 17 230
20 95 79 87 4 0 22 0.00 0.0 0 0.7 10 160 M M 0 14 170
21 97 78 88 5 0 23 T 0.0 0 1.8 8 170 M M 0 12 260
22 91 73 82 -1 0 17 0.00 0.0 0 5.2 14 360 M M 3 19 20
23 91 68 80 -3 0 15 0.00 0.0 0 3.0 13 40 M M 0 19 40
24 94 67 81 -2 0 16 0.00 0.0 0 1.8 7 40 M M 0 11 40
25 95 67 81 -2 0 16 0.00 0.0 0 1.5 10 150 M M 0 1 14 150
26 96 69 83 0 0 18 0.00 0.0 0 0.9 8 150 M M 1 13 170
27 98 71 85 2 0 20 0.00 0.0 0 1.0 12 150 M M 0 15 160
28 99 72 86 3 0 21 0.00 0.0 0 1.4 12 170 M M 1 3 16 170
29 99 74 87 4 0 22 T 0.0 0 0.5 7 310 M M 1 3 13 340
30 101 73 87 4 0 22 0.00 0.0 0 1.4 9 20 M M 0 14 20
31 99 76 88 5 0 23 0.00 0.0 0 3.1 14 350 M M 1 3 21 360
================================================================================
SM 2826 2215 0 580 2.61 0.0 67.1 M 47
================================================================================
AV 94.2 73.8 2.2 FASTST M M 2 MAX(MPH)
MISC ----> 21 20 34 340
================================================================================
NOTES:
# LAST OF SEVERAL OCCURRENCES
COLUMN 17 PEAK WIND IN M.P.H.
PRELIMINARY LOCAL CLIMATOLOGICAL DATA (WS FORM: F-6) , PAGE 2
STATION: VICKSBURG
MONTH: JULY
YEAR: 2023
LATITUDE: 32 20 N
LONGITUDE: 91 2 W
[TEMPERATURE DATA] [PRECIPITATION DATA] SYMBOLS USED IN COLUMN 16
AVERAGE MONTHLY: 84.0 TOTAL FOR MONTH: 2.61 1 = FOG OR MIST
DPTR FM NORMAL: 1.2 DPTR FM NORMAL: -1.44 2 = FOG REDUCING VISIBILITY
HIGHEST: 101 ON 30 GRTST 24HR 1.19 ON 4- 4 TO 1/4 MILE OR LESS
LOWEST: 67 ON 25,24 3 = THUNDER
SNOW, ICE PELLETS, HAIL 4 = ICE PELLETS
TOTAL MONTH: 0.0 INCH 5 = HAIL
GRTST 24HR 0.0 6 = FREEZING RAIN OR DRIZZLE
GRTST DEPTH: 0 7 = DUSTSTORM OR SANDSTORM:
VSBY 1/2 MILE OR LESS
8 = SMOKE OR HAZE
[NO. OF DAYS WITH] [WEATHER - DAYS WITH] 9 = BLOWING SNOW
X = TORNADO
MAX 32 OR BELOW: 0 0.01 INCH OR MORE: 6
MAX 90 OR ABOVE: 28 0.10 INCH OR MORE: 5
MIN 32 OR BELOW: 0 0.50 INCH OR MORE: 2
MIN 0 OR BELOW: 0 1.00 INCH OR MORE: 1
[HDD (BASE 65) ]
TOTAL THIS MO. 0 CLEAR (SCALE 0-3) 26
DPTR FM NORMAL 0 PTCLDY (SCALE 4-7) 5
TOTAL FM JUL 1 0 CLOUDY (SCALE 8-10) 0
DPTR FM NORMAL 0
[CDD (BASE 65) ]
TOTAL THIS MO. 580
DPTR FM NORMAL 27 [PRESSURE DATA]
TOTAL FM JAN 1 1549 HIGHEST SLP 30.19 ON 25
DPTR FM NORMAL 82 LOWEST SLP 29.91 ON 22
[REMARKS]
#FINAL-07-23#