462
CXUS54 KJAN 012226
CF6TVR
PRELIMINARY LOCAL CLIMATOLOGICAL DATA (WS FORM: F-6)
STATION: VICKSBURG
MONTH: SEPTEMBER
YEAR: 2020
LATITUDE: 32 20 N
LONGITUDE: 91 2 W
TEMPERATURE IN F: :PCPN: SNOW: WIND :SUNSHINE: SKY :PK WND
================================================================================
1 2 3 4 5 6A 6B 7 8 9 10 11 12 13 14 15 16 17 18
12Z AVG MX 2MIN
DY MAX MIN AVG DEP HDD CDD WTR SNW DPTH SPD SPD DIR MIN PSBL S-S WX SPD DR
================================================================================
1 95 78 87 8 0 22 0.03 0.0 0 7.0 18 170 M M 2 18 27 170
2 94 78 86 7 0 21 0.00 0.0 0 7.1 18 170 M M 2 1 24 170
3 94 76 85 7 0 20 0.00 0.0 0 3.2 12 170 M M 2 1 18 170
4 97 73 85 7 0 20 0.00 0.0 0 4.2 12 360 M M 0 1 18 20
5 94 72 83 5 0 18 0.00 0.0 0 5.9 14 20 M M 0 21 10
6 96 67 82 4 0 17 0.00 0.0 0 2.9 9 20 M M 0 14 50
7 95 67 81 3 0 16 0.00 0.0 0 2.6 10 80 M M 0 16 60
8 95 68 82 5 0 17 0.00 0.0 0 3.5 10 140 M M 0 18 120
9 95 76 86 9 0 21 0.00 0.0 0 4.7 10 80 M M 2 18 150
10 94 70 82 5 0 17 0.00 0.0 0 2.8 14 30 M M 0 1 20 10
11 94 71 83 6 0 18 T 0.0 0 5.3 13 110 M M 2 20 20
12 94 74 84 8 0 19 T 0.0 0 2.2 15 340 M M 3 3 23 360
13 93 74 84 8 0 19 T 0.0 0 5.8 14 20 M M 0 3 17 40
14 94 77 86 10 0 21 T 0.0 0 9.2 20 20 M M 4 26 40
15 95 75 85 10 0 20 T 0.0 0 9.8 18 30 M M 1 24 30
16 91 74 83 8 0 18 T 0.0 0 10.1 15 40 M M 2 22 40
17 92 72 82 7 0 17 0.00 0.0 0 7.8 17 360 M M 1 26 350
18 87 67 77 2 0 12 0.00 0.0 0 8.9 15 40 M M 0 22 40
19 81 66 74 0 0 9 0.00 0.0 0 10.2 16 10 M M 1 23 40
20 87 66 77 3 0 12 0.00 0.0 0 10.1 18 70 M M 2 27 60
21 78 69 74 0 0 9 T 0.0 0 11.0 18 100 M M 6 24 80
22 80 69 75 2 0 10 0.07 0.0 0 9.8 17 120 M M 7 1 24 120
23 74 69 72 -1 0 7 1.92 0.0 0 11.0 18 30 M M 10 1 25 30
24 73 66 70 -3 0 5 0.58 0.0 0 6.1 15 40 M M 10 1 23 10
25 74 67 71 -1 0 6 0.03 0.0 0 1.6 7 360 M M 9 18 9 350
26 83 67 75 3 0 10 0.01 0.0 0 1.6 8 160 M M 6 1 12 160
27 87 67 77 5 0 12 0.00 0.0 0 3.5 12 160 M M 3 1 16 M
28 78 60 69 -3 0 4 0.02 0.0 0 5.8 16 310 M M 5 1 28 320
29 79 51 65 -6 0 0 0.00 0.0 0 4.4 13 360 M M 0 20 280
30 84 49 67 -4 0 2 0.00 0.0 0 3.2 12 180 M M 0 1 17 180
================================================================================
SM 2647 2075 0 419 2.66 0.0 181.3 M 80
================================================================================
AV 88.2 69.2 6.0 FASTST M M 3 MAX(MPH)
MISC ----> # 20 20 # 28 320
================================================================================
NOTES:
# LAST OF SEVERAL OCCURRENCES
COLUMN 17 PEAK WIND IN M.P.H.
PRELIMINARY LOCAL CLIMATOLOGICAL DATA (WS FORM: F-6) , PAGE 2
STATION: VICKSBURG
MONTH: SEPTEMBER
YEAR: 2020
LATITUDE: 32 20 N
LONGITUDE: 91 2 W
[TEMPERATURE DATA] [PRECIPITATION DATA] SYMBOLS USED IN COLUMN 16
AVERAGE MONTHLY: 78.7 TOTAL FOR MONTH: 2.66 1 = FOG OR MIST
DPTR FM NORMAL: 3.6 DPTR FM NORMAL: -0.23 2 = FOG REDUCING VISIBILITY
HIGHEST: 97 ON 4 GRTST 24HR 1.92 ON 23-23 TO 1/4 MILE OR LESS
LOWEST: 49 ON 30 3 = THUNDER
SNOW, ICE PELLETS, HAIL 4 = ICE PELLETS
TOTAL MONTH: 0.0 INCH 5 = HAIL
GRTST 24HR 0.0 6 = FREEZING RAIN OR DRIZZLE
GRTST DEPTH: 0 7 = DUSTSTORM OR SANDSTORM:
VSBY 1/2 MILE OR LESS
8 = SMOKE OR HAZE
[NO. OF DAYS WITH] [WEATHER - DAYS WITH] 9 = BLOWING SNOW
X = TORNADO
MAX 32 OR BELOW: 0 0.01 INCH OR MORE: 7
MAX 90 OR ABOVE: 17 0.10 INCH OR MORE: 2
MIN 32 OR BELOW: 0 0.50 INCH OR MORE: 2
MIN 0 OR BELOW: 0 1.00 INCH OR MORE: 1
[HDD (BASE 65) ]
TOTAL THIS MO. 0 CLEAR (SCALE 0-3) 21
DPTR FM NORMAL -5 PTCLDY (SCALE 4-7) 6
TOTAL FM JUL 1 0 CLOUDY (SCALE 8-10) 3
DPTR FM NORMAL -5
[CDD (BASE 65) ]
TOTAL THIS MO. 419
DPTR FM NORMAL 111 [PRESSURE DATA]
TOTAL FM JAN 1 2585 HIGHEST SLP M ON M
DPTR FM NORMAL 488 LOWEST SLP 29.62 ON 24
[REMARKS]
#FINAL-09-20#