000
CXUS56 KPQR 011201
CF6UAO
PRELIMINARY LOCAL CLIMATOLOGICAL DATA (WS FORM: F-6)
STATION: AURORA STATE OR
MONTH: JULY
YEAR: 2023
LATITUDE: 45 15 N
LONGITUDE: 122 46 W
TEMPERATURE IN F: :PCPN: SNOW: WIND :SUNSHINE: SKY :PK WND
================================================================================
1 2 3 4 5 6A 6B 7 8 9 10 11 12 13 14 15 16 17 18
12Z AVG MX 2MIN
DY MAX MIN AVG DEP HDD CDD WTR SNW DPTH SPD SPD DIR MIN PSBL S-S WX SPD DR
================================================================================
1 86 51 69 2 0 4 0.00 M M 5.8 15 20 M M 0 20 20
2 86 54 70 3 0 5 0.00 M M 7.3 16 360 M M 0 8 21 350
3 89 54 72 5 0 7 0.00 M M 5.6 15 20 M M 0 21 360
4 95 57 76 8 0 11 0.00 M M 7.2 16 10 M M 0 20 360
5 97 60 79 11 0 14 0.00 M M 5.1 16 10 M M 0 22 340
6 89 58 74 6 0 9 0.00 M M 4.1 12 250 M M 0 15 210
7 79 53 66 -2 0 1 0.00 M M 3.6 10 250 M M 2 15 270
8 77 54 66 -2 0 1 0.00 M M 2.5 10 350 M M 5 14 360
9 83 52 68 -1 0 3 0.00 M M 3.5 13 260 M M 1 17 250
10 73 51 62 -7 3 0 0.00 M M 5.0 9 40 M M 8 14 350
11 83 58 71 2 0 6 0.00 M M 2.9 9 360 M M 4 13 10
12 85 57 71 2 0 6 0.00 M M 2.6 10 360 M M 1 13 360
13 87 59 73 3 0 8 0.00 M M 4.4 10 40 M M 0 16 30
14 93 60 77 7 0 12 0.00 M M 5.0 13 30 M M 0 17 360
15 97 60 79 9 0 14 0.00 M M 5.5 15 330 M M 0 21 340
16 92 59 76 6 0 11 0.00 M M 4.3 14 330 M M 0 20 340
17 79 55 67 -3 0 2 T M M 5.7 14 360 M M 5 20 360
18 88 54 71 1 0 6 0.00 M M 9.1 16 360 M M 0 20 10
19 95 58 77 7 0 12 0.00 M M 4.1 12 250 M M 0 8 15 260
20 86 58 72 2 0 7 0.00 M M 4.6 10 250 M M 1 14 200
21 89 57 73 2 0 8 0.00 M M 2.9 12 10 M M 1 16 40
22 91 57 74 3 0 9 0.00 M M 3.4 15 10 M M 0 18 20
23 88 60 74 3 0 9 0.00 M M 4.3 14 250 M M 0 18 250
24 78 53 66 -5 0 1 T M M 4.7 12 240 M M 4 16 240
25 80 61 71 0 0 6 0.07 M M 6.0 13 350 M M 6 18 19 350
26 84 54 69 -2 0 4 0.00 M M 5.5 13 10 M M 0 15 40
27 84 54 69 -2 0 4 0.00 M M 3.0 12 40 M M 0 14 40
28 84 55 70 -1 0 5 0.00 M M 3.6 10 340 M M 0 15 30
29 82 53 68 -3 0 3 0.00 M M 3.2 15 340 M M 1 20 340
30 82 57 70 -1 0 5 0.00 M M 5.6 12 340 M M 0 18 360
31 85 55 70 -1 0 5 0.00 M M 5.8 14 340 M M 0 18 350
================================================================================
SM 2666 1738 3 198 0.07 M 145.9 M 39
================================================================================
AV 86.0 56.1 4.7 FASTST M M 1 MAX(MPH)
MISC ----> # 16 360 22 340
================================================================================
NOTES:
# LAST OF SEVERAL OCCURRENCES
COLUMN 17 PEAK WIND IN M.P.H.
PRELIMINARY LOCAL CLIMATOLOGICAL DATA (WS FORM: F-6) , PAGE 2
STATION: AURORA STATE OR
MONTH: JULY
YEAR: 2023
LATITUDE: 45 15 N
LONGITUDE: 122 46 W
[TEMPERATURE DATA] [PRECIPITATION DATA] SYMBOLS USED IN COLUMN 16
AVERAGE MONTHLY: 71.0 TOTAL FOR MONTH: 0.07 1 = FOG OR MIST
DPTR FM NORMAL: 1.4 DPTR FM NORMAL: -0.36 2 = FOG REDUCING VISIBILITY
HIGHEST: 97 ON 15, 5 GRTST 24HR 0.07 ON 24-25 TO 1/4 MILE OR LESS
LOWEST: 51 ON 10, 1 3 = THUNDER
SNOW, ICE PELLETS, HAIL 4 = ICE PELLETS
TOTAL MONTH: M 5 = HAIL
GRTST 24HR M ON M 6 = FREEZING RAIN OR DRIZZLE
GRTST DEPTH: M ON M 7 = DUSTSTORM OR SANDSTORM:
VSBY 1/2 MILE OR LESS
8 = SMOKE OR HAZE
[NO. OF DAYS WITH] [WEATHER - DAYS WITH] 9 = BLOWING SNOW
X = TORNADO
MAX 32 OR BELOW: 0 0.01 INCH OR MORE: 1
MAX 90 OR ABOVE: 7 0.10 INCH OR MORE: 0
MIN 32 OR BELOW: 0 0.50 INCH OR MORE: 0
MIN 0 OR BELOW: 0 1.00 INCH OR MORE: 0
[HDD (BASE 65) ]
TOTAL THIS MO. 3 CLEAR (SCALE 0-3) 25
DPTR FM NORMAL -10 PTCLDY (SCALE 4-7) 5
TOTAL FM JUL 1 3 CLOUDY (SCALE 8-10) 1
DPTR FM NORMAL -6
[CDD (BASE 65) ]
TOTAL THIS MO. 198
DPTR FM NORMAL 42 [PRESSURE DATA]
TOTAL FM JAN 1 348 HIGHEST SLP 30.21 ON 25
DPTR FM NORMAL 122 LOWEST SLP 29.80 ON 5
[REMARKS]
#FINAL-07-23#