000
CXUS56 KPQR 011155
CF6UAO
PRELIMINARY LOCAL CLIMATOLOGICAL DATA (WS FORM: F-6)
STATION: AURORA STATE OR
MONTH: OCTOBER
YEAR: 2022
LATITUDE: 45 15 N
LONGITUDE: 122 46 W
TEMPERATURE IN F: :PCPN: SNOW: WIND :SUNSHINE: SKY :PK WND
================================================================================
1 2 3 4 5 6A 6B 7 8 9 10 11 12 13 14 15 16 17 18
12Z AVG MX 2MIN
DY MAX MIN AVG DEP HDD CDD WTR SNW DPTH SPD SPD DIR MIN PSBL S-S WX SPD DR
================================================================================
1 86 58 72 12 0 7 0.00 M M 10.5 20 10 M M 0 23 20
2 88 51 70 10 0 5 0.00 M M 2.9 10 360 M M 0 11 360
3 79 51 65 6 0 0 0.00 M M 1.1 6 190 M M 0 8 260
4 67 49 58 -1 7 0 0.00 M M 1.2 7 170 M M 4 12 9 110
5 68 52 60 1 5 0 0.00 M M 2.6 8 80 M M 6 128 11 80
6 71 49 60 2 5 0 0.00 M M 1.4 8 180 M M 5 128 12 180
7 79 49 64 6 1 0 0.00 M M 0.5 5 200 M M 5 128 7 70
8 87 48 68 10 0 3 0.00 M M 1.7 10 10 M M 4 12 14 10
9 86 49 68 11 0 3 0.00 M M 1.8 9 10 M M 0 1 13 360
10 80 50 65 8 0 0 0.00 M M 3.6 14 350 M M 2 18 18 340
11 72 52 62 6 3 0 0.00 M M 4.6 12 10 M M 3 8 17 350
12 80 46 63 7 2 0 0.00 M M 1.6 10 30 M M 0 14 30
13 83 45 64 8 1 0 0.00 M M 1.5 8 360 M M 0 18 10 10
14 83 44 64 9 1 0 0.00 M M 3.7 13 20 M M 0 18 16 20
15 90 53 72 17 0 7 0.00 M M 10.5 21 40 M M 0 8 28 60
16 79 50 65 10 0 0 0.00 M M 5.7 14 190 M M 0 8 18 190
17 70 47 59 5 6 0 0.00 M M 0.5 7 340 M M 2 18 9 340
18 73 43 58 4 7 0 0.00 M M 1.2 7 40 M M 2 128 10 30
19 77 44 61 7 4 0 0.00 M M 1.6 9 10 M M 1 128 12 10
20 69 44 57 4 8 0 0.00 M M 0.9 8 150 M M 1 18 10 340
21 56 42 49 -4 16 0 0.53 M M 3.3 17 200 M M 7 18 25 180
22 61 46 54 1 11 0 0.24 M M 4.6 10 250 M M 8 1 15 230
23 59 43 51 -1 14 0 0.00 M M 4.3 10 160 M M 6 15 150
24 56 47 52 0 13 0 0.24 M M 7.4 18 200 M M 8 1 27 210
25 57 45 51 -1 14 0 0.62 M M 7.3 18 190 M M 8 1 27 240
26 56 43 50 -2 15 0 0.01 M M 4.3 12 190 M M 6 14 200
27 61 39 50 -1 15 0 0.00 M M 2.2 12 180 M M 1 1 15 200
28 54 44 49 -2 16 0 0.45 M M 2.5 8 100 M M 8 1 11 280
29 59 52 56 5 9 0 0.20 M M 2.0 7 360 M M 10 1 10 340
30 59 50 55 5 10 0 0.01 M M 5.9 16 190 M M 10 1 23 190
31 57 48 53 3 12 0 0.61 M M 8.4 20 190 M M 10 1 26 190
================================================================================
SM 2202 1473 195 25 2.91 M 111.3 M 117
================================================================================
AV 71.0 47.5 3.6 FASTST M M 4 MAX(MPH)
MISC ----> 21 40 28 60
================================================================================
NOTES:
# LAST OF SEVERAL OCCURRENCES
COLUMN 17 PEAK WIND IN M.P.H.
PRELIMINARY LOCAL CLIMATOLOGICAL DATA (WS FORM: F-6) , PAGE 2
STATION: AURORA STATE OR
MONTH: OCTOBER
YEAR: 2022
LATITUDE: 45 15 N
LONGITUDE: 122 46 W
[TEMPERATURE DATA] [PRECIPITATION DATA] SYMBOLS USED IN COLUMN 16
AVERAGE MONTHLY: 59.3 TOTAL FOR MONTH: 2.91 1 = FOG OR MIST
DPTR FM NORMAL: 4.4 DPTR FM NORMAL: -0.79 2 = FOG REDUCING VISIBILITY
HIGHEST: 90 ON 15 GRTST 24HR 0.70 ON 21-22 TO 1/4 MILE OR LESS
LOWEST: 39 ON 27 3 = THUNDER
SNOW, ICE PELLETS, HAIL 4 = ICE PELLETS
TOTAL MONTH: M 5 = HAIL
GRTST 24HR M ON M 6 = FREEZING RAIN OR DRIZZLE
GRTST DEPTH: M ON M 7 = DUSTSTORM OR SANDSTORM:
VSBY 1/2 MILE OR LESS
8 = SMOKE OR HAZE
[NO. OF DAYS WITH] [WEATHER - DAYS WITH] 9 = BLOWING SNOW
X = TORNADO
MAX 32 OR BELOW: 0 0.01 INCH OR MORE: 9
MAX 90 OR ABOVE: 1 0.10 INCH OR MORE: 7
MIN 32 OR BELOW: 0 0.50 INCH OR MORE: 3
MIN 0 OR BELOW: 0 1.00 INCH OR MORE: 0
[HDD (BASE 65) ]
TOTAL THIS MO. 195 CLEAR (SCALE 0-3) 16
DPTR FM NORMAL -122 PTCLDY (SCALE 4-7) 10
TOTAL FM JUL 1 218 CLOUDY (SCALE 8-10) 5
DPTR FM NORMAL -194
[CDD (BASE 65) ]
TOTAL THIS MO. 25
DPTR FM NORMAL 21 [PRESSURE DATA]
TOTAL FM JAN 1 634 HIGHEST SLP 30.32 ON 29
DPTR FM NORMAL 178 LOWEST SLP 29.56 ON 21
[REMARKS]
#FINAL-10-22#