000
CXUS53 KLSX 011400
CF6UIN
PRELIMINARY LOCAL CLIMATOLOGICAL DATA (WS FORM: F-6)
STATION: QUINCY IL
MONTH: JULY
YEAR: 2023
LATITUDE: 39 57 N
LONGITUDE: 91 12 W
TEMPERATURE IN F: :PCPN: SNOW: WIND :SUNSHINE: SKY :PK WND
================================================================================
1 2 3 4 5 6A 6B 7 8 9 10 11 12 13 14 15 16 17 18
12Z AVG MX 2MIN
DY MAX MIN AVG DEP HDD CDD WTR SNW DPTH SPD SPD DIR MIN PSBL S-S WX SPD DR
================================================================================
1 83 68 76 0 0 11 1.75 0.0 0 6.7 44 280 M M 5 123 62 290
2 83 68 76 0 0 11 0.00 0.0 0 7.8 20 330 M M 6 1 28 340
3 89 65 77 1 0 12 0.00 0.0 0 4.4 12 50 M M 1 1 16 250
4 91 68 80 4 0 15 0.00 0.0 0 5.6 16 180 M M 0 3 25 180
5 86 71 79 3 0 14 T 0.0 0 7.9 18 350 M M 2 38 23 340
6 78 63 71 -5 0 6 0.00 0.0 0 7.5 16 320 M M 0 22 310
7 78 58 68 -8 0 3 0.09 0.0 0 5.6 10 130 M M 4 3 14 100
8 76 62 69 -7 0 4 0.00 0.0 0 7.2 18 20 M M 7 1 22 30
9 83 59 71 -5 0 6 0.00 0.0 0 4.3 10 300 M M 0 16 330
10 87 61 74 -2 0 9 0.00 0.0 0 4.6 12 260 M M 0 15 250
11 93 63 78 2 0 13 0.00 0.0 0 6.4 13 220 M M 1 17 220
12 90 72 81 5 0 16 0.10 0.0 0 9.2 33 310 M M 1 8 47 310
13 88 69 79 3 0 14 0.00 0.0 0 5.1 14 330 M M 3 18 330
14 93 67 80 4 0 15 0.48 0.0 0 4.8 29 220 M M 2 13 43 220
15 85 67 76 0 0 11 0.00 0.0 0 6.9 17 300 M M 4 18 23 320
16 83 65 74 -2 0 9 0.00 0.0 0 7.4 17 280 M M 2 18 26 270
17 83 65 74 -2 0 9 0.49 0.0 0 5.9 20 310 M M 1 138 43 290
18 80 63 72 -4 0 7 0.00 0.0 0 5.7 12 70 M M 3 8 15 90
19 87 65 76 0 0 11 0.00 0.0 0 5.6 13 130 M M 4 18 110
20 89 67 78 2 0 13 0.00 0.0 0 7.5 17 330 M M 2 1 24 340
21 81 61 71 -5 0 6 0.00 0.0 0 5.1 15 10 M M 1 18 30
22 86 58 72 -4 0 7 T 0.0 0 3.3 18 230 M M 1 3 27 230
23 92 62 77 1 0 12 0.00 0.0 0 6.0 15 260 M M 1 3 21 210
24 91 67 79 3 0 14 0.00 0.0 0 3.6 9 60 M M 0 1 13 60
25 93 69 81 5 0 16 0.00 0.0 0 7.4 14 250 M M 1 20 160
26 100 79 90 14 0 25 0.00 0.0 0 11.1 22 240 M M 0 29 250
27 100 74 87 11 0 22 0.00 0.0 0 4.3 12 210 M M 1 18 210
28 103 77 90 14 0 25 0.00 0.0 0 10.4 18 40 M M 0 27 210
29 93 70 82 6 0 17 0.00 0.0 0 8.3 20 50 M M 1 3 24 50
30 90 65 78 2 0 13 0.00 0.0 0 6.3 12 20 M M 0 1 18 40
31 81 68 75 -1 0 10 0.00 0.0 0 6.8 13 130 M M 4 17 170
================================================================================
SM 2715 2056 0 376 2.91 0.0 198.7 M 58
================================================================================
AV 87.6 66.3 6.4 FASTST M M 2 MAX(MPH)
MISC ----> 44 280 62 290
================================================================================
NOTES:
# LAST OF SEVERAL OCCURRENCES
COLUMN 17 PEAK WIND IN M.P.H.
PRELIMINARY LOCAL CLIMATOLOGICAL DATA (WS FORM: F-6) , PAGE 2
STATION: QUINCY IL
MONTH: JULY
YEAR: 2023
LATITUDE: 39 57 N
LONGITUDE: 91 12 W
[TEMPERATURE DATA] [PRECIPITATION DATA] SYMBOLS USED IN COLUMN 16
AVERAGE MONTHLY: 77.0 TOTAL FOR MONTH: 2.91 1 = FOG OR MIST
DPTR FM NORMAL: 0.7 DPTR FM NORMAL: -0.58 2 = FOG REDUCING VISIBILITY
HIGHEST: 103 ON 28 GRTST 24HR 1.75 ON 1- 1 TO 1/4 MILE OR LESS
LOWEST: 58 ON 22, 7 3 = THUNDER
SNOW, ICE PELLETS, HAIL 4 = ICE PELLETS
TOTAL MONTH: 0.0 INCH 5 = HAIL
GRTST 24HR 0.0 6 = FREEZING RAIN OR DRIZZLE
GRTST DEPTH: 0 7 = DUSTSTORM OR SANDSTORM:
VSBY 1/2 MILE OR LESS
8 = SMOKE OR HAZE
[NO. OF DAYS WITH] [WEATHER - DAYS WITH] 9 = BLOWING SNOW
X = TORNADO
MAX 32 OR BELOW: 0 0.01 INCH OR MORE: 5
MAX 90 OR ABOVE: 12 0.10 INCH OR MORE: 4
MIN 32 OR BELOW: 0 0.50 INCH OR MORE: 1
MIN 0 OR BELOW: 0 1.00 INCH OR MORE: 1
[HDD (BASE 65) ]
TOTAL THIS MO. 0 CLEAR (SCALE 0-3) 24
DPTR FM NORMAL -1 PTCLDY (SCALE 4-7) 7
TOTAL FM JUL 1 0 CLOUDY (SCALE 8-10) 0
DPTR FM NORMAL 0
[CDD (BASE 65) ]
TOTAL THIS MO. 376
DPTR FM NORMAL 26 [PRESSURE DATA]
TOTAL FM JAN 1 742 HIGHEST SLP 30.14 ON 31
DPTR FM NORMAL 44 LOWEST SLP 29.69 ON 12
[REMARKS]
#FINAL-07-23#