000
CXUS53 KLSX 011744 CCA
CF6UIN
PRELIMINARY LOCAL CLIMATOLOGICAL DATA (WS FORM: F-6)
STATION: QUINCY IL
MONTH: MAY
YEAR: 2022
LATITUDE: 39 57 N
LONGITUDE: 91 12 W
TEMPERATURE IN F: :PCPN: SNOW: WIND :SUNSHINE: SKY :PK WND
================================================================================
1 2 3 4 5 6A 6B 7 8 9 10 11 12 13 14 15 16 17 18
12Z AVG MX 2MIN
DY MAX MIN AVG DEP HDD CDD WTR SNW DPTH SPD SPD DIR MIN PSBL S-S WX SPD DR
================================================================================
1 64 46 55 -4 10 0 0.00 0.0 0 14.0 25 280 M M 7 35 270
2 63 39 51 -8 14 0 0.53 0.0 0 6.6 18 120 M M 4 18 29 120
3 57 48 53 -6 12 0 0.42 0.0 0 11.9 22 100 M M 10 1 31 110
4 62 45 54 -6 11 0 0.00 0.0 0 7.5 14 80 M M 7 20 70
5 58 52 55 -5 10 0 0.63 0.0 0 9.2 18 110 M M 10 1 23 110
6 57 51 54 -6 11 0 0.00 0.0 0 13.6 24 10 M M 10 1 31 10
7 70 43 57 -4 8 0 0.00 0.0 0 7.5 14 70 M M 1 20 60
8 73 54 64 3 1 0 0.00 0.0 0 13.6 24 130 M M 4 35 130
9 87 62 75 14 0 10 0.00 0.0 0 15.0 24 170 M M 1 37 160
10 90 72 81 19 0 16 0.00 0.0 0 9.8 17 180 M M 4 18 27 160
11 92 71 82 20 0 17 0.00 0.0 0 7.3 17 180 M M 3 18 23 180
12 92 73 83 21 0 18 0.00 0.0 0 9.2 17 150 M M 0 24 160
13 91 67 79 16 0 14 0.00 0.0 0 6.8 17 80 M M 3 138 24 80
14 88 64 76 13 0 11 0.00 0.0 0 2.4 8 320 M M 2 12 270
15 74 53 64 1 1 0 0.05 0.0 0 9.0 24 340 M M 3 1 35 330
16 81 50 66 2 0 1 0.00 0.0 0 9.5 23 290 M M 1 8 32 280
17 84 54 69 5 0 4 0.06 0.0 0 8.5 16 170 M M 3 3 24 140
18 80 60 70 6 0 5 0.02 0.0 0 6.7 20 280 M M 5 1 24 280
19 84 58 71 6 0 6 0.00 0.0 0 9.3 20 190 M M 0 1 28 190
20 87 57 72 7 0 7 0.23 0.0 0 13.9 26 210 M M 6 13 36 210
21 61 51 56 -9 9 0 0.26 0.0 0 7.9 22 290 M M 8 13 28 290
22 65 45 55 -11 10 0 0.00 0.0 0 8.3 17 330 M M 0 23 320
23 68 45 57 -9 8 0 0.00 0.0 0 6.9 15 70 M M 4 21 80
24 70 52 61 -5 4 0 0.43 0.0 0 12.2 21 110 M M 9 1 32 110
25 77 64 71 4 0 6 0.18 0.0 0 11.4 26 170 M M 8 13 40 150
26 71 59 65 -2 0 0 0.34 0.0 0 8.1 16 300 M M 7 13 21 300
27 69 56 63 -4 2 0 0.08 0.0 0 9.6 22 320 M M 7 1 28 330
28 78 54 66 -2 0 1 0.00 0.0 0 10.7 18 130 M M 0 28 180
29 87 65 76 8 0 11 0.00 0.0 0 15.6 25 160 M M 0 37 170
30 87 68 78 10 0 13 0.00 0.0 0 15.5 28 160 M M 1 38 180
31 81 73 77 8 0 12 0.10 0.0 0 9.7 22 210 M M 5 13 30 220
================================================================================
SM 2348 1751 111 152 3.33 0.0 307.2 M 133
================================================================================
AV 75.7 56.5 9.9 FASTST M M 4 MAX(MPH)
MISC ----> 28 160 40 150
================================================================================
NOTES:
# LAST OF SEVERAL OCCURRENCES
COLUMN 17 PEAK WIND IN M.P.H.
PRELIMINARY LOCAL CLIMATOLOGICAL DATA (WS FORM: F-6) , PAGE 2
STATION: QUINCY IL
MONTH: MAY
YEAR: 2022
LATITUDE: 39 57 N
LONGITUDE: 91 12 W
[TEMPERATURE DATA] [PRECIPITATION DATA] SYMBOLS USED IN COLUMN 16
AVERAGE MONTHLY: 66.1 TOTAL FOR MONTH: 3.33 1 = FOG OR MIST
DPTR FM NORMAL: 2.5 DPTR FM NORMAL: -1.22 2 = FOG REDUCING VISIBILITY
HIGHEST: 92 ON 12,11 GRTST 24HR 0.95 ON 2- 3 TO 1/4 MILE OR LESS
LOWEST: 39 ON 2 3 = THUNDER
SNOW, ICE PELLETS, HAIL 4 = ICE PELLETS
TOTAL MONTH: 0.0 INCH 5 = HAIL
GRTST 24HR 0.0 6 = FREEZING RAIN OR DRIZZLE
GRTST DEPTH: 0 7 = DUSTSTORM OR SANDSTORM:
VSBY 1/2 MILE OR LESS
8 = SMOKE OR HAZE
[NO. OF DAYS WITH] [WEATHER - DAYS WITH] 9 = BLOWING SNOW
X = TORNADO
MAX 32 OR BELOW: 0 0.01 INCH OR MORE: 13
MAX 90 OR ABOVE: 4 0.10 INCH OR MORE: 9
MIN 32 OR BELOW: 0 0.50 INCH OR MORE: 2
MIN 0 OR BELOW: 0 1.00 INCH OR MORE: 0
[HDD (BASE 65) ]
TOTAL THIS MO. 111 CLEAR (SCALE 0-3) 14
DPTR FM NORMAL -19 PTCLDY (SCALE 4-7) 11
TOTAL FM JUL 1 5201 CLOUDY (SCALE 8-10) 6
DPTR FM NORMAL -273
[CDD (BASE 65) ]
TOTAL THIS MO. 152
DPTR FM NORMAL 65 [PRESSURE DATA]
TOTAL FM JAN 1 169 HIGHEST SLP 30.37 ON 22
DPTR FM NORMAL 66 LOWEST SLP 29.38 ON 20
[REMARKS]
#FINAL-05-22#