000
CXUS56 KEKA 011653
CF6UKI
PRELIMINARY LOCAL CLIMATOLOGICAL DATA (WS FORM: F-6)
STATION: UKIAH CA
MONTH: AUGUST
YEAR: 2023
LATITUDE: 39 7 N
LONGITUDE: 123 12 W
TEMPERATURE IN F: :PCPN: SNOW: WIND :SUNSHINE: SKY :PK WND
================================================================================
1 2 3 4 5 6A 6B 7 8 9 10 11 12 13 14 15 16 17 18
12Z AVG MX 2MIN
DY MAX MIN AVG DEP HDD CDD WTR SNW DPTH SPD SPD DIR MIN PSBL S-S WX SPD DR
================================================================================
1 96 57 77 1 0 12 0.00 M M 4.0 15 260 M M 0 22 280
2 88 54 71 -5 0 6 0.00 M M 4.9 16 350 M M 0 23 360
3 89 56 73 -3 0 8 0.00 M M 4.2 13 360 M M 0 20 360
4 95 56 76 1 0 11 0.00 M M 3.5 13 330 M M 0 19 330
5 98 61 80 5 0 15 0.00 M M 4.7 18 300 M M 0 30 320
6 98 60 79 4 0 14 0.00 M M 3.5 14 310 M M 0 26 280
7 98 61 80 5 0 15 0.00 M M 3.4 13 290 M M 0 17 280
8 89 59 74 -1 0 9 0.00 M M 6.9 17 150 M M 0 26 160
9 92 56 74 -1 0 9 0.00 M M 4.4 13 260 M M 0 21 250
10 94 59 77 2 0 12 0.00 M M 3.2 15 270 M M 0 24 240
11 94 57 76 1 0 11 0.00 M M 4.4 14 340 M M 0 21 150
12 98 61 80 5 0 15 0.00 M M 3.1 13 260 M M 0 8 18 270
13 104 63 84 10 0 19 0.00 M M 2.9 13 270 M M 0 21 290
14 95 67 81 7 0 16 0.00 M M 2.0 12 160 M M 0 19 160
15 107 64 86 12 0 21 0.00 M M 3.0 16 350 M M 0 8 22 350
16 109 64 87 13 0 22 0.00 M M 2.6 16 250 M M 0 8 24 260
17 103 68 86 12 0 21 0.00 M M 6.4 16 270 M M 0 24 260
18 92 60 76 2 0 11 0.00 M M 7.0 14 160 M M 1 20 150
19 95 62 79 5 0 14 0.00 M M 5.4 17 140 M M 0 24 150
20 80 62 71 -3 0 6 T M M 2.1 13 190 M M 2 17 190
21 75 63 69 -5 0 4 0.01 M M 7.2 17 150 M M 3 8 30 180
22 86 62 74 0 0 9 0.00 M M 3.8 14 130 M M 4 21 130
23 94 58 76 3 0 11 0.00 M M 2.4 15 320 M M 0 8 21 270
24 96 59 78 5 0 13 0.00 M M 3.7 15 210 M M 0 23 300
25 92 58 75 2 0 10 0.00 M M 2.0 12 30 M M 2 16 360
26 93 53 73 0 0 8 0.00 M M 2.6 15 270 M M 0 23 270
27 94 51 73 0 0 8 0.00 M M 3.1 15 10 M M 0 25 230
28 95 52 74 1 0 9 0.00 M M 3.2 15 340 M M 0 22 10
29 89 55 72 -1 0 7 0.00 M M 4.1 14 300 M M 0 22 300
30 97 53 75 2 0 10 0.00 M M 3.4 13 340 M M 0 8 17 40
31 88 55 72 0 0 7 0.00 M M 5.3 15 320 M M 0 8 22 360
================================================================================
SM 2913 1826 0 363 0.01 M 122.4 M 12
================================================================================
AV 94.0 58.9 3.9 FASTST M M 0 MAX(MPH)
MISC ----> 18 300 # 30 320
================================================================================
NOTES:
# LAST OF SEVERAL OCCURRENCES
COLUMN 17 PEAK WIND IN M.P.H.
PRELIMINARY LOCAL CLIMATOLOGICAL DATA (WS FORM: F-6) , PAGE 2
STATION: UKIAH CA
MONTH: AUGUST
YEAR: 2023
LATITUDE: 39 7 N
LONGITUDE: 123 12 W
[TEMPERATURE DATA] [PRECIPITATION DATA] SYMBOLS USED IN COLUMN 16
AVERAGE MONTHLY: 76.4 TOTAL FOR MONTH: 0.01 1 = FOG OR MIST
DPTR FM NORMAL: 2.3 DPTR FM NORMAL: -0.06 2 = FOG REDUCING VISIBILITY
HIGHEST: 109 ON 16 GRTST 24HR 0.01 ON 20-21 TO 1/4 MILE OR LESS
LOWEST: 51 ON 27 3 = THUNDER
SNOW, ICE PELLETS, HAIL 4 = ICE PELLETS
TOTAL MONTH: M 5 = HAIL
GRTST 24HR M ON M 6 = FREEZING RAIN OR DRIZZLE
GRTST DEPTH: M ON M 7 = DUSTSTORM OR SANDSTORM:
VSBY 1/2 MILE OR LESS
8 = SMOKE OR HAZE
[NO. OF DAYS WITH] [WEATHER - DAYS WITH] 9 = BLOWING SNOW
X = TORNADO
MAX 32 OR BELOW: 0 0.01 INCH OR MORE: 1
MAX 90 OR ABOVE: 23 0.10 INCH OR MORE: 0
MIN 32 OR BELOW: 0 0.50 INCH OR MORE: 0
MIN 0 OR BELOW: 0 1.00 INCH OR MORE: 0
[HDD (BASE 65) ]
TOTAL THIS MO. 0 CLEAR (SCALE 0-3) 30
DPTR FM NORMAL -1 PTCLDY (SCALE 4-7) 1
TOTAL FM JUL 1 0 CLOUDY (SCALE 8-10) 0
DPTR FM NORMAL -1
[CDD (BASE 65) ]
TOTAL THIS MO. 363
DPTR FM NORMAL 79 [PRESSURE DATA]
TOTAL FM JAN 1 989 HIGHEST SLP 30.05 ON 27
DPTR FM NORMAL 187 LOWEST SLP 29.60 ON 21
[REMARKS]
#FINAL-08-23#