000
CXUS54 KHGX 011626
CF6UTS
PRELIMINARY LOCAL CLIMATOLOGICAL DATA (WS FORM: F-6)
STATION: HUNTSVILLE
MONTH: NOVEMBER
YEAR: 2021
LATITUDE: 30 45 N
LONGITUDE: 95 35 W
TEMPERATURE IN F: :PCPN: SNOW: WIND :SUNSHINE: SKY :PK WND
================================================================================
1 2 3 4 5 6A 6B 7 8 9 10 11 12 13 14 15 16 17 18
12Z AVG MX 2MIN
DY MAX MIN AVG DEP HDD CDD WTR SNW DPTH SPD SPD DIR MIN PSBL S-S WX SPD DR
================================================================================
1 80 50 65 1 0 0 0.00 0.0 0 2.4 8 180 M M 0 13 180
2 79 54 67 3 0 2 0.00 0.0 0 1.9 7 170 M M 4 12 11 160
3 67 50 59 -4 6 0 0.81 0.0 0 3.9 13 310 M M 9 13 18 320
4 62 44 53 -10 12 0 T 0.0 0 3.3 10 350 M M 6 1 15 350
5 64 39 52 -11 13 0 0.00 0.0 0 1.6 9 330 M M 0 8 15 70
6 68 39 54 -8 11 0 0.00 0.0 0 0.3 7 60 M M 0 18 10 120
7 73 46 60 -2 5 0 0.00 0.0 0 2.2 9 200 M M 0 18 12 200
8 76 49 63 1 2 0 0.00 0.0 0 3.9 13 190 M M 0 18 16 190
9 77 58 68 7 0 3 0.00 0.0 0 4.3 12 180 M M 1 1 16 190
10 81 65 73 12 0 8 0.00 0.0 0 6.7 17 180 M M 8 1 23 200
11 73 50 62 1 3 0 0.21 0.0 0 5.1 18 310 M M 3 13 26 290
12 75 46 61 1 4 0 0.00 0.0 0 3.7 14 310 M M 0 19 320
13 66 39 53 -7 12 0 0.00 0.0 0 2.3 9 50 M M 0 14 50
14 77 49 63 3 2 0 0.00 0.0 0 5.0 16 230 M M 0 22 230
15 81 60 71 11 0 6 0.00 0.0 0 6.7 15 190 M M 1 21 220
16 82 64 73 14 0 8 0.00 0.0 0 8.3 18 190 M M 1 26 200
17 84 67 76 17 0 11 0.00 0.0 0 8.6 18 190 M M 2 25 190
18 69 46 58 -1 7 0 0.01 0.0 0 5.7 14 10 M M 3 1 25 330
19 66 39 53 -5 12 0 0.00 0.0 0 2.5 10 60 M M 0 16 50
20 76 45 61 3 4 0 0.00 0.0 0 4.6 13 190 M M 4 19 170
21 78 59 69 11 0 4 0.11 0.0 0 5.9 17 300 M M 8 22 310
22 70 46 58 0 7 0 0.00 0.0 0 4.6 13 330 M M 1 17 330
23 70 43 57 0 8 0 T 0.0 0 3.5 12 190 M M 0 17 200
24 78 57 68 11 0 3 0.00 0.0 0 6.8 18 180 M M 5 27 180
25 70 48 59 2 6 0 0.43 0.0 0 6.3 20 330 M M 7 13 27 340
26 55 39 47 -9 18 0 0.00 0.0 0 2.4 9 360 M M 0 13 10
27 59 44 52 -4 13 0 0.22 0.0 0 2.3 8 290 M M 7 1 11 210
28 62 47 55 -1 10 0 T 0.0 0 2.5 9 330 M M 7 1 12 310
29 71 41 56 0 9 0 0.00 0.0 0 2.4 8 180 M M 0 11 220
30 71 50 61 5 4 0 0.00 0.0 0 4.9 12 190 M M 1 12 14 180
================================================================================
SM 2160 1473 168 45 1.79 0.0 124.6 M 78
================================================================================
AV 72.0 49.1 4.2 FASTST M M 3 MAX(MPH)
MISC ----> 20 330 # 27 180
================================================================================
NOTES:
# LAST OF SEVERAL OCCURRENCES
COLUMN 17 PEAK WIND IN M.P.H.
PRELIMINARY LOCAL CLIMATOLOGICAL DATA (WS FORM: F-6) , PAGE 2
STATION: HUNTSVILLE
MONTH: NOVEMBER
YEAR: 2021
LATITUDE: 30 45 N
LONGITUDE: 95 35 W
[TEMPERATURE DATA] [PRECIPITATION DATA] SYMBOLS USED IN COLUMN 16
AVERAGE MONTHLY: 60.6 TOTAL FOR MONTH: 1.79 1 = FOG OR MIST
DPTR FM NORMAL: 1.0 DPTR FM NORMAL: -2.46 2 = FOG REDUCING VISIBILITY
HIGHEST: 84 ON 17 GRTST 24HR 0.81 ON 3- 3 TO 1/4 MILE OR LESS
LOWEST: 39 ON 26,19 3 = THUNDER
SNOW, ICE PELLETS, HAIL 4 = ICE PELLETS
TOTAL MONTH: 0.0 INCH 5 = HAIL
GRTST 24HR 0.0 6 = FREEZING RAIN OR DRIZZLE
GRTST DEPTH: 0 7 = DUSTSTORM OR SANDSTORM:
VSBY 1/2 MILE OR LESS
8 = SMOKE OR HAZE
[NO. OF DAYS WITH] [WEATHER - DAYS WITH] 9 = BLOWING SNOW
X = TORNADO
MAX 32 OR BELOW: 0 0.01 INCH OR MORE: 6
MAX 90 OR ABOVE: 0 0.10 INCH OR MORE: 5
MIN 32 OR BELOW: 0 0.50 INCH OR MORE: 1
MIN 0 OR BELOW: 0 1.00 INCH OR MORE: 0
[HDD (BASE 65) ]
TOTAL THIS MO. 168 CLEAR (SCALE 0-3) 19
DPTR FM NORMAL -47 PTCLDY (SCALE 4-7) 9
TOTAL FM JUL 1 180 CLOUDY (SCALE 8-10) 2
DPTR FM NORMAL -82
[CDD (BASE 65) ]
TOTAL THIS MO. 45
DPTR FM NORMAL -6 [PRESSURE DATA]
TOTAL FM JAN 1 3243 HIGHEST SLP 30.45 ON 19
DPTR FM NORMAL 247 LOWEST SLP 29.84 ON 10
[REMARKS]
#FINAL-11-21#