000
CXUS56 KSTO 041730
CF6VCB
PRELIMINARY LOCAL CLIMATOLOGICAL DATA (WS FORM: F-6)
STATION: VACAVILLE
MONTH: JUNE
YEAR: 2022
LATITUDE: 38 22 N
LONGITUDE: 121-58 E
TEMPERATURE IN F: :PCPN: SNOW: WIND :SUNSHINE: SKY :PK WND
================================================================================
1 2 3 4 5 6A 6B 7 8 9 10 11 12 13 14 15 16 17 18
12Z AVG MX 2MIN
DY MAX MIN AVG DEP HDD CDD WTR SNW DPTH SPD SPD DIR MIN PSBL S-S WX SPD DR
================================================================================
1 96 50 73 3 0 8 0.00 M M 4.3 15 210 M M 0 21 210
2 93 63 78 8 0 13 0.00 0.0 M 7.2 20 210 M M 0 8 26 210
3 85 61 73 3 0 8 0.00 0.0 M 11.5 22 250 M M 0 28 250
4 78 62 70 0 0 5 T 0.0 M 7.1 16 230 M M 9 22 220
5 82 62 72 2 0 7 0.05 0.0 M 7.6 16 260 M M 7 18 21 230
6 90 54 72 1 0 7 0.00 0.0 M 4.6 16 210 M M 0 20 210
7 96 54 75 4 0 10 0.00 M M 5.5 15 250 M M 0 21 210
8 97 64 81 10 0 16 0.00 M M 5.9 14 250 M M 0 22 210
9 99 62 81 9 0 16 0.00 M M 5.4 15 320 M M 0 19 220
10 104 63 84 12 0 19 0.00 0.0 M 7.1 20 240 M M 0 29 290
11 99 62 81 9 0 16 0.00 0.0 M 6.8 18 240 M M 0 33 190
12 83 59 71 -1 0 6 0.00 0.0 M 10.6 23 250 M M 0 30 230
13 86 52 69 -3 0 4 0.00 0.0 M 7.2 17 50 M M 0 22 50
14 93 67 80 7 0 15 0.00 M M 8.5 18 330 M M 0 23 10
15 96 52 74 1 0 9 0.00 M M 7.8 20 230 M M 0 27 220
16 88 59 74 1 0 9 0.00 0.0 M 11.8 26 220 M M 0 34 220
17 75 56 66 -7 0 1 0.00 M M 10.9 23 240 M M 0 30 220
18 76 46 61 -13 4 0 0.17 0.0 M 4.4 14 230 M M 2 19 210
19 87 49 68 -6 0 3 0.00 M M 5.1 17 230 M M 0 23 230
20 94 53 74 0 0 9 0.00 0.0 M 7.7 16 360 M M 0 23 40
21 104 61 83 9 0 18 0.00 0.0 M 8.7 24 350 M M 0 30 350
22 101 63 82 8 0 17 0.00 M M 6.5 28 220 M M 0 35 210
23 102 70 86 11 0 21 0.00 M M 8.0 17 270 M M 0 23 260
24 100 56 78 3 0 13 0.00 M M 5.2 15 220 M M 0 22 220
25 100 57 79 4 0 14 0.00 M M 5.8 16 220 M M 0 21 210
26 102 54 78 3 0 13 0.00 M M 6.4 14 230 M M 0 20 210
27 105 59 82 6 0 17 0.00 M M 6.7 15 230 M M 0 19 250
28 102 65 84 8 0 19 0.00 M M 8.6 18 220 M M 0 24 220
29 90 58 74 -2 0 9 0.00 M M 8.4 17 220 M M 0 8 23 220
30 88 57 73 -3 0 8 0.00 M M 10.0 16 210 M M 0 21 210
================================================================================
SM 2791 1750 4 330 0.22 0.0 221.3 M 18
================================================================================
AV 93.0 58.3 7.4 FASTST M M 1 MAX(MPH)
MISC ----> 28 220 35 210
================================================================================
NOTES:
# LAST OF SEVERAL OCCURRENCES
COLUMN 17 PEAK WIND IN M.P.H.
PRELIMINARY LOCAL CLIMATOLOGICAL DATA (WS FORM: F-6) , PAGE 2
STATION: VACAVILLE
MONTH: JUNE
YEAR: 2022
LATITUDE: 38 22 N
LONGITUDE: 121-58 E
[TEMPERATURE DATA] [PRECIPITATION DATA] SYMBOLS USED IN COLUMN 16
AVERAGE MONTHLY: 75.7 TOTAL FOR MONTH: 0.22 1 = FOG OR MIST
DPTR FM NORMAL: 2.7 DPTR FM NORMAL: 0.05 2 = FOG REDUCING VISIBILITY
HIGHEST: 105 ON 27 GRTST 24HR 0.17 ON 18-18 TO 1/4 MILE OR LESS
LOWEST: 46 ON 18 3 = THUNDER
SNOW, ICE PELLETS, HAIL 4 = ICE PELLETS
TOTAL MONTH: 0.0 INCH 5 = HAIL
GRTST 24HR 0.0 6 = FREEZING RAIN OR DRIZZLE
GRTST DEPTH: M ON M 7 = DUSTSTORM OR SANDSTORM:
VSBY 1/2 MILE OR LESS
8 = SMOKE OR HAZE
[NO. OF DAYS WITH] [WEATHER - DAYS WITH] 9 = BLOWING SNOW
X = TORNADO
MAX 32 OR BELOW: 0 0.01 INCH OR MORE: 2
MAX 90 OR ABOVE: 20 0.10 INCH OR MORE: 1
MIN 32 OR BELOW: 0 0.50 INCH OR MORE: 0
MIN 0 OR BELOW: 0 1.00 INCH OR MORE: 0
[HDD (BASE 65) ]
TOTAL THIS MO. 4 CLEAR (SCALE 0-3) 28
DPTR FM NORMAL -4 PTCLDY (SCALE 4-7) 1
TOTAL FM JUL 1 2148 CLOUDY (SCALE 8-10) 1
DPTR FM NORMAL -296
[CDD (BASE 65) ]
TOTAL THIS MO. 330
DPTR FM NORMAL 83 [PRESSURE DATA]
TOTAL FM JAN 1 503 HIGHEST SLP 30.08 ON 19
DPTR FM NORMAL 138 LOWEST SLP 29.70 ON 16
[REMARKS]
#FINAL-06-22#