000
CXUS54 KCRP 011300
CF6VCT
PRELIMINARY LOCAL CLIMATOLOGICAL DATA (WS FORM: F-6)
STATION: VICTORIA
MONTH: OCTOBER
YEAR: 2020
LATITUDE: 28 51 N
LONGITUDE: 96 55 W
TEMPERATURE IN F: :PCPN: SNOW: WIND :SUNSHINE: SKY :PK WND
================================================================================
1 2 3 4 5 6A 6B 7 8 9 10 11 12 13 14 15 16 17 18
12Z AVG MX 2MIN
DY MAX MIN AVG DEP HDD CDD WTR SNW DPTH SPD SPD DIR MIN PSBL S-S WX SPD DR
================================================================================
1 90 54 72 -4 0 7 0.00 0.0 0 3.5 9 260 M M 0 12 310
2 83 59 71 -5 0 6 0.00 0.0 0 6.7 15 60 M M 0 18 80
3 86 56 71 -5 0 6 0.00 0.0 0 7.2 16 120 M M 0 20 120
4 89 59 74 -1 0 9 0.00 0.0 0 4.5 8 170 M M 0 11 30
5 89 60 75 0 0 10 0.00 0.0 0 3.5 12 360 M M 0 1 14 360
6 90 62 76 1 0 11 0.00 0.0 0 4.8 13 30 M M 2 12 17 40
7 89 56 73 -1 0 8 0.00 0.0 0 6.3 12 40 M M 0 18 15 20
8 91 68 80 6 0 15 0.00 0.0 0 8.8 18 90 M M 4 24 80
9 90 71 81 7 0 16 0.00 0.0 0 9.8 24 330 M M 4 30 350
10 96 69 83 9 0 18 0.00 0.0 0 5.4 14 150 M M 0 12 17 150
11 94 67 81 7 0 16 0.00 0.0 0 7.8 18 150 M M 4 12 23 150
12 94 67 81 8 0 16 0.00 0.0 0 4.5 14 340 M M 5 12 16 330
13 91 62 77 4 0 12 0.00 0.0 0 4.4 9 200 M M 1 14 170
14 90 65 78 5 0 13 0.00 0.0 0 5.6 17 160 M M 5 12 22 150
15 92 69 81 9 0 16 T 0.0 0 9.5 18 360 M M 3 1 26 10
16 70 57 64 -8 1 0 0.11 0.0 0 12.5 25 40 M M 10 1 33 40
17 84 62 73 1 0 8 0.00 0.0 0 9.0 18 160 M M 9 23 170
18 88 66 77 5 0 12 0.00 0.0 0 9.1 18 170 M M 3 12 24 180
19 90 72 81 9 0 16 0.00 0.0 0 9.2 22 140 M M 6 12 27 150
20 89 70 80 9 0 15 0.00 0.0 0 7.9 17 130 M M 4 1 22 120
21 91 69 80 9 0 15 0.00 0.0 0 7.4 16 130 M M 6 12 20 140
22 86 71 79 8 0 14 0.05 0.0 0 7.9 23 140 M M 6 123 25 140
23 93 56 75 5 0 10 0.00 0.0 0 7.1 28 10 M M 7 12 36 20
24 75 55 65 -5 0 0 0.00 0.0 0 9.1 20 360 M M 5 26 360
25 83 57 70 0 0 5 0.00 0.0 0 7.8 20 150 M M 7 23 150
26 90 53 72 2 0 7 0.00 0.0 0 12.8 26 140 M M 8 31 140
27 60 45 53 -16 12 0 0.04 0.0 0 12.8 20 340 M M 10 18 26 340
28 65 43 54 -15 11 0 0.29 0.0 0 12.9 24 330 M M 4 1 31 330
29 70 44 57 -12 8 0 0.00 0.0 0 10.8 24 320 M M 0 29 320
30 72 40 56 -12 9 0 0.00 0.0 0 5.1 12 20 M M 0 15 30
31 78 39 59 -9 6 0 0.00 0.0 0 4.9 14 140 M M 0 1 15 150
================================================================================
SM 2638 1843 47 281 0.49 0.0 238.6 M 113
================================================================================
AV 85.1 59.5 7.7 FASTST M M 4 MAX(MPH)
MISC ----> # 28 10 # 36 20
================================================================================
NOTES:
# LAST OF SEVERAL OCCURRENCES
COLUMN 17 PEAK WIND IN M.P.H.
PRELIMINARY LOCAL CLIMATOLOGICAL DATA (WS FORM: F-6) , PAGE 2
STATION: VICTORIA
MONTH: OCTOBER
YEAR: 2020
LATITUDE: 28 51 N
LONGITUDE: 96 55 W
[TEMPERATURE DATA] [PRECIPITATION DATA] SYMBOLS USED IN COLUMN 16
AVERAGE MONTHLY: 72.3 TOTAL FOR MONTH: 0.49 1 = FOG OR MIST
DPTR FM NORMAL: 0.1 DPTR FM NORMAL: -4.15 2 = FOG REDUCING VISIBILITY
HIGHEST: 96 ON 10 GRTST 24HR 0.29 ON 28-28 TO 1/4 MILE OR LESS
LOWEST: 39 ON 31 3 = THUNDER
SNOW, ICE PELLETS, HAIL 4 = ICE PELLETS
TOTAL MONTH: 0.0 INCH 5 = HAIL
GRTST 24HR 0.0 6 = FREEZING RAIN OR DRIZZLE
GRTST DEPTH: 0 7 = DUSTSTORM OR SANDSTORM:
VSBY 1/2 MILE OR LESS
8 = SMOKE OR HAZE
[NO. OF DAYS WITH] [WEATHER - DAYS WITH] 9 = BLOWING SNOW
X = TORNADO
MAX 32 OR BELOW: 0 0.01 INCH OR MORE: 4
MAX 90 OR ABOVE: 14 0.10 INCH OR MORE: 2
MIN 32 OR BELOW: 0 0.50 INCH OR MORE: 0
MIN 0 OR BELOW: 0 1.00 INCH OR MORE: 0
[HDD (BASE 65) ]
TOTAL THIS MO. 47 CLEAR (SCALE 0-3) 13
DPTR FM NORMAL 25 PTCLDY (SCALE 4-7) 15
TOTAL FM JUL 1 47 CLOUDY (SCALE 8-10) 3
DPTR FM NORMAL 24
[CDD (BASE 65) ]
TOTAL THIS MO. 281
DPTR FM NORMAL 36 [PRESSURE DATA]
TOTAL FM JAN 1 3714 HIGHEST SLP 30.34 ON 30
DPTR FM NORMAL 671 LOWEST SLP 29.70 ON 9
[REMARKS]
#FINAL-10-20#