164
CXUS55 KGJT 041728 CCA
CF6VEL
PRELIMINARY LOCAL CLIMATOLOGICAL DATA (WS FORM: F-6)
CORR TO GREATEST 24 HR PRECIP
STATION: VERNAL UT
MONTH: JANUARY
YEAR: 2021
LATITUDE: 40 27 N
LONGITUDE: 109 31 W
TEMPERATURE IN F: :PCPN: SNOW: WIND :SUNSHINE: SKY :PK WND
================================================================================
1 2 3 4 5 6A 6B 7 8 9 10 11 12 13 14 15 16 17 18
12Z AVG MX 2MIN
DY MAX MIN AVG DEP HDD CDD WTR SNW DPTH SPD SPD DIR MIN PSBL S-S WX SPD DR
================================================================================
1 17 -1 8 -11 57 0 0.00 M M 2.5 9 310 M M 8 128 11 320
2 15 8 12 -7 53 0 T M M 1.3 6 210 M M 10 128 8 110
3 15 -1 7 -12 58 0 T M M 1.5 9 260 M M 6 18 10 70
4 16 -6 5 -14 60 0 0.00 M M 2.1 7 90 M M 2 18 8 90
5 26 6 16 -3 49 0 T M M 2.9 10 200 M M 5 18 13 200
6 23 -1 11 -8 54 0 0.00 M M 2.5 8 280 M M 0 1 9 290
7 24 2 13 -6 52 0 0.00 M M 1.6 8 280 M M 0 18 11 110
8 21 0 11 -8 54 0 0.00 M M 2.3 8 110 M M 2 18 10 110
9 23 2 13 -6 52 0 0.00 M M 2.8 12 300 M M 2 18 13 300
10 24 -3 11 -8 54 0 0.00 M M 2.4 7 80 M M 1 18 10 90
11 22 -5 9 -10 56 0 0.00 M M 1.8 8 280 M M 0 18 9 120
12 18 -5 7 -12 58 0 0.00 M M 1.8 7 100 M M 0 18 10 80
13 23 -1 11 -8 54 0 0.00 M M 2.2 13 70 M M 1 18 19 40
14 33 1 17 -2 48 0 0.00 M M 4.2 12 320 M M 0 15 330
15 34 3 19 0 46 0 0.00 M M 2.5 10 280 M M 0 8 14 10
16 39 7 23 4 42 0 0.00 M M 3.0 13 320 M M 1 16 360
17 40 12 26 7 39 0 0.00 M M 2.5 12 280 M M 3 18 15 350
18 37 13 25 6 40 0 T M M 6.7 16 50 M M 3 23 10
19 33 9 21 2 44 0 0.00 M M 6.0 17 10 M M 0 25 10
20 32 5 19 0 46 0 0.00 M M 2.4 8 260 M M 1 8 260
21 33 6 20 1 45 0 0.00 M M 2.0 7 290 M M 1 18 8 80
22 31 13 22 3 43 0 0.11 M M 1.8 9 130 M M 7 1 12 130
23 32 12 22 3 43 0 0.37 M M 3.4 9 140 M M 8 1 12 130
24 27 4 16 -3 49 0 0.00 M M 2.6 8 300 M M 4 12 9 140
25 27 7 17 -3 48 0 T M M 2.3 7 200 M M 7 128 12 100
26 26 4 15 -5 50 0 0.01 M M 3.6 9 250 M M 6 1 11 240
27 26 3 15 -5 50 0 0.00 M M 2.3 8 290 M M 9 1 10 100
28 30 10 20 0 45 0 T M M 1.8 7 130 M M 5 1 8 140
29 30 10 20 0 45 0 0.00 M M 2.6 10 230 M M 3 13 230
30 38 12 25 5 40 0 0.00 M M 2.7 7 30 M M 5 9 30
31 32 6 19 -2 46 0 0.00 M M 2.4 7 90 M M 0 8 90
================================================================================
SM 847 132 1520 0 0.49 M 82.5 M 100
================================================================================
AV 27.3 4.3 2.7 FASTST M M 3 MAX(MPH)
MISC ----> 17 10 25 10
================================================================================
NOTES:
# LAST OF SEVERAL OCCURRENCES
COLUMN 17 PEAK WIND IN M.P.H.
PRELIMINARY LOCAL CLIMATOLOGICAL DATA (WS FORM: F-6) , PAGE 2
STATION: VERNAL UT
MONTH: JANUARY
YEAR: 2021
LATITUDE: 40 27 N
LONGITUDE: 109 31 W
[TEMPERATURE DATA] [PRECIPITATION DATA] SYMBOLS USED IN COLUMN 16
AVERAGE MONTHLY: 15.8 TOTAL FOR MONTH: 0.49 1 = FOG OR MIST
DPTR FM NORMAL: -3.2 DPTR FM NORMAL: -0.01 2 = FOG REDUCING VISIBILITY
HIGHEST: 40 ON 17 GRTST 24HR 0.48 ON 22-23 TO 1/4 MILE OR LESS
LOWEST: -6 ON 4 3 = THUNDER
SNOW, ICE PELLETS, HAIL 4 = ICE PELLETS
TOTAL MONTH: M 5 = HAIL
GRTST 24HR M ON M 6 = FREEZING RAIN OR DRIZZLE
GRTST DEPTH: M ON M 7 = DUSTSTORM OR SANDSTORM:
VSBY 1/2 MILE OR LESS
8 = SMOKE OR HAZE
[NO. OF DAYS WITH] [WEATHER - DAYS WITH] 9 = BLOWING SNOW
X = TORNADO
MAX 32 OR BELOW: 23 0.01 INCH OR MORE: 3
MAX 90 OR ABOVE: 0 0.10 INCH OR MORE: 2
MIN 32 OR BELOW: 31 0.50 INCH OR MORE: 0
MIN 0 OR BELOW: 9 1.00 INCH OR MORE: 0
[HDD (BASE 65) ]
TOTAL THIS MO. 1520 CLEAR (SCALE 0-3) 18
DPTR FM NORMAL 96 PTCLDY (SCALE 4-7) 10
TOTAL FM JUL 1 4533 CLOUDY (SCALE 8-10) 3
DPTR FM NORMAL 143
[CDD (BASE 65) ]
TOTAL THIS MO. 0
DPTR FM NORMAL 0 [PRESSURE DATA]
TOTAL FM JAN 1 0 HIGHEST SLP 30.78 ON 12
DPTR FM NORMAL 0 LOWEST SLP 29.69 ON 26
[REMARKS]
#FINAL-01-21#