000
CXUS55 KGJT 011000
CF6VEL
PRELIMINARY LOCAL CLIMATOLOGICAL DATA (WS FORM: F-6)
STATION: VERNAL UT
MONTH: APRIL
YEAR: 2020
LATITUDE: 40 27 N
LONGITUDE: 109 31 W
TEMPERATURE IN F: :PCPN: SNOW: WIND :SUNSHINE: SKY :PK WND
================================================================================
1 2 3 4 5 6A 6B 7 8 9 10 11 12 13 14 15 16 17 18
12Z AVG MX 2MIN
DY MAX MIN AVG DEP HDD CDD WTR SNW DPTH SPD SPD DIR MIN PSBL S-S WX SPD DR
================================================================================
1 67 32 50 7 15 0 T M M 9.2 30 280 M M 4 40 290
2 52 26 39 -4 26 0 0.27 M M 10.2 25 70 M M 7 12 39 60
3 46 19 33 -10 32 0 0.00 M M 4.0 13 190 M M 1 18 190
4 59 22 41 -2 24 0 0.00 M M 4.7 18 210 M M 2 26 210
5 63 30 47 3 18 0 0.01 M M 7.3 29 230 M M 4 38 220
6 63 33 48 4 17 0 0.00 M M 9.1 28 200 M M 3 37 190
7 65 30 48 4 17 0 0.00 M M 5.2 20 220 M M 0 30 210
8 68 31 50 6 15 0 0.00 M M 4.2 10 330 M M 1 16 130
9 71 35 53 8 12 0 0.00 M M 5.8 28 240 M M 3 40 220
10 67 31 49 4 16 0 0.00 M M 5.3 16 250 M M 0 23 200
11 66 30 48 3 17 0 0.00 M M 9.7 28 250 M M 2 39 260
12 48 29 39 -7 26 0 T M M 11.4 24 70 M M 6 32 60
13 42 19 31 -15 34 0 T M M 9.7 26 350 M M 6 38 360
14 49 13 31 -15 34 0 0.00 M M 5.4 15 190 M M 3 24 190
15 57 31 44 -2 21 0 T M M 3.4 15 100 M M 8 23 340
16 41 27 34 -13 31 0 0.05 M M 9.1 24 50 M M 9 12 35 40
17 52 28 40 -7 25 0 0.00 M M 3.2 10 260 M M 5 15 210
18 60 28 44 -3 21 0 T M M 5.8 24 280 M M 5 32 270
19 59 30 45 -3 20 0 T M M 5.8 21 220 M M 4 28 220
20 64 31 48 0 17 0 T M M 3.9 12 240 M M 3 16 220
21 69 32 51 3 14 0 T M M 5.2 17 10 M M 2 25 360
22 69 39 54 5 11 0 0.00 M M 5.9 21 250 M M 2 27 250
23 68 42 55 6 10 0 0.01 M M 6.9 23 210 M M 5 31 210
24 61 32 47 -2 18 0 0.00 M M 5.6 17 360 M M 4 23 20
25 69 32 51 1 14 0 T M M 4.7 15 180 M M 1 21 200
26 69 44 57 7 8 0 0.03 M M 5.1 13 170 M M 3 20 170
27 79 36 58 8 7 0 0.00 M M 6.8 22 300 M M 1 32 290
28 75 44 60 9 5 0 0.00 M M 6.7 17 10 M M 0 24 230
29 78 40 59 8 6 0 0.00 M M 5.1 10 210 M M 0 17 230
30 85 44 65 14 0 0 0.03 M M 7.4 37 310 M M 1 3 60 280
================================================================================
SM 1881 940 531 0 0.40 M 191.8 M 95
================================================================================
AV 62.7 31.3 6.4 FASTST M M 3 MAX(MPH)
MISC ----> # 37 310 # 60 280
================================================================================
NOTES:
# LAST OF SEVERAL OCCURRENCES
COLUMN 17 PEAK WIND IN M.P.H.
PRELIMINARY LOCAL CLIMATOLOGICAL DATA (WS FORM: F-6) , PAGE 2
STATION: VERNAL UT
MONTH: APRIL
YEAR: 2020
LATITUDE: 40 27 N
LONGITUDE: 109 31 W
[TEMPERATURE DATA] [PRECIPITATION DATA] SYMBOLS USED IN COLUMN 16
AVERAGE MONTHLY: 47.0 TOTAL FOR MONTH: 0.40 1 = FOG OR MIST
DPTR FM NORMAL: 0.3 DPTR FM NORMAL: -0.42 2 = FOG REDUCING VISIBILITY
HIGHEST: 85 ON 30 GRTST 24HR 0.27 ON 2- 2 TO 1/4 MILE OR LESS
LOWEST: 13 ON 14 3 = THUNDER
SNOW, ICE PELLETS, HAIL 4 = ICE PELLETS
TOTAL MONTH: M 5 = HAIL
GRTST 24HR M ON M 6 = FREEZING RAIN OR DRIZZLE
GRTST DEPTH: M ON M 7 = DUSTSTORM OR SANDSTORM:
VSBY 1/2 MILE OR LESS
8 = SMOKE OR HAZE
[NO. OF DAYS WITH] [WEATHER - DAYS WITH] 9 = BLOWING SNOW
X = TORNADO
MAX 32 OR BELOW: 0 0.01 INCH OR MORE: 6
MAX 90 OR ABOVE: 0 0.10 INCH OR MORE: 1
MIN 32 OR BELOW: 21 0.50 INCH OR MORE: 0
MIN 0 OR BELOW: 0 1.00 INCH OR MORE: 0
[HDD (BASE 65) ]
TOTAL THIS MO. 531 CLEAR (SCALE 0-3) 18
DPTR FM NORMAL -17 PTCLDY (SCALE 4-7) 11
TOTAL FM JUL 1 6912 CLOUDY (SCALE 8-10) 1
DPTR FM NORMAL 33
[CDD (BASE 65) ]
TOTAL THIS MO. 0
DPTR FM NORMAL 0 [PRESSURE DATA]
TOTAL FM JAN 1 0 HIGHEST SLP 30.35 ON 14
DPTR FM NORMAL 0 LOWEST SLP 29.43 ON 1
[REMARKS]
#FINAL-04-20#