000
CXUS53 KGJT 011851
CLAVEL
CLIMATE REPORT
NATIONAL WEATHER SERVICE GRAND JUNCTION CO
1151 AM MST MON JAN 01 2024
...................................
...THE VERNAL UT CLIMATE SUMMARY FOR THE YEAR OF 2023...
CLIMATE NORMAL PERIOD 1991 TO 2020
CLIMATE RECORD PERIOD 9999 TO 9999
WEATHER OBSERVED NORMAL DEPART LAST YEAR`S
VALUE DATE(S) VALUE FROM VALUE DATE(S)
NORMAL
................................................................
TEMPERATURE (F)
RECORD
HIGH MM MM
LOW MM MM
HIGHEST 102 07/17 MM MM 100 07/09
LOWEST -20 01/31 MM MM -17 12/18
02/01
AVG. MAXIMUM 58.2 61.2 -3.0 62.0
AVG. MINIMUM 30.9 34.4 -3.5 33.8
MEAN 44.6 47.8 -3.2 47.9
DAYS MAX >= 90 15 41.8 -26.8 66
DAYS MAX <= 32 84 47.9 36.1 44
DAYS MIN <= 32 176 173.3 2.7 168
DAYS MIN <= 0 36 14.2 21.8 13
PRECIPITATION (INCHES)
RECORD
MAXIMUM MM MM
MINIMUM MM MM
TOTALS 3.98 8.63 -4.65 5.74
DAILY AVG. 0.01 0.02 -0.01 T
DAYS >= .01 49 67.8 -18.8 46
DAYS >= .10 12 23.8 -11.8 22
DAYS >= .50 1 2.5 -1.5 0
DAYS >= 1.00 0 0.3 -0.3 0
GREATEST
24 HR. TOTAL 0.57 MM 0.53
STORM TOTAL 0.57 0.43
(MM/DD(HH)) MM
SNOWFALL (INCHES)
RECORDS
TOTAL MM MM
24 HR TOTAL MM
SNOW DEPTH MM MM
TOTALS MM MM MM MM
LIQUID EQUIV MM MM MM MM
SINCE 7/1 MM MM MM MM
LIQUID 7/1 MM MM MM MM
SNOWDEPTH AVG. MM MM
DAYS >= TRACE MM MM MM MM
DAYS >= 1.0 MM MM MM MM
GREATEST
SNOW DEPTH MM MM MM
24 HR TOTAL MM MM
STORM TOTAL MM MM
(MM/DD(HH)) MM
DEGREE DAYS
HEATING TOTAL 7967 6910 1057 7061
SINCE 7/1 2566 2864 -298 3099
COOLING TOTAL 694 670 24 968
SINCE 1/1 694 670 24 968
FREEZE DATES
RECORD
EARLIEST MM
LATEST MM
EARLIEST 10/14
LATEST 04/29
................................................................
WIND (MPH)
AVERAGE WIND SPEED 4.7
RESULTANT WIND SPEED/DIRECTION 1/300
HIGHEST WIND SPEED/DIRECTION 52/230 DATE 07/26
HIGHEST GUST SPEED/DIRECTION 68/240 DATE 07/26
SKY COVER
POSSIBLE SUNSHINE (PERCENT) MM
AVERAGE SKY COVER 0.27
NUMBER OF DAYS FAIR 249
NUMBER OF DAYS PC 74
NUMBER OF DAYS CLOUDY 42
AVERAGE RH (PERCENT) 59
WEATHER CONDITIONS. NUMBER OF DAYS WITH
THUNDERSTORM 38 MIXED PRECIP 0
HEAVY RAIN 4 RAIN 9
LIGHT RAIN 78 FREEZING RAIN 0
LT FREEZING RAIN 1 HAIL 0
HEAVY SNOW 7 SNOW 18
LIGHT SNOW 59 SLEET 0
FOG 92 FOG W/VIS <= 1/4 MILE 33
HAZE 32
- INDICATES NEGATIVE NUMBERS.
R INDICATES RECORD WAS SET OR TIED.
MM INDICATES DATA IS MISSING.
T INDICATES TRACE AMOUNT.
$$