000
CXUS56 KLOX 011155
CF6VNY
PRELIMINARY LOCAL CLIMATOLOGICAL DATA (WS FORM: F-6)
STATION: VAN NUYS AIRPORT CA
MONTH: MARCH
YEAR: 2021
LATITUDE: 34 13 N
LONGITUDE: 118 29 W
TEMPERATURE IN F: :PCPN: SNOW: WIND :SUNSHINE: SKY :PK WND
================================================================================
1 2 3 4 5 6A 6B 7 8 9 10 11 12 13 14 15 16 17 18
12Z AVG MX 2MIN
DY MAX MIN AVG DEP HDD CDD WTR SNW DPTH SPD SPD DIR MIN PSBL S-S WX SPD DR
================================================================================
1 77 45 61 3 4 0 0.00 M M 4.8 14 10 M M 0 19 340
2 76 44 60 2 5 0 0.00 M M 3.7 16 170 M M 0 21 170
3 58 41 50 -8 15 0 0.06 M M 5.3 18 120 M M 3 24 110
4 70 42 56 -2 9 0 0.00 M M 3.6 12 180 M M 1 14 150
5 81 44 63 5 2 0 0.00 M M 3.0 12 170 M M 0 14 270
6 71 45 58 0 7 0 0.00 M M 4.4 14 170 M M 0 19 180
7 65 52 59 1 6 0 0.00 M M 4.3 15 170 M M 7 1 17 180
8 68 50 59 1 6 0 0.00 M M 3.8 17 140 M M 6 24 140
9 64 43 54 -4 11 0 0.00 M M 3.5 15 250 M M 1 22 250
10 56 45 51 -7 14 0 0.76 M M 5.1 15 290 M M 8 138 20 290
11 55 41 48 -10 17 0 0.01 M M 3.9 13 360 M M 5 3 16 170
12 61 39 50 -9 15 0 0.02 M M 2.3 17 160 M M 2 22 160
13 67 40 54 -5 11 0 0.00 M M 4.0 16 160 M M 1 22 150
14 64 51 58 -1 7 0 0.00 M M 4.7 15 150 M M 7 18 150
15 58 44 51 -8 14 0 0.34 M M 7.0 16 10 M M 7 1 21 10
16 61 40 51 -8 14 0 0.00 M M 5.4 12 180 M M 0 17 200
17 68 40 54 -5 11 0 0.00 M M 2.5 10 130 M M 0 18 130
18 73 51 62 3 3 0 0.00 M M 2.5 9 150 M M 0 M M
19 75 50 63 4 2 0 0.00 M M 4.1 14 160 M M 1 16 290
20 70 55 63 4 2 0 T M M 7.6 23 350 M M 5 18 28 350
21 73 50 62 3 3 0 0.00 M M 13.3 25 350 M M 0 35 350
22 71 47 59 0 6 0 0.00 M M 7.0 15 140 M M 0 24 340
23 70 48 59 0 6 0 0.00 M M 12.7 29 350 M M 1 38 350
24 76 53 65 6 0 0 0.00 M M 11.2 21 350 M M 0 32 10
25 59 49 54 -5 11 0 0.00 M M 6.5 12 190 M M 6 M M
26 72 47 60 0 5 0 0.00 M M 4.6 18 150 M M 3 23 30
27 84 46 65 5 0 0 0.00 M M 4.2 14 150 M M 0 17 350
28 89 48 69 9 0 4 0.00 M M 2.3 14 300 M M 0 19 300
29 86 53 70 10 0 5 0.00 M M 3.8 16 170 M M 0 19 150
30 84 51 68 8 0 3 0.00 M M 4.8 12 170 M M 1 18 16 140
31 88 52 70 10 0 5 0.00 M M 5.8 21 20 M M 0 25 40
================================================================================
SM 2190 1446 206 17 1.19 M 161.7 M 65
================================================================================
AV 70.6 46.6 5.2 FASTST M M 2 MAX(MPH)
MISC ----> 29 350 38 350
================================================================================
NOTES:
# LAST OF SEVERAL OCCURRENCES
COLUMN 17 PEAK WIND IN M.P.H.
PRELIMINARY LOCAL CLIMATOLOGICAL DATA (WS FORM: F-6) , PAGE 2
STATION: VAN NUYS AIRPORT CA
MONTH: MARCH
YEAR: 2021
LATITUDE: 34 13 N
LONGITUDE: 118 29 W
[TEMPERATURE DATA] [PRECIPITATION DATA] SYMBOLS USED IN COLUMN 16
AVERAGE MONTHLY: 58.6 TOTAL FOR MONTH: 1.19 1 = FOG OR MIST
DPTR FM NORMAL: -0.2 DPTR FM NORMAL: -1.31 2 = FOG REDUCING VISIBILITY
HIGHEST: 89 ON 28 GRTST 24HR 0.76 ON 10-10 TO 1/4 MILE OR LESS
LOWEST: 39 ON 12 3 = THUNDER
SNOW, ICE PELLETS, HAIL 4 = ICE PELLETS
TOTAL MONTH: M 5 = HAIL
GRTST 24HR M ON M 6 = FREEZING RAIN OR DRIZZLE
GRTST DEPTH: M ON M 7 = DUSTSTORM OR SANDSTORM:
VSBY 1/2 MILE OR LESS
8 = SMOKE OR HAZE
[NO. OF DAYS WITH] [WEATHER - DAYS WITH] 9 = BLOWING SNOW
X = TORNADO
MAX 32 OR BELOW: 0 0.01 INCH OR MORE: 5
MAX 90 OR ABOVE: 0 0.10 INCH OR MORE: 2
MIN 32 OR BELOW: 0 0.50 INCH OR MORE: 1
MIN 0 OR BELOW: 0 1.00 INCH OR MORE: 0
[HDD (BASE 65) ]
TOTAL THIS MO. 206 CLEAR (SCALE 0-3) 21
DPTR FM NORMAL 0 PTCLDY (SCALE 4-7) 10
TOTAL FM JUL 1 810 CLOUDY (SCALE 8-10) 0
DPTR FM NORMAL -491
[CDD (BASE 65) ]
TOTAL THIS MO. 17
DPTR FM NORMAL 3 [PRESSURE DATA]
TOTAL FM JAN 1 75 HIGHEST SLP 30.26 ON 13
DPTR FM NORMAL 50 LOWEST SLP 29.75 ON 29
[REMARKS]
#FINAL-03-21#