000
CXUS52 KFFC 011110
CF6VPC
PRELIMINARY LOCAL CLIMATOLOGICAL DATA (WS FORM: F-6)
STATION: CARTERSVILLE
MONTH: JANUARY
YEAR: 2022
LATITUDE: 34 7 N
LONGITUDE: 84 51 W
TEMPERATURE IN F: :PCPN: SNOW: WIND :SUNSHINE: SKY :PK WND
================================================================================
1 2 3 4 5 6A 6B 7 8 9 10 11 12 13 14 15 16 17 18
12Z AVG MX 2MIN
DY MAX MIN AVG DEP HDD CDD WTR SNW DPTH SPD SPD DIR MIN PSBL S-S WX SPD DR
================================================================================
1 79 68 74 32 0 9 0.00 M M 8.1 14 200 M M 9 25 99
2 73 48 61 19 4 0 1.27 M M 6.2 17 200 M M 9 1 27 200
3 48 30 39 -3 26 0 0.56 M M 10.7 22 280 M M 7 1 33 280
4 52 27 40 -2 25 0 0.00 M M 5.0 10 130 M M 2 1 17 110
5 55 37 46 4 19 0 0.00 M M 2.9 7 290 M M 8 1 14 280
6 48 34 41 -1 24 0 0.14 0.0 M 3.5 13 280 M M 10 12 16 280
7 36 25 31 -11 34 0 0.00 0.0 M 5.0 10 280 M M 3 14 280
8 52 25 39 -3 26 0 0.00 0.0 M 6.4 14 100 M M 2 21 110
9 59 43 51 9 14 0 0.40 0.0 M 6.2 13 110 M M 10 1 24 320
10 46 32 39 -3 26 0 0.00 0.0 M 4.6 9 290 M M 2 18 99
11 48 30 39 -3 26 0 0.00 0.0 M 1.1 6 330 M M 0 M M
12 54 27 41 -1 24 0 0.00 0.0 M 0.7 8 280 M M 0 M M
13 57 30 44 2 21 0 0.00 M M 3.1 9 270 M M 3 14 300
14 52 32 42 1 23 0 0.00 M M 3.1 9 280 M M 1 15 280
15 46 34 40 -2 25 0 0.11 M M 5.4 14 100 M M 5 18 21 100
16 39 34 37 -5 28 0 0.73 M M 10.8 21 100 M M 8 1 36 100
17 37 34 36 -6 29 0 0.00 M M 11.2 16 280 M M 6 22 280
18 52 28 40 -2 25 0 0.00 M M 2.3 8 280 M M 3 15 280
19 63 32 48 6 17 0 0.00 M M 4.0 14 180 M M 2 20 180
20 55 30 43 1 22 0 0.17 M M 6.4 13 290 M M 10 18 18 290
21 32 27 30 -12 35 0 0.00 M M 4.3 8 340 M M 10 1 13 99
22 43 25 34 -8 31 0 0.00 M M 2.1 7 260 M M 5 13 0
23 46 21 34 -8 31 0 0.00 M M 3.5 14 270 M M 0 15 270
24 59 27 43 1 22 0 0.00 M M 1.8 8 240 M M 2 8 16 240
25 59 37 48 6 17 0 0.00 M M 2.5 8 290 M M 6 16 99
26 46 28 37 -5 28 0 0.00 M M 4.8 9 330 M M 1 14 330
27 52 25 39 -3 26 0 0.00 M M 2.5 10 90 M M 5 16 100
28 48 30 39 -3 26 0 0.00 M M 5.1 18 280 M M 7 8 27 300
29 36 23 30 -12 35 0 0.00 M M 7.4 14 300 M M 3 27 300
30 55 19 37 -6 28 0 0.00 M M 4.2 14 250 M M 3 22 250
31 54 27 41 -2 24 0 0.00 M M 0.9 5 90 M M 1 M M
================================================================================
SM 1581 969 741 9 3.38 0.0 145.8 M 143
================================================================================
AV 51.0 31.3 4.7 FASTST M M 5 MAX(MPH)
MISC ----> 22 280 36 100
================================================================================
NOTES:
# LAST OF SEVERAL OCCURRENCES
COLUMN 17 PEAK WIND IN M.P.H.
PRELIMINARY LOCAL CLIMATOLOGICAL DATA (WS FORM: F-6) , PAGE 2
STATION: CARTERSVILLE
MONTH: JANUARY
YEAR: 2022
LATITUDE: 34 7 N
LONGITUDE: 84 51 W
[TEMPERATURE DATA] [PRECIPITATION DATA] SYMBOLS USED IN COLUMN 16
AVERAGE MONTHLY: 41.1 TOTAL FOR MONTH: 3.38 1 = FOG OR MIST
DPTR FM NORMAL: -0.7 DPTR FM NORMAL: -0.91 2 = FOG REDUCING VISIBILITY
HIGHEST: 79 ON 1 GRTST 24HR 1.38 ON 2- 3 TO 1/4 MILE OR LESS
LOWEST: 19 ON 30 3 = THUNDER
SNOW, ICE PELLETS, HAIL 4 = ICE PELLETS
TOTAL MONTH: 0.0 INCH 5 = HAIL
GRTST 24HR 0.0 6 = FREEZING RAIN OR DRIZZLE
GRTST DEPTH: M ON M 7 = DUSTSTORM OR SANDSTORM:
VSBY 1/2 MILE OR LESS
8 = SMOKE OR HAZE
[NO. OF DAYS WITH] [WEATHER - DAYS WITH] 9 = BLOWING SNOW
X = TORNADO
MAX 32 OR BELOW: 1 0.01 INCH OR MORE: 7
MAX 90 OR ABOVE: 0 0.10 INCH OR MORE: 7
MIN 32 OR BELOW: 22 0.50 INCH OR MORE: 3
MIN 0 OR BELOW: 0 1.00 INCH OR MORE: 1
[HDD (BASE 65) ]
TOTAL THIS MO. 741 CLEAR (SCALE 0-3) 15
DPTR FM NORMAL 22 PTCLDY (SCALE 4-7) 10
TOTAL FM JUL 1 1642 CLOUDY (SCALE 8-10) 6
DPTR FM NORMAL -322
[CDD (BASE 65) ]
TOTAL THIS MO. 9
DPTR FM NORMAL 9 [PRESSURE DATA]
TOTAL FM JAN 1 9 HIGHEST SLP M ON M
DPTR FM NORMAL 9 LOWEST SLP M ON M
[REMARKS]
#FINAL-01-22#