000
CXUS52 KMLB 040334
CF6VRB
PRELIMINARY LOCAL CLIMATOLOGICAL DATA (WS FORM: F-6)
STATION: VERO BEACH
MONTH: DECEMBER
YEAR: 2022
LATITUDE: 27 39 N
LONGITUDE: 80 25 W
TEMPERATURE IN F: :PCPN: SNOW: WIND :SUNSHINE: SKY :PK WND
================================================================================
1 2 3 4 5 6A 6B 7 8 9 10 11 12 13 14 15 16 17 18
12Z AVG MX 2MIN
DY MAX MIN AVG DEP HDD CDD WTR SNW DPTH SPD SPD DIR MIN PSBL S-S WX SPD DR
================================================================================
1 81 68 75 7 0 10 0.00 0.0 0 13.1 21 30 M M 5 26 40
2 81 73 77 9 0 12 0.00 0.0 0 13.5 21 100 M M 7 27 100
3 82 61 72 4 0 7 0.00 0.0 M 7.9 20 110 M M 6 26 120
4 81 61 71 3 0 6 0.00 0.0 0 3.8 14 30 M M 2 17 360
5 80 61 71 4 0 6 0.00 0.0 0 4.8 14 40 M M 1 18 10
6 81 60 71 4 0 6 0.00 0.0 0 4.7 13 40 M M 0 1 15 50
7 82 62 72 5 0 7 0.00 0.0 0 4.7 14 350 M M 2 17 20
8 82 65 74 7 0 9 0.00 0.0 0 5.0 13 30 M M 3 16 10
9 83 60 72 5 0 7 0.00 0.0 0 4.2 15 20 M M 1 17 20
10 81 59 70 3 0 5 0.00 0.0 0 5.2 14 30 M M 0 16 20
11 79 62 71 5 0 6 0.00 0.0 0 8.1 15 10 M M 3 12 19 30
12 73 57 65 -1 0 0 0.00 0.0 0 5.3 10 320 M M 4 12 14 290
13 74 60 67 1 0 2 0.75 0.0 0 6.9 20 80 M M 8 1 25 80
14 76 67 72 6 0 7 0.27 0.0 0 9.8 21 110 M M 6 1 28 130
15 83 68 76 10 0 11 0.15 0.0 0 10.6 22 190 M M 3 13 30 170
16 70 61 66 0 0 1 0.00 0.0 0 8.4 16 340 M M 9 1 21 340
17 77 59 68 2 0 3 0.00 0.0 0 4.9 13 40 M M 7 16 40
18 72 53 63 -3 2 0 0.00 0.0 0 10.4 22 360 M M 4 27 340
19 74 49 62 -3 3 0 0.00 0.0 0 6.3 14 70 M M 1 17 70
20 77 57 67 2 0 2 0.23 0.0 0 6.3 21 140 M M 5 1 28 130
21 72 58 65 0 0 0 0.03 0.0 0 6.0 16 350 M M 8 1 20 350
22 74 58 66 1 0 1 0.00 0.0 0 5.6 17 190 M M 6 12 24 190
23 81 46 64 -1 1 0 0.02 0.0 0 11.3 23 290 M M 2 1 28 280
24 52 35 44 -21 21 0 0.00 0.0 0 9.8 17 320 M M 0 20 320
25 47 34 41 -23 24 0 0.00 0.0 0 8.1 14 310 M M 2 18 320
26 58 39 49 -15 16 0 0.00 0.0 0 8.5 15 340 M M 5 19 340
27 69 52 61 -3 4 0 T 0.0 0 9.2 22 340 M M 5 1 26 340
28 75 50 63 -1 2 0 0.00 0.0 0 6.6 15 30 M M 1 18 10
29 79 54 67 3 0 2 0.00 0.0 0 7.2 16 70 M M 1 1 20 90
30 81 60 71 7 0 6 T 0.0 0 6.2 15 80 M M 3 128 20 70
31 87 60 74 10 0 9 0.00 0.0 0 6.7 15 180 M M 4 12 20 200
================================================================================
SM 2344 1769 73 125 1.45 0.0 229.1 M 114
================================================================================
AV 75.6 57.1 7.4 FASTST M M 4 MAX(MPH)
MISC ----> 23 290 30 170
================================================================================
NOTES:
# LAST OF SEVERAL OCCURRENCES
COLUMN 17 PEAK WIND IN M.P.H.
PRELIMINARY LOCAL CLIMATOLOGICAL DATA (WS FORM: F-6) , PAGE 2
STATION: VERO BEACH
MONTH: DECEMBER
YEAR: 2022
LATITUDE: 27 39 N
LONGITUDE: 80 25 W
[TEMPERATURE DATA] [PRECIPITATION DATA] SYMBOLS USED IN COLUMN 16
AVERAGE MONTHLY: 66.3 TOTAL FOR MONTH: 1.45 1 = FOG OR MIST
DPTR FM NORMAL: 0.6 DPTR FM NORMAL: -1.09 2 = FOG REDUCING VISIBILITY
HIGHEST: 87 ON 31 GRTST 24HR 1.02 ON 13-14 TO 1/4 MILE OR LESS
LOWEST: 34 ON 25 3 = THUNDER
SNOW, ICE PELLETS, HAIL 4 = ICE PELLETS
TOTAL MONTH: 0.0 INCH 5 = HAIL
GRTST 24HR 0.0 6 = FREEZING RAIN OR DRIZZLE
GRTST DEPTH: 0 7 = DUSTSTORM OR SANDSTORM:
VSBY 1/2 MILE OR LESS
8 = SMOKE OR HAZE
[NO. OF DAYS WITH] [WEATHER - DAYS WITH] 9 = BLOWING SNOW
X = TORNADO
MAX 32 OR BELOW: 0 0.01 INCH OR MORE: 6
MAX 90 OR ABOVE: 0 0.10 INCH OR MORE: 4
MIN 32 OR BELOW: 0 0.50 INCH OR MORE: 1
MIN 0 OR BELOW: 0 1.00 INCH OR MORE: 0
[HDD (BASE 65) ]
TOTAL THIS MO. 73 CLEAR (SCALE 0-3) 14
DPTR FM NORMAL -16 PTCLDY (SCALE 4-7) 15
TOTAL FM JUL 1 73 CLOUDY (SCALE 8-10) 2
DPTR FM NORMAL -46
[CDD (BASE 65) ]
TOTAL THIS MO. 125
DPTR FM NORMAL 13 [PRESSURE DATA]
TOTAL FM JAN 1 3914 HIGHEST SLP 30.34 ON 3
DPTR FM NORMAL 359 LOWEST SLP 29.90 ON 15
[REMARKS]
#FINAL-12-22#