000
CXUS52 KMLB 010627
CF6VRB
PRELIMINARY LOCAL CLIMATOLOGICAL DATA (WS FORM: F-6)
STATION: VERO BEACH
MONTH: JUNE
YEAR: 2020
LATITUDE: 27 39 N
LONGITUDE: 80 25 W
TEMPERATURE IN F: :PCPN: SNOW: WIND :SUNSHINE: SKY :PK WND
================================================================================
1 2 3 4 5 6A 6B 7 8 9 10 11 12 13 14 15 16 17 18
12Z AVG MX 2MIN
DY MAX MIN AVG DEP HDD CDD WTR SNW DPTH SPD SPD DIR MIN PSBL S-S WX SPD DR
================================================================================
1 87 75 81 2 0 16 0.00 0.0 0 7.6 16 60 M M 3 21 40
2 82 74 78 -1 0 13 1.98 0.0 0 11.4 22 70 M M 8 18 29 60
3 79 73 76 -3 0 11 0.93 0.0 0 5.5 15 130 M M 7 13 18 100
4 82 72 77 -2 0 12 2.15 0.0 0 7.6 22 140 M M 6 13 27 140
5 87 73 80 1 0 15 0.54 0.0 0 4.4 23 150 M M 3 13 27 150
6 86 76 81 1 0 16 0.00 0.0 0 11.5 22 150 M M 2 27 150
7 89 79 84 4 0 19 0.00 0.0 0 9.6 20 150 M M 3 25 140
8 92 76 84 4 0 19 0.02 0.0 0 7.3 24 230 M M 4 138 34 230
9 89 75 82 2 0 17 0.00 0.0 0 3.9 10 110 M M 3 1 17 90
10 90 74 82 2 0 17 0.00 0.0 0 4.7 15 100 M M 2 1 19 90
11 87 75 81 1 0 16 0.05 0.0 0 8.7 16 120 M M 4 1 21 110
12 87 75 81 1 0 16 0.00 0.0 0 8.5 17 110 M M 2 22 110
13 87 72 80 0 0 15 0.00 0.0 0 7.5 14 70 M M 1 19 120
14 87 73 80 0 0 15 0.00 0.0 0 6.0 17 60 M M 2 3 21 70
15 87 70 79 -1 0 14 T 0.0 0 9.2 22 30 M M 2 30 30
16 85 64 75 -5 0 10 0.00 0.0 0 7.9 17 10 M M 0 1 22 20
17 87 67 77 -3 0 12 0.00 0.0 0 8.0 20 130 M M 1 26 140
18 87 70 79 -1 0 14 0.23 0.0 0 5.3 16 20 M M 5 13 20 20
19 85 70 78 -2 0 13 1.72 0.0 0 4.4 24 150 M M 3 123 33 150
20 89 69 79 -2 0 14 0.04 0.0 0 5.3 16 220 M M 3 3 21 240
21 91 73 82 1 0 17 0.03 0.0 0 6.5 14 150 M M 2 3 18 160
22 90 73 82 1 0 17 0.01 0.0 0 6.2 20 130 M M 1 38 23 130
23 94 74 84 3 0 19 0.02 0.0 0 5.8 17 140 M M 3 3 20 130
24 91 75 83 2 0 18 0.00 0.0 0 6.9 17 130 M M 0 21 140
25 92 79 86 5 0 21 0.00 0.0 0 7.3 16 140 M M 1 20 130
26 92 75 84 3 0 19 0.00 0.0 0 4.7 13 60 M M 2 17 50
27 92 73 83 2 0 18 0.00 0.0 0 5.4 13 120 M M 1 18 120
28 93 75 84 3 0 19 0.00 0.0 0 6.2 13 150 M M 0 1 16 120
29 95 78 87 6 0 22 0.00 0.0 0 7.9 14 150 M M 0 3 17 40
30 95 73 84 3 0 19 0.64 0.0 0 6.4 33 280 M M 2 13 43 280
================================================================================
SM 2656 2200 0 483 8.36 0.0 207.6 M 76
================================================================================
AV 88.5 73.3 6.9 FASTST M M 3 MAX(MPH)
MISC ----> 33 280 43 280
================================================================================
NOTES:
# LAST OF SEVERAL OCCURRENCES
COLUMN 17 PEAK WIND IN M.P.H.
PRELIMINARY LOCAL CLIMATOLOGICAL DATA (WS FORM: F-6) , PAGE 2
STATION: VERO BEACH
MONTH: JUNE
YEAR: 2020
LATITUDE: 27 39 N
LONGITUDE: 80 25 W
[TEMPERATURE DATA] [PRECIPITATION DATA] SYMBOLS USED IN COLUMN 16
AVERAGE MONTHLY: 80.9 TOTAL FOR MONTH: 8.36 1 = FOG OR MIST
DPTR FM NORMAL: 0.7 DPTR FM NORMAL: 1.69 2 = FOG REDUCING VISIBILITY
HIGHEST: 95 ON 30,29 GRTST 24HR 2.55 ON 3- 4 TO 1/4 MILE OR LESS
LOWEST: 64 ON 16 3 = THUNDER
SNOW, ICE PELLETS, HAIL 4 = ICE PELLETS
TOTAL MONTH: 0.0 INCH 5 = HAIL
GRTST 24HR 0.0 6 = FREEZING RAIN OR DRIZZLE
GRTST DEPTH: 0 7 = DUSTSTORM OR SANDSTORM:
VSBY 1/2 MILE OR LESS
8 = SMOKE OR HAZE
[NO. OF DAYS WITH] [WEATHER - DAYS WITH] 9 = BLOWING SNOW
X = TORNADO
MAX 32 OR BELOW: 0 0.01 INCH OR MORE: 13
MAX 90 OR ABOVE: 12 0.10 INCH OR MORE: 7
MIN 32 OR BELOW: 0 0.50 INCH OR MORE: 6
MIN 0 OR BELOW: 0 1.00 INCH OR MORE: 3
[HDD (BASE 65) ]
TOTAL THIS MO. 0 CLEAR (SCALE 0-3) 24
DPTR FM NORMAL 0 PTCLDY (SCALE 4-7) 6
TOTAL FM JUL 1 226 CLOUDY (SCALE 8-10) 0
DPTR FM NORMAL -230
[CDD (BASE 65) ]
TOTAL THIS MO. 483
DPTR FM NORMAL 27 [PRESSURE DATA]
TOTAL FM JAN 1 1708 HIGHEST SLP M ON M
DPTR FM NORMAL 446 LOWEST SLP 29.90 ON 7
[REMARKS]
#FINAL-06-20#