000
CXUS51 KBTV 010700
CF6VSF
PRELIMINARY LOCAL CLIMATOLOGICAL DATA (WS FORM: F-6)
STATION: SPRINGFIELD VT
MONTH: SEPTEMBER
YEAR: 2021
LATITUDE: 43 19 N
LONGITUDE: 72 31 W
TEMPERATURE IN F: :PCPN: SNOW: WIND :SUNSHINE: SKY :PK WND
================================================================================
1 2 3 4 5 6A 6B 7 8 9 10 11 12 13 14 15 16 17 18
12Z AVG MX 2MIN
DY MAX MIN AVG DEP HDD CDD WTR SNW DPTH SPD SPD DIR MIN PSBL S-S WX SPD DR
================================================================================
1 68 54 61 -4 4 0 1.08 M M 0.8 6 90 M M 5 12 8 350
2 71 50 61 -4 4 0 0.47 M M 5.0 20 280 M M 5 12 29 280
3 70 47 59 -5 6 0 0.00 M M 3.0 18 280 M M 4 23 270
4 75 47 61 -3 4 0 0.00 M M 3.4 15 270 M M 3 12 19 280
5 67 51 59 -5 6 0 0.11 M M 2.5 12 180 M M 8 1 18 160
6 77 53 65 2 0 0 0.01 M M 4.7 20 280 M M 5 12 25 270
7 76 48 62 -1 3 0 0.00 M M 2.3 15 280 M M 3 12 19 280
8 81 49 65 2 0 0 0.69 M M 5.5 21 170 M M 5 123 32 160
9 70 62 66 4 0 1 0.37 M M 0.6 8 70 M M 8 1 9 80
10 70 46 58 -4 7 0 T M M 4.3 16 280 M M 6 1 24 280
11 74 44 59 -3 6 0 0.00 M M 2.7 15 190 M M 4 12 22 200
12 76 49 63 2 2 0 0.04 M M 3.8 14 240 M M 5 1 21 170
13 75 54 65 4 0 0 0.06 M M 3.7 15 270 M M 4 1 21 280
14 73 50 62 1 3 0 0.00 M M 2.3 12 130 M M 6 12 16 150
15 82 60 71 11 0 6 0.60 M M 3.5 15 280 M M 9 138 22 170
16 75 59 67 7 0 2 0.00 M M 1.9 9 120 M M 6 14 180
17 69 60 65 6 0 0 0.01 M M 0.0 5 70 M M 10 7 160
18 82 57 70 11 0 5 T M M 2.3 12 350 M M 7 13 17 340
19 73 47 60 1 5 0 0.00 M M 2.8 13 10 M M 0 1 19 320
20 74 46 60 2 5 0 0.00 M M 1.9 12 180 M M 3 12 15 150
21 72 49 61 3 4 0 0.00 M M 3.5 15 160 M M 3 1 19 160
22 78 52 65 8 0 0 0.11 M M 2.2 13 140 M M 8 1 19 160
23 81 67 74 17 0 9 T M M 7.2 18 160 M M 9 26 160
24 73 51 62 6 3 0 0.64 M M 3.0 14 270 M M 7 12 18 270
25 72 48 60 4 5 0 0.00 M M 1.6 8 120 M M 5 12 11 130
26 68 47 58 2 7 0 0.00 M M 4.3 20 280 M M 6 12 27 260
27 64 43 54 -1 11 0 T M M 1.6 10 200 M M 8 12 14 200
28 64 45 55 0 10 0 0.02 M M 2.6 9 290 M M 7 12 13 290
29 59 37 48 -6 17 0 T M M 1.3 8 310 M M 7 12 12 310
30 57 41 49 -5 16 0 0.01 M M 2.3 13 280 M M 8 12 16 310
================================================================================
SM 2166 1513 128 23 4.22 M 86.6 M 174
================================================================================
AV 72.2 50.4 2.9 FASTST M M 6 MAX(MPH)
MISC ----> 21 170 32 160
================================================================================
NOTES:
# LAST OF SEVERAL OCCURRENCES
COLUMN 17 PEAK WIND IN M.P.H.
PRELIMINARY LOCAL CLIMATOLOGICAL DATA (WS FORM: F-6) , PAGE 2
STATION: SPRINGFIELD VT
MONTH: SEPTEMBER
YEAR: 2021
LATITUDE: 43 19 N
LONGITUDE: 72 31 W
[TEMPERATURE DATA] [PRECIPITATION DATA] SYMBOLS USED IN COLUMN 16
AVERAGE MONTHLY: 61.3 TOTAL FOR MONTH: 4.22 1 = FOG OR MIST
DPTR FM NORMAL: 1.5 DPTR FM NORMAL: 0.61 2 = FOG REDUCING VISIBILITY
HIGHEST: 82 ON 18,15 GRTST 24HR 1.55 ON 1- 2 TO 1/4 MILE OR LESS
LOWEST: 37 ON 29 3 = THUNDER
SNOW, ICE PELLETS, HAIL 4 = ICE PELLETS
TOTAL MONTH: M 5 = HAIL
GRTST 24HR M ON M 6 = FREEZING RAIN OR DRIZZLE
GRTST DEPTH: M ON M 7 = DUSTSTORM OR SANDSTORM:
VSBY 1/2 MILE OR LESS
8 = SMOKE OR HAZE
[NO. OF DAYS WITH] [WEATHER - DAYS WITH] 9 = BLOWING SNOW
X = TORNADO
MAX 32 OR BELOW: 0 0.01 INCH OR MORE: 14
MAX 90 OR ABOVE: 0 0.10 INCH OR MORE: 8
MIN 32 OR BELOW: 0 0.50 INCH OR MORE: 4
MIN 0 OR BELOW: 0 1.00 INCH OR MORE: 1
[HDD (BASE 65) ]
TOTAL THIS MO. 128 CLEAR (SCALE 0-3) 2
DPTR FM NORMAL -60 PTCLDY (SCALE 4-7) 23
TOTAL FM JUL 1 163 CLOUDY (SCALE 8-10) 5
DPTR FM NORMAL -76
[CDD (BASE 65) ]
TOTAL THIS MO. 23
DPTR FM NORMAL -9 [PRESSURE DATA]
TOTAL FM JAN 1 526 HIGHEST SLP M ON M
DPTR FM NORMAL 150 LOWEST SLP 29.70 ON 6
[REMARKS]
#FINAL-09-21#