000
CXUS53 KLBF 161410
CF6VTN
PRELIMINARY LOCAL CLIMATOLOGICAL DATA (WS FORM: F-6)
STATION: VALENTINE
MONTH: APRIL
YEAR: 2024
LATITUDE: 42 52 N
LONGITUDE: 100 33 W
TEMPERATURE IN F: :PCPN: SNOW: WIND :SUNSHINE: SKY :PK WND
================================================================================
1 2 3 4 5 6A 6B 7 8 9 10 11 12 13 14 15 16 17 18
12Z AVG MX 2MIN
DY MAX MIN AVG DEP HDD CDD WTR SNW DPTH SPD SPD DIR MIN PSBL S-S WX SPD DR
================================================================================
1 35 28 32 -11 33 0 1.17 7.7 2 11.4 20 50 M M 10 128 25 50
2 44 22 33 -10 32 0 0.00 0.0 6 11.6 18 320 M M 2 1 25 320
3 52 22 37 -7 28 0 0.00 0.0 2 7.9 15 320 M M 0 20 340
4 63 24 44 0 21 0 0.00 0.0 0 6.7 16 120 M M 0 21 130
5 63 39 51 7 14 0 0.00 0.0 0 17.1 31 140 M M 0 40 140
6 59 43 51 7 14 0 0.43 0.0 0 20.8 31 180 M M 4 13 46 170
7 47 37 42 -3 23 0 0.24 0.0 0 12.8 24 340 M M 10 18 32 70
8 48 36 42 -3 23 0 T 0.0 0 11.2 24 290 M M 8 33 320
9 65 31 48 3 17 0 0.00 0.0 0 7.9 17 270 M M 2 8 23 270
10 64 33 49 4 16 0 T 0.0 0 14.9 35 340 M M 2 18 51 340
11 58 31 45 -1 20 0 0.00 0.0 0 13.6 28 350 M M 1 40 310
12 74 24 49 3 16 0 0.00 0.0 0 10.9 24 170 M M 0 31 190
13 91 42 67 21 0 2 0.00 0.0 0 8.1 32 240 M M 0 50 220
14 80 42 61 14 4 0 0.00 0.0 0 9.7 22 130 M M 0 27 110
15 84 47 66 19 0 1 0.00 0.0 0 22.3 40 130 M M 0 3 53 140
================================================================================
SM 927 501 261 3 1.84 7.7 186.9 M 39
================================================================================
AV 61.8 33.4 12.5 FASTST M M 3 MAX(MPH)
MISC ----> 40 130 53 140
================================================================================
NOTES:
# LAST OF SEVERAL OCCURRENCES
COLUMN 17 PEAK WIND IN M.P.H.
PRELIMINARY LOCAL CLIMATOLOGICAL DATA (WS FORM: F-6) , PAGE 2
STATION: VALENTINE
MONTH: APRIL
YEAR: 2024
LATITUDE: 42 52 N
LONGITUDE: 100 33 W
[TEMPERATURE DATA] [PRECIPITATION DATA] SYMBOLS USED IN COLUMN 16
AVERAGE MONTHLY: 47.6 TOTAL FOR MONTH: 1.84 1 = FOG OR MIST
DPTR FM NORMAL: 2.7 DPTR FM NORMAL: 0.77 2 = FOG REDUCING VISIBILITY
HIGHEST: 91 ON 13 GRTST 24HR 1.17 ON 1- 1 TO 1/4 MILE OR LESS
LOWEST: 22 ON 3, 2 3 = THUNDER
SNOW, ICE PELLETS, HAIL 4 = ICE PELLETS
TOTAL MONTH: 7.7 INCHES 5 = HAIL
GRTST 24HR 7.7 ON 1- 1 6 = FREEZING RAIN OR DRIZZLE
GRTST DEPTH: 6 ON 2 7 = DUSTSTORM OR SANDSTORM:
VSBY 1/2 MILE OR LESS
8 = SMOKE OR HAZE
[NO. OF DAYS WITH] [WEATHER - DAYS WITH] 9 = BLOWING SNOW
X = TORNADO
MAX 32 OR BELOW: 0 0.01 INCH OR MORE: 3
MAX 90 OR ABOVE: 1 0.10 INCH OR MORE: 3
MIN 32 OR BELOW: 7 0.50 INCH OR MORE: 1
MIN 0 OR BELOW: 0 1.00 INCH OR MORE: 1
[HDD (BASE 65) ]
TOTAL THIS MO. 261 CLEAR (SCALE 0-3) 11
DPTR FM NORMAL -41 PTCLDY (SCALE 4-7) 1
TOTAL FM JUL 1 5745 CLOUDY (SCALE 8-10) 3
DPTR FM NORMAL -413
[CDD (BASE 65) ]
TOTAL THIS MO. 3
DPTR FM NORMAL 3 [PRESSURE DATA]
TOTAL FM JAN 1 3 HIGHEST SLP M ON M
DPTR FM NORMAL 3 LOWEST SLP 29.19 ON 6
[REMARKS]