000
CXUS56 KPQR 011201
CF6VUO
PRELIMINARY LOCAL CLIMATOLOGICAL DATA (WS FORM: F-6)
STATION: VANCOUVER WA
MONTH: OCTOBER
YEAR: 2023
LATITUDE: 45 37 N
LONGITUDE: 122 39 W
TEMPERATURE IN F: :PCPN: SNOW: WIND :SUNSHINE: SKY :PK WND
================================================================================
1 2 3 4 5 6A 6B 7 8 9 10 11 12 13 14 15 16 17 18
12Z AVG MX 2MIN
DY MAX MIN AVG DEP HDD CDD WTR SNW DPTH SPD SPD DIR MIN PSBL S-S WX SPD DR
================================================================================
1 71 42 57 -2 8 0 0.00 M M 3.2 13 320 M M 0 19 300
2 60 50 55 -4 10 0 0.25 M M 4.5 9 190 M M 9 1 15 140
3 70 55 63 5 2 0 0.02 M M 3.5 9 350 M M 7 1 13 310
4 69 51 60 2 5 0 0.00 M M 2.0 8 100 M M 6 10 100
5 80 48 64 6 1 0 0.00 M M 4.5 12 320 M M 0 1 15 320
6 86 52 69 12 0 4 0.00 M M 5.0 20 100 M M 0 27 80
7 84 51 68 11 0 3 0.00 M M 1.8 7 120 M M 0 9 110
8 80 56 68 11 0 3 0.00 M M 2.0 8 110 M M 3 1 11 110
9 64 58 61 5 4 0 0.06 M M 4.6 10 260 M M 6 16 150
10 64 55 60 4 5 0 0.38 M M 7.8 17 110 M M 9 1 23 150
11 65 54 60 4 5 0 0.27 M M 6.3 14 160 M M 10 1 21 150
12 72 47 60 5 5 0 0.00 M M 5.0 15 110 M M 3 1 26 90
13 68 56 62 7 3 0 0.11 M M 5.6 16 110 M M 5 23 120
14 64 55 60 5 5 0 0.04 M M 2.9 9 110 M M 7 14 110
15 67 52 60 6 5 0 T M M 1.2 8 320 M M 3 12 10 300
16 65 49 57 3 8 0 0.65 M M 3.7 12 150 M M 5 12 17 160
17 66 47 57 3 8 0 0.00 M M 1.4 8 280 M M 6 12 10 280
18 72 43 58 4 7 0 0.00 M M 1.0 6 290 M M 4 12 8 280
19 71 48 60 7 5 0 0.00 M M 2.0 7 260 M M 5 12 9 290
20 69 51 60 7 5 0 0.00 M M 2.8 14 300 M M 6 1 17 290
21 61 56 59 6 6 0 0.02 M M 0.9 7 270 M M 10 18 9 270
22 64 49 57 5 8 0 0.00 M M 2.4 10 320 M M 7 1 15 300
23 61 48 55 3 10 0 0.00 M M 4.1 12 300 M M 9 16 300
24 53 47 50 -2 15 0 0.46 M M 4.6 13 170 M M 9 1 21 160
25 51 44 48 -3 17 0 0.30 M M 4.4 14 300 M M 8 13 18 180
26 50 36 43 -8 22 0 0.00 M M 1.9 8 290 M M 9 1 11 250
27 56 38 47 -4 18 0 0.00 M M 3.8 10 90 M M 4 1 14 100
28 57 28 43 -8 22 0 0.00 M M 3.3 16 100 M M 0 23 90
29 60 29 45 -5 20 0 0.00 M M 2.6 15 110 M M 0 19 90
30 61 29 45 -5 20 0 0.00 M M 3.0 14 120 M M 0 20 120
31 59 32 46 -4 19 0 0.00 M M 2.3 9 110 M M 1 15 120
================================================================================
SM 2040 1456 268 10 2.56 M 104.1 M 151
================================================================================
AV 65.8 47.0 3.4 FASTST M M 5 MAX(MPH)
MISC ----> 20 100 27 80
================================================================================
NOTES:
# LAST OF SEVERAL OCCURRENCES
COLUMN 17 PEAK WIND IN M.P.H.
PRELIMINARY LOCAL CLIMATOLOGICAL DATA (WS FORM: F-6) , PAGE 2
STATION: VANCOUVER WA
MONTH: OCTOBER
YEAR: 2023
LATITUDE: 45 37 N
LONGITUDE: 122 39 W
[TEMPERATURE DATA] [PRECIPITATION DATA] SYMBOLS USED IN COLUMN 16
AVERAGE MONTHLY: 56.4 TOTAL FOR MONTH: 2.56 1 = FOG OR MIST
DPTR FM NORMAL: 2.2 DPTR FM NORMAL: -0.85 2 = FOG REDUCING VISIBILITY
HIGHEST: 86 ON 6 GRTST 24HR 0.65 ON 16-16 TO 1/4 MILE OR LESS
LOWEST: 28 ON 28 3 = THUNDER
SNOW, ICE PELLETS, HAIL 4 = ICE PELLETS
TOTAL MONTH: M 5 = HAIL
GRTST 24HR M ON M 6 = FREEZING RAIN OR DRIZZLE
GRTST DEPTH: M ON M 7 = DUSTSTORM OR SANDSTORM:
VSBY 1/2 MILE OR LESS
8 = SMOKE OR HAZE
[NO. OF DAYS WITH] [WEATHER - DAYS WITH] 9 = BLOWING SNOW
X = TORNADO
MAX 32 OR BELOW: 0 0.01 INCH OR MORE: 11
MAX 90 OR ABOVE: 0 0.10 INCH OR MORE: 7
MIN 32 OR BELOW: 4 0.50 INCH OR MORE: 1
MIN 0 OR BELOW: 0 1.00 INCH OR MORE: 0
[HDD (BASE 65) ]
TOTAL THIS MO. 268 CLEAR (SCALE 0-3) 10
DPTR FM NORMAL -67 PTCLDY (SCALE 4-7) 13
TOTAL FM JUL 1 328 CLOUDY (SCALE 8-10) 8
DPTR FM NORMAL -120
[CDD (BASE 65) ]
TOTAL THIS MO. 10
DPTR FM NORMAL 8 [PRESSURE DATA]
TOTAL FM JAN 1 724 HIGHEST SLP 30.52 ON 28
DPTR FM NORMAL 325 LOWEST SLP 29.50 ON 10
[REMARKS]
#FINAL-10-23#