000
CXUS56 KLOX 011155
CF6WJF
PRELIMINARY LOCAL CLIMATOLOGICAL DATA (WS FORM: F-6)
STATION: LANCASTER FOX FIELD CA
MONTH: JULY
YEAR: 2021
LATITUDE: 34 43 N
LONGITUDE: 118 13 W
TEMPERATURE IN F: :PCPN: SNOW: WIND :SUNSHINE: SKY :PK WND
================================================================================
1 2 3 4 5 6A 6B 7 8 9 10 11 12 13 14 15 16 17 18
12Z AVG MX 2MIN
DY MAX MIN AVG DEP HDD CDD WTR SNW DPTH SPD SPD DIR MIN PSBL S-S WX SPD DR
================================================================================
1 98 68 83 3 0 18 0.00 M M 14.6 24 240 M M 0 29 220
2 99 65 82 1 0 17 0.00 M M 14.4 26 220 M M 0 33 220
3 101 72 87 6 0 22 0.00 M M 12.0 24 220 M M 0 30 220
4 98 73 86 5 0 21 0.00 M M 14.6 26 220 M M 0 32 240
5 101 61 81 0 0 16 0.00 M M 12.4 28 250 M M 0 32 250
6 104 68 86 4 0 21 0.00 M M 14.4 30 280 M M 0 8 40 270
7 106 78 92 10 0 27 0.00 M M 14.2 28 260 M M 0 31 260
8 107 72 90 8 0 25 0.00 M M 13.3 26 250 M M 0 34 250
9 108 74 91 9 0 26 0.00 M M 10.5 23 240 M M 0 32 240
10 113 84 99 17 0 34 0.00 M M 17.6 33 260 M M 0 38 260
11 113 86 100 18 0 35 0.00 M M 18.2 36 270 M M 0 42 270
12 108 77 93 11 0 28 0.00 M M 13.4 31 260 M M 0 35 260
13 104 77 91 9 0 26 0.00 M M 16.0 31 240 M M 0 38 240
14 97 77 87 4 0 22 0.00 M M 19.6 31 250 M M 0 40 250
15 96 75 86 3 0 21 0.00 M M 17.2 29 220 M M 0 35 240
16 97 73 85 2 0 20 0.00 M M 17.4 29 220 M M 0 35 220
17 103 73 88 5 0 23 0.00 M M 11.9 24 250 M M 0 29 250
18 101 79 90 7 0 25 T M M 9.9 24 220 M M 2 3 28 220
19 101 67 84 1 0 19 0.03 M M 9.8 24 240 M M 1 3 32 240
20 104 67 86 3 0 21 0.00 M M 9.8 22 240 M M 0 28 240
21 104 75 90 7 0 25 0.00 M M 11.7 25 260 M M 0 30 250
22 101 73 87 4 0 22 0.00 M M 11.8 28 240 M M 0 34 240
23 99 74 87 4 0 22 0.00 M M 15.3 25 260 M M 0 35 260
24 98 68 83 0 0 18 0.00 M M 14.9 29 220 M M 0 34 240
25 99 76 88 5 0 23 0.00 M M 14.7 31 250 M M 0 37 240
26 89 72 81 -2 0 16 0.01 M M 5.7 16 300 M M 3 19 240
27 99 67 83 0 0 18 0.00 M M 8.9 24 240 M M 0 29 250
28 101 71 86 3 0 21 0.00 M M 9.2 25 260 M M 0 30 240
29 104 68 86 3 0 21 0.00 M M 8.4 28 250 M M 0 33 250
30 102 73 88 5 0 23 0.00 M M 9.6 24 250 M M 0 31 250
31 101 71 86 3 0 21 0.00 M M 10.4 26 220 M M 0 32 240
================================================================================
SM 3156 2254 0 697 0.04 M 401.8 M 6
================================================================================
AV101.8 72.7 13.0 FASTST M M 0 MAX(MPH)
MISC ----> 36 270 42 270
================================================================================
NOTES:
# LAST OF SEVERAL OCCURRENCES
COLUMN 17 PEAK WIND IN M.P.H.
PRELIMINARY LOCAL CLIMATOLOGICAL DATA (WS FORM: F-6) , PAGE 2
STATION: LANCASTER FOX FIELD CA
MONTH: JULY
YEAR: 2021
LATITUDE: 34 43 N
LONGITUDE: 118 13 W
[TEMPERATURE DATA] [PRECIPITATION DATA] SYMBOLS USED IN COLUMN 16
AVERAGE MONTHLY: 87.3 TOTAL FOR MONTH: 0.04 1 = FOG OR MIST
DPTR FM NORMAL: 4.9 DPTR FM NORMAL: -0.10 2 = FOG REDUCING VISIBILITY
HIGHEST: 113 ON 11,10 GRTST 24HR 0.03 ON 18-19 TO 1/4 MILE OR LESS
LOWEST: 61 ON 5 3 = THUNDER
SNOW, ICE PELLETS, HAIL 4 = ICE PELLETS
TOTAL MONTH: M 5 = HAIL
GRTST 24HR M ON M 6 = FREEZING RAIN OR DRIZZLE
GRTST DEPTH: M ON M 7 = DUSTSTORM OR SANDSTORM:
VSBY 1/2 MILE OR LESS
8 = SMOKE OR HAZE
[NO. OF DAYS WITH] [WEATHER - DAYS WITH] 9 = BLOWING SNOW
X = TORNADO
MAX 32 OR BELOW: 0 0.01 INCH OR MORE: 2
MAX 90 OR ABOVE: 30 0.10 INCH OR MORE: 0
MIN 32 OR BELOW: 0 0.50 INCH OR MORE: 0
MIN 0 OR BELOW: 0 1.00 INCH OR MORE: 0
[HDD (BASE 65) ]
TOTAL THIS MO. 0 CLEAR (SCALE 0-3) 31
DPTR FM NORMAL 0 PTCLDY (SCALE 4-7) 0
TOTAL FM JUL 1 0 CLOUDY (SCALE 8-10) 0
DPTR FM NORMAL 0
[CDD (BASE 65) ]
TOTAL THIS MO. 697
DPTR FM NORMAL 157 [PRESSURE DATA]
TOTAL FM JAN 1 1503 HIGHEST SLP 30.04 ON 31
DPTR FM NORMAL 441 LOWEST SLP 29.71 ON 11
[REMARKS]
#FINAL-07-21#