000
CXUS56 KLKN 011310
CF6WMC
PRELIMINARY LOCAL CLIMATOLOGICAL DATA (WS FORM: F-6)
STATION: WINNEMUCCA AIRPORT NV
MONTH: NOVEMBER
YEAR: 2022
LATITUDE: 40 54 N
LONGITUDE: 117 48 W
TEMPERATURE IN F: :PCPN: SNOW: WIND :SUNSHINE: SKY :PK WND
================================================================================
1 2 3 4 5 6A 6B 7 8 9 10 11 12 13 14 15 16 17 18
12Z AVG MX 2MIN
DY MAX MIN AVG DEP HDD CDD WTR SNW DPTH SPD SPD DIR MIN PSBL S-S WX SPD DR
================================================================================
1 66 23 45 1 20 0 0.05 0.0 0 9.2 44 280 M M 6 18 61 270
2 44 31 38 -5 27 0 0.07 T T 6.9 17 220 M M 6 12 21 210
3 44 28 36 -7 29 0 0.01 0.3 T 6.5 15 320 M M 5 20 320
4 49 29 39 -3 26 0 T 0.0 T 12.7 20 180 M M 6 27 160
5 55 41 48 6 17 0 0.02 0.0 0 11.0 30 240 M M 10 41 240
6 61 31 46 4 19 0 T 0.0 0 8.1 21 170 M M 4 30 160
7 52 32 42 0 23 0 0.03 T 0 11.5 36 210 M M 8 1 49 210
8 41 27 34 -7 31 0 0.13 0.3 0 9.5 25 40 M M 6 1 35 40
9 40 18 29 -12 36 0 0.18 1.5 T 10.4 25 300 M M 6 1 37 270
10 41 12 27 -13 38 0 0.00 0.0 0 4.5 12 70 M M 0 15 80
11 39 19 29 -11 36 0 0.00 0.0 0 9.6 15 60 M M 0 20 70
12 44 23 34 -6 31 0 0.00 0.0 0 7.2 16 330 M M 4 24 330
13 42 14 28 -12 37 0 0.00 0.0 0 5.0 14 360 M M 1 21 320
14 44 11 28 -11 37 0 0.00 0.0 0 7.9 16 40 M M 0 23 60
15 44 14 29 -10 36 0 0.00 0.0 0 11.0 21 30 M M 0 27 40
16 47 9 28 -10 37 0 0.00 0.0 0 3.5 10 150 M M 0 12 150
17 47 4 26 -12 39 0 0.00 0.0 0 3.9 13 330 M M 0 18 320
18 34 18 26 -12 39 0 0.00 0.0 0 M 32 10 M M M 25 20
19 39 11 25 -12 40 0 0.00 0.0 0 M 10 150 M M M 13 150
20 46 -1 23 -14 42 0 0.00 0.0 0 1.9 10 140 M M M 12 140
21 46 1 24 -13 41 0 0.00 0.0 0 3.4 9 150 M M M 13 150
22 47 3 25 -11 40 0 0.00 0.0 0 3.2 16 210 M M M 23 220
23 51 13 32 -4 33 0 0.00 0.0 0 4.9 10 150 M M 0 14 160
24 52 8 30 -6 35 0 0.00 0.0 0 5.5 10 90 M M 0 14 70
25 54 12 33 -2 32 0 0.00 0.0 0 3.0 10 130 M M 0 12 130
26 49 18 34 -1 31 0 T 0.0 0 4.3 10 160 M M 5 12 160
27 51 7 29 -6 36 0 0.00 0.0 0 4.8 16 250 M M 1 22 250
28 43 13 28 -6 37 0 0.02 0.2 0 10.6 30 290 M M 5 18 44 280
29 31 5 18 -16 47 0 0.00 0.0 T 3.1 8 180 M M 2 11 170
30 49 31 40 6 25 0 0.00 0.0 T 7.9 16 180 M M 2 22 180
================================================================================
SM 1392 505 997 0 0.51 2.3 191.0 M 77
================================================================================
AV 46.4 16.8 6.8 FASTST M M 3 MAX(MPH)
MISC ----> 44 280 61 270
================================================================================
NOTES:
# LAST OF SEVERAL OCCURRENCES
COLUMN 17 PEAK WIND IN M.P.H.
PRELIMINARY LOCAL CLIMATOLOGICAL DATA (WS FORM: F-6) , PAGE 2
STATION: WINNEMUCCA AIRPORT NV
MONTH: NOVEMBER
YEAR: 2022
LATITUDE: 40 54 N
LONGITUDE: 117 48 W
[TEMPERATURE DATA] [PRECIPITATION DATA] SYMBOLS USED IN COLUMN 16
AVERAGE MONTHLY: 31.6 TOTAL FOR MONTH: 0.51 1 = FOG OR MIST
DPTR FM NORMAL: -7.0 DPTR FM NORMAL: -0.25 2 = FOG REDUCING VISIBILITY
HIGHEST: 66 ON 1 GRTST 24HR 0.18 ON 9- 9 TO 1/4 MILE OR LESS
LOWEST: -1 ON 20 3 = THUNDER
SNOW, ICE PELLETS, HAIL 4 = ICE PELLETS
TOTAL MONTH: 2.3 INCHES 5 = HAIL
GRTST 24HR 1.5 ON 9- 9 6 = FREEZING RAIN OR DRIZZLE
GRTST DEPTH: T 7 = DUSTSTORM OR SANDSTORM:
VSBY 1/2 MILE OR LESS
8 = SMOKE OR HAZE
[NO. OF DAYS WITH] [WEATHER - DAYS WITH] 9 = BLOWING SNOW
X = TORNADO
MAX 32 OR BELOW: 1 0.01 INCH OR MORE: 8
MAX 90 OR ABOVE: 0 0.10 INCH OR MORE: 2
MIN 32 OR BELOW: 29 0.50 INCH OR MORE: 0
MIN 0 OR BELOW: 1 1.00 INCH OR MORE: 0
[HDD (BASE 65) ]
TOTAL THIS MO. 997 CLEAR (SCALE 0-3) 13
DPTR FM NORMAL 205 PTCLDY (SCALE 4-7) 10
TOTAL FM JUL 1 1501 CLOUDY (SCALE 8-10) 7
DPTR FM NORMAL 72
[CDD (BASE 65) ]
TOTAL THIS MO. 0
DPTR FM NORMAL 0 [PRESSURE DATA]
TOTAL FM JAN 1 999 HIGHEST SLP 30.74 ON 16
DPTR FM NORMAL 316 LOWEST SLP 29.37 ON 7
[REMARKS]
#FINAL-11-22#