000
CXUS55 KRIW 011010
CF6WRL
PRELIMINARY LOCAL CLIMATOLOGICAL DATA (WS FORM: F-6)
STATION: WORLAND WY
MONTH: JULY
YEAR: 2022
LATITUDE: 43 58 N
LONGITUDE: 107 57 W
TEMPERATURE IN F: :PCPN: SNOW: WIND :SUNSHINE: SKY :PK WND
================================================================================
1 2 3 4 5 6A 6B 7 8 9 10 11 12 13 14 15 16 17 18
12Z AVG MX 2MIN
DY MAX MIN AVG DEP HDD CDD WTR SNW DPTH SPD SPD DIR MIN PSBL S-S WX SPD DR
================================================================================
1 83 47 65 -4 0 0 T M M 7.0 22 230 M M 1 30 230
2 87 50 69 -1 0 4 T M M 7.7 30 260 M M 0 3 41 270
3 96 53 75 5 0 10 0.00 M M 9.4 26 340 M M 0 35 340
4 94 54 74 4 0 9 0.00 M M 5.1 17 360 M M 0 24 360
5 88 54 71 1 0 6 0.00 M M 7.8 18 330 M M 1 25 340
6 91 60 76 5 0 11 T M M 7.4 36 300 M M 1 48 300
7 91 59 75 4 0 10 T M M 5.8 33 250 M M 1 3 54 250
8 98 53 76 5 0 11 0.00 M M 6.8 14 140 M M 0 18 190
9 103 57 80 9 0 15 0.00 M M 7.7 26 210 M M 0 38 210
10 93 59 76 4 0 11 0.00 M M 9.3 32 340 M M 0 46 340
11 84 54 69 -3 0 4 0.00 M M 4.5 13 260 M M 1 8 21 20
12 93 54 74 2 0 9 0.00 M M 4.8 13 120 M M 0 17 110
13 100 57 79 7 0 14 0.14 M M 9.2 37 310 M M 1 38 51 310
14 92 59 76 4 0 11 T M M 5.5 29 270 M M 0 40 280
15 95 59 77 4 0 12 0.00 M M 5.6 29 350 M M 1 43 350
16 94 61 78 5 0 13 0.00 M M 4.5 14 230 M M 0 18 10
17 102 55 79 6 0 14 0.00 M M 7.5 20 130 M M 0 23 120
18 98 65 82 9 0 17 T M M 8.8 25 230 M M 0 3 33 220
19 89 51 70 -3 0 5 0.00 M M 5.1 13 60 M M 0 21 80
20 93 49 71 -2 0 6 0.00 M M 5.1 14 30 M M 0 21 30
21 94 53 74 1 0 9 0.00 M M 5.4 14 30 M M 0 17 40
22 99 53 76 3 0 11 0.00 M M 7.4 28 210 M M 0 38 35 210
23 90 61 76 3 0 11 0.00 M M 7.4 20 290 M M 0 3 28 300
24 94 57 76 2 0 11 T M M 8.7 33 340 M M 1 3 47 330
25 88 52 70 -4 0 5 0.00 M M 4.8 13 30 M M 0 19 60
26 86 66 76 2 0 11 0.00 M M 7.4 16 340 M M 0 21 350
27 91 56 74 0 0 9 0.00 M M 5.9 16 340 M M 1 23 40
28 89 57 73 0 0 8 0.00 M M 3.6 12 340 M M 1 16 50
29 94 55 75 2 0 10 0.00 M M 6.2 33 340 M M 0 44 330
30 96 58 77 4 0 12 0.00 M M 6.1 14 50 M M 0 20 40
31 97 58 78 5 0 13 0.00 M M 5.9 15 10 M M 0 20 50
================================================================================
SM 2882 1736 0 302 0.14 M 203.4 M 10
================================================================================
AV 93.0 56.0 6.6 FASTST M M 0 MAX(MPH)
MISC ----> 37 310 54 250
================================================================================
NOTES:
# LAST OF SEVERAL OCCURRENCES
COLUMN 17 PEAK WIND IN M.P.H.
PRELIMINARY LOCAL CLIMATOLOGICAL DATA (WS FORM: F-6) , PAGE 2
STATION: WORLAND WY
MONTH: JULY
YEAR: 2022
LATITUDE: 43 58 N
LONGITUDE: 107 57 W
[TEMPERATURE DATA] [PRECIPITATION DATA] SYMBOLS USED IN COLUMN 16
AVERAGE MONTHLY: 74.5 TOTAL FOR MONTH: 0.14 1 = FOG OR MIST
DPTR FM NORMAL: 2.3 DPTR FM NORMAL: -0.50 2 = FOG REDUCING VISIBILITY
HIGHEST: 103 ON 9 GRTST 24HR 0.14 ON 13-13 TO 1/4 MILE OR LESS
LOWEST: 47 ON 1 3 = THUNDER
SNOW, ICE PELLETS, HAIL 4 = ICE PELLETS
TOTAL MONTH: M 5 = HAIL
GRTST 24HR M ON M 6 = FREEZING RAIN OR DRIZZLE
GRTST DEPTH: M ON M 7 = DUSTSTORM OR SANDSTORM:
VSBY 1/2 MILE OR LESS
8 = SMOKE OR HAZE
[NO. OF DAYS WITH] [WEATHER - DAYS WITH] 9 = BLOWING SNOW
X = TORNADO
MAX 32 OR BELOW: 0 0.01 INCH OR MORE: 1
MAX 90 OR ABOVE: 23 0.10 INCH OR MORE: 1
MIN 32 OR BELOW: 0 0.50 INCH OR MORE: 0
MIN 0 OR BELOW: 0 1.00 INCH OR MORE: 0
[HDD (BASE 65) ]
TOTAL THIS MO. 0 CLEAR (SCALE 0-3) 31
DPTR FM NORMAL -11 PTCLDY (SCALE 4-7) 0
TOTAL FM JUL 1 0 CLOUDY (SCALE 8-10) 0
DPTR FM NORMAL -7
[CDD (BASE 65) ]
TOTAL THIS MO. 302
DPTR FM NORMAL 68 [PRESSURE DATA]
TOTAL FM JAN 1 377 HIGHEST SLP 30.17 ON 11
DPTR FM NORMAL 55 LOWEST SLP 29.54 ON 3
[REMARKS]
#FINAL-07-22#