000
CXUS56 KMTR 171751
CF6WVI
PRELIMINARY LOCAL CLIMATOLOGICAL DATA (WS FORM: F-6)
STATION: WATSONVILLE AIRPORT
MONTH: OCTOBER
YEAR: 2020
LATITUDE: 36 55 N
LONGITUDE: 121 47 W
TEMPERATURE IN F: :PCPN: SNOW: WIND :SUNSHINE: SKY :PK WND
================================================================================
1 2 3 4 5 6A 6B 7 8 9 10 11 12 13 14 15 16 17 18
12Z AVG MX 2MIN
DY MAX MIN AVG DEP HDD CDD WTR SNW DPTH SPD SPD DIR MIN PSBL S-S WX SPD DR
================================================================================
1 97 57 77 15 0 12 0.00 M M 3.3 8 210 M M 0 8 10 200
2 94 55 75 13 0 10 0.00 M M 2.7 12 190 M M 0 8 13 180
3 91 48 70 8 0 5 0.00 M M 2.5 12 180 M M 1 128 13 190
4 79 50 65 3 0 0 0.00 M M 2.3 10 190 M M 4 12 13 200
5 80 44 62 0 3 0 0.00 M M 3.6 12 200 M M 3 12 14 180
6 73 49 61 -1 4 0 0.00 M M 3.7 14 200 M M 5 12 17 190
7 67 52 60 -1 5 0 0.00 M M 3.1 14 220 M M 7 128 16 220
8 63 55 59 -2 6 0 0.00 M M 3.1 10 230 M M 10 18 12 260
9 71 50 61 0 4 0 T M M 3.3 12 220 M M 5 1 14 190
10 76 51 64 3 1 0 0.00 M M 4.0 16 260 M M 6 12 19 260
11 80 55 68 7 0 3 0.00 M M 3.3 12 270 M M 4 12 15 270
12 89 48 69 8 0 4 0.00 M M 3.6 9 160 M M 0 12 270
13 91 50 71 10 0 6 0.00 M M 3.1 10 160 M M 0 11 160
14 89 53 71 10 0 6 0.00 M M 3.1 9 180 M M 0 12 180
15 95 54 75 15 0 10 0.00 M M 3.3 9 280 M M 0 8 12 270
16 97 60 79 19 0 14 0.00 M M 4.2 12 220 M M 0 15 80
17 95 54 75 15 0 10 0.00 M M 2.9 14 250 M M 0 18 270
18 80 50 65 5 0 0 0.00 M M 3.5 13 210 M M 2 12 15 210
19 77 50 64 4 1 0 0.00 M M 2.4 12 200 M M 7 12 14 220
20 74 47 61 1 4 0 0.00 M M 2.6 10 210 M M 5 12 13 200
21 80 46 63 3 2 0 0.00 M M 2.6 14 220 M M 3 12 16 210
22 67 54 61 1 4 0 0.00 M M 4.5 13 260 M M 8 12 16 220
23 72 52 62 2 3 0 0.00 M M 3.7 14 230 M M 4 8 19 250
24 71 51 61 2 4 0 0.00 M M 3.6 14 250 M M 4 18 260
25 68 47 58 -1 7 0 0.00 M M 3.3 12 250 M M 6 16 200
26 75 40 58 -1 7 0 0.00 M M 3.5 12 270 M M 0 1 14 260
27 77 40 59 0 6 0 0.00 M M 3.3 10 230 M M 0 13 220
28 76 39 58 -1 7 0 0.00 M M 2.3 9 220 M M 0 12 220
29 76 41 59 1 6 0 0.00 M M 3.1 9 190 M M 3 128 11 260
30 71 41 56 -2 9 0 0.00 M M 2.3 10 220 M M 3 12 12 210
31 88 39 64 6 1 0 0.00 M M 3.2 9 170 M M 0 8 12 280
================================================================================
SM 2479 1522 84 80 T M 99.0 M 90
================================================================================
AV 80.0 49.1 3.2 FASTST M M 3 MAX(MPH)
MISC ----> 16 260 # 19 260
================================================================================
NOTES:
# LAST OF SEVERAL OCCURRENCES
COLUMN 17 PEAK WIND IN M.P.H.
PRELIMINARY LOCAL CLIMATOLOGICAL DATA (WS FORM: F-6) , PAGE 2
STATION: WATSONVILLE AIRPORT
MONTH: OCTOBER
YEAR: 2020
LATITUDE: 36 55 N
LONGITUDE: 121 47 W
[TEMPERATURE DATA] [PRECIPITATION DATA] SYMBOLS USED IN COLUMN 16
AVERAGE MONTHLY: 64.5 TOTAL FOR MONTH: T 1 = FOG OR MIST
DPTR FM NORMAL: 4.2 DPTR FM NORMAL: -0.92 2 = FOG REDUCING VISIBILITY
HIGHEST: 97 ON 16, 1 GRTST 24HR T ON 9- 9 TO 1/4 MILE OR LESS
LOWEST: 39 ON 31,28 3 = THUNDER
SNOW, ICE PELLETS, HAIL 4 = ICE PELLETS
TOTAL MONTH: M 5 = HAIL
GRTST 24HR M ON M 6 = FREEZING RAIN OR DRIZZLE
GRTST DEPTH: M ON M 7 = DUSTSTORM OR SANDSTORM:
VSBY 1/2 MILE OR LESS
8 = SMOKE OR HAZE
[NO. OF DAYS WITH] [WEATHER - DAYS WITH] 9 = BLOWING SNOW
X = TORNADO
MAX 32 OR BELOW: 0 0.01 INCH OR MORE: 0
MAX 90 OR ABOVE: 7 0.10 INCH OR MORE: 0
MIN 32 OR BELOW: 0 0.50 INCH OR MORE: 0
MIN 0 OR BELOW: 0 1.00 INCH OR MORE: 0
[HDD (BASE 65) ]
TOTAL THIS MO. 84 CLEAR (SCALE 0-3) 16
DPTR FM NORMAL -77 PTCLDY (SCALE 4-7) 14
TOTAL FM JUL 1 240 CLOUDY (SCALE 8-10) 1
DPTR FM NORMAL -137
[CDD (BASE 65) ]
TOTAL THIS MO. 80
DPTR FM NORMAL 64 [PRESSURE DATA]
TOTAL FM JAN 1 219 HIGHEST SLP 30.14 ON 26
DPTR FM NORMAL 103 LOWEST SLP 29.79 ON 21
[REMARKS]
#FINAL-10-20#