000
CXUS54 KTSA 010950
CF6XNA
PRELIMINARY LOCAL CLIMATOLOGICAL DATA (WS FORM: F-6)
STATION: HIGHFILL ARKANSAS
MONTH: FEBRUARY
YEAR: 2022
LATITUDE: 36 16 N
LONGITUDE: 94 19 W
TEMPERATURE IN F: :PCPN: SNOW: WIND :SUNSHINE: SKY :PK WND
================================================================================
1 2 3 4 5 6A 6B 7 8 9 10 11 12 13 14 15 16 17 18
12Z AVG MX 2MIN
DY MAX MIN AVG DEP HDD CDD WTR SNW DPTH SPD SPD DIR MIN PSBL S-S WX SPD DR
================================================================================
1 63 43 53 15 12 0 0.08 M M 8.2 21 180 M M 8 1 27 180
2 43 18 31 -7 34 0 0.34 M M 17.0 25 40 M M 10 1 33 50
3 19 14 17 -21 48 0 0.09 M M 15.2 23 30 M M 10 18 30 30
4 29 12 21 -18 44 0 0.01 M M 7.3 18 10 M M 3 1 23 10
5 40 7 24 -15 41 0 0.00 0.0 M 6.8 15 180 M M 0 18 180
6 46 19 33 -6 32 0 0.00 0.0 M 5.8 16 210 M M 0 21 220
7 49 21 35 -4 30 0 0.00 0.0 M 5.1 10 190 M M 0 15 240
8 62 33 48 8 17 0 0.00 0.0 M 10.4 21 200 M M 0 28 210
9 63 28 46 6 19 0 T 0.0 M 7.0 21 300 M M 0 27 300
10 58 31 45 5 20 0 0.00 0.0 M 4.1 13 260 M M 2 8 16 260
11 61 35 48 8 17 0 0.00 0.0 M 10.3 25 10 M M 3 35 10
12 39 19 29 -11 36 0 0.00 0.0 M 9.9 22 360 M M 1 30 360
13 48 20 34 -7 31 0 0.00 0.0 M 8.0 17 320 M M 2 25 300
14 64 25 45 4 20 0 T 0.0 M 6.2 21 250 M M 0 30 250
15 64 37 51 10 14 0 0.00 0.0 M 15.7 29 190 M M 0 38 170
16 65 55 60 19 5 0 0.12 0.0 M 20.4 35 180 M M 7 1 52 180
17 60 18 39 -3 26 0 0.39 M M 14.8 29 350 M M 9 13 40 360
18 47 13 30 -12 35 0 0.00 0.0 M 5.8 16 240 M M 0 24 250
19 57 25 41 -1 24 0 0.00 0.0 M 6.4 14 90 M M 0 19 80
20 66 38 52 10 13 0 0.00 0.0 M 14.4 29 200 M M 0 39 200
21 70 42 56 13 9 0 0.11 M M 15.1 26 190 M M 4 1 37 190
22 63 19 41 -2 24 0 0.33 M M 13.2 26 310 M M 10 1 37 320
23 20 16 18 -25 47 0 0.33 M M 13.0 22 10 M M 10 12368 28 10
24 29 18 24 -20 41 0 0.07 M M 7.8 18 340 M M 10 136 24 330
25 31 14 23 -21 42 0 T M M 8.1 20 340 M M 1 26 330
26 41 21 31 -13 34 0 0.00 0.0 M 4.0 10 110 M M 1 25 90
27 52 22 37 -7 28 0 0.00 0.0 M 4.9 13 360 M M 0 17 360
28 64 24 44 -1 21 0 0.00 0.0 M 8.0 17 240 M M 0 22 240
================================================================================
SM 1413 687 764 0 1.87 0.0 272.9 M 91
================================================================================
AV 50.5 24.5 9.7 FASTST M M 3 MAX(MPH)
MISC ----> 35 180 52 180
================================================================================
NOTES:
# LAST OF SEVERAL OCCURRENCES
COLUMN 17 PEAK WIND IN M.P.H.
PRELIMINARY LOCAL CLIMATOLOGICAL DATA (WS FORM: F-6) , PAGE 2
STATION: HIGHFILL ARKANSAS
MONTH: FEBRUARY
YEAR: 2022
LATITUDE: 36 16 N
LONGITUDE: 94 19 W
[TEMPERATURE DATA] [PRECIPITATION DATA] SYMBOLS USED IN COLUMN 16
AVERAGE MONTHLY: 37.5 TOTAL FOR MONTH: 1.87 1 = FOG OR MIST
DPTR FM NORMAL: -3.6 DPTR FM NORMAL: -0.37 2 = FOG REDUCING VISIBILITY
HIGHEST: 70 ON 21 GRTST 24HR 0.51 ON 16-17 TO 1/4 MILE OR LESS
LOWEST: 7 ON 5 3 = THUNDER
SNOW, ICE PELLETS, HAIL 4 = ICE PELLETS
TOTAL MONTH: 0.0 INCH 5 = HAIL
GRTST 24HR 0.0 6 = FREEZING RAIN OR DRIZZLE
GRTST DEPTH: M ON M 7 = DUSTSTORM OR SANDSTORM:
VSBY 1/2 MILE OR LESS
8 = SMOKE OR HAZE
[NO. OF DAYS WITH] [WEATHER - DAYS WITH] 9 = BLOWING SNOW
X = TORNADO
MAX 32 OR BELOW: 5 0.01 INCH OR MORE: 10
MAX 90 OR ABOVE: 0 0.10 INCH OR MORE: 6
MIN 32 OR BELOW: 21 0.50 INCH OR MORE: 0
MIN 0 OR BELOW: 0 1.00 INCH OR MORE: 0
[HDD (BASE 65) ]
TOTAL THIS MO. 764 CLEAR (SCALE 0-3) 18
DPTR FM NORMAL 95 PTCLDY (SCALE 4-7) 4
TOTAL FM JUL 1 2718 CLOUDY (SCALE 8-10) 6
DPTR FM NORMAL -346
[CDD (BASE 65) ]
TOTAL THIS MO. 0
DPTR FM NORMAL -1 [PRESSURE DATA]
TOTAL FM JAN 1 0 HIGHEST SLP M ON M
DPTR FM NORMAL 0 LOWEST SLP 29.65 ON 17
[REMARKS]
#FINAL-02-22#