000
CXUS51 KCLE 010900
CF6YNG
PRELIMINARY LOCAL CLIMATOLOGICAL DATA (WS FORM: F-6)
STATION: YOUNGSTOWN OH
MONTH: NOVEMBER
YEAR: 2020
LATITUDE: 41 16 N
LONGITUDE: 80 40 W
TEMPERATURE IN F: :PCPN: SNOW: WIND :SUNSHINE: SKY :PK WND
================================================================================
1 2 3 4 5 6A 6B 7 8 9 10 11 12 13 14 15 16 17 18
12Z AVG MX 2MIN
DY MAX MIN AVG DEP HDD CDD WTR SNW DPTH SPD SPD DIR MIN PSBL S-S WX SPD DR
================================================================================
1 52 30 41 -5 24 0 0.23 1.2 0 14.7 32 290 M M 9 12 49 290
2 42 31 37 -9 28 0 0.02 0.2 1 15.7 23 240 M M 8 1 32 250
3 56 35 46 0 19 0 0.00 0.0 0 9.1 17 260 M M 2 22 260
4 68 44 56 10 9 0 0.00 0.0 0 9.2 18 210 M M 1 27 200
5 70 49 60 15 5 0 0.00 0.0 0 8.7 16 210 M M 7 24 200
6 70 49 60 15 5 0 0.00 0.0 0 8.1 17 220 M M 3 22 240
7 71 43 57 12 8 0 0.00 0.0 0 5.3 12 230 M M 2 15 240
8 75 39 57 13 8 0 0.00 0.0 0 4.8 8 190 M M 0 12 140
9 76 45 61 17 4 0 0.00 0.0 0 7.3 12 150 M M 1 17 150
10 77 58 68 24 0 3 0.00 0.0 0 8.8 17 170 M M 2 24 160
11 69 41 55 12 10 0 0.26 0.0 0 8.9 20 260 M M 9 1 26 160
12 53 33 43 0 22 0 0.00 0.0 0 6.2 15 30 M M 5 18 10
13 53 32 43 1 22 0 0.00 0.0 0 7.6 16 260 M M 5 21 260
14 46 27 37 -5 28 0 0.00 0.0 0 5.9 16 120 M M 5 18 23 130
15 57 39 48 6 17 0 0.26 T 0 18.5 46 250 M M 10 65 270
16 46 36 41 0 24 0 0.01 T 0 13.9 29 250 M M 6 4 40 250
17 38 29 34 -7 31 0 0.08 0.7 T 10.1 25 310 M M 10 148 35 310
18 42 31 37 -4 28 0 T T 1 6.5 13 180 M M 7 18 170
19 64 34 49 9 16 0 0.00 0.0 0 14.1 23 210 M M 9 36 200
20 60 49 55 15 10 0 0.00 0.0 0 12.3 23 240 M M 8 29 220
21 50 35 43 3 22 0 0.00 0.0 0 7.2 14 350 M M 9 16 340
22 52 36 44 5 21 0 0.73 T 0 8.3 18 120 M M 10 124 23 120
23 44 34 39 0 26 0 0.05 T 0 8.6 22 260 M M 10 1 29 260
24 42 26 34 -4 31 0 0.01 0.0 0 4.4 14 130 M M 8 18 110
25 52 40 46 8 19 0 0.29 0.0 0 10.2 17 130 M M 10 1 23 130
26 54 46 50 13 15 0 0.19 0.0 0 11.1 21 240 M M 10 1 27 230
27 50 43 47 10 18 0 0.01 0.0 0 5.9 13 250 M M 10 16 250
28 46 34 40 3 25 0 0.00 0.0 0 7.9 15 320 M M 4 22 310
29 52 32 42 6 23 0 0.00 0.0 0 6.7 13 210 M M 4 18 200
30 43 34 39 3 26 0 0.78 0.3 0 11.0 25 350 M M 10 1 31 340
================================================================================
SM 1670 1134 544 3 2.92 2.4 277.0 M 194
================================================================================
AV 55.7 37.8 9.2 FASTST M M 6 MAX(MPH)
MISC ----> 46 250 65 270
================================================================================
NOTES:
# LAST OF SEVERAL OCCURRENCES
COLUMN 17 PEAK WIND IN M.P.H.
PRELIMINARY LOCAL CLIMATOLOGICAL DATA (WS FORM: F-6) , PAGE 2
STATION: YOUNGSTOWN OH
MONTH: NOVEMBER
YEAR: 2020
LATITUDE: 41 16 N
LONGITUDE: 80 40 W
[TEMPERATURE DATA] [PRECIPITATION DATA] SYMBOLS USED IN COLUMN 16
AVERAGE MONTHLY: 46.7 TOTAL FOR MONTH: 2.92 1 = FOG OR MIST
DPTR FM NORMAL: 5.3 DPTR FM NORMAL: -0.26 2 = FOG REDUCING VISIBILITY
HIGHEST: 77 ON 10 GRTST 24HR 0.78 ON 30-30 TO 1/4 MILE OR LESS
LOWEST: 26 ON 24 3 = THUNDER
SNOW, ICE PELLETS, HAIL 4 = ICE PELLETS
TOTAL MONTH: 2.4 INCHES 5 = HAIL
GRTST 24HR 1.2 ON 1- 1 6 = FREEZING RAIN OR DRIZZLE
GRTST DEPTH: 1 ON 18, 2 7 = DUSTSTORM OR SANDSTORM:
VSBY 1/2 MILE OR LESS
8 = SMOKE OR HAZE
[NO. OF DAYS WITH] [WEATHER - DAYS WITH] 9 = BLOWING SNOW
X = TORNADO
MAX 32 OR BELOW: 0 0.01 INCH OR MORE: 13
MAX 90 OR ABOVE: 0 0.10 INCH OR MORE: 7
MIN 32 OR BELOW: 8 0.50 INCH OR MORE: 2
MIN 0 OR BELOW: 0 1.00 INCH OR MORE: 0
[HDD (BASE 65) ]
TOTAL THIS MO. 544 CLEAR (SCALE 0-3) 6
DPTR FM NORMAL -164 PTCLDY (SCALE 4-7) 11
TOTAL FM JUL 1 1041 CLOUDY (SCALE 8-10) 13
DPTR FM NORMAL -288
[CDD (BASE 65) ]
TOTAL THIS MO. 3
DPTR FM NORMAL 3 [PRESSURE DATA]
TOTAL FM JAN 1 795 HIGHEST SLP M ON M
DPTR FM NORMAL 251 LOWEST SLP 29.45 ON 30
[REMARKS]
#FINAL-11-20#