000
CXUS54 KHGX 191415
CF611R
PRELIMINARY LOCAL CLIMATOLOGICAL DATA (WS FORM: F-6)

                                          STATION:   BRENHAM
                                          MONTH:     JULY
                                          YEAR:      2018
                                          LATITUDE:   30 13 N
                                          LONGITUDE:  96 22 W

  TEMPERATURE IN F:       :PCPN:    SNOW:  WIND      :SUNSHINE: SKY     :PK WND
================================================================================
1   2   3   4   5  6A  6B    7    8   9   10  11  12  13   14  15   16   17  18
                                     12Z  AVG MX 2MIN
DY MAX MIN AVG DEP HDD CDD  WTR  SNW DPTH SPD SPD DIR MIN PSBL S-S WX    SPD DR
================================================================================

 1  95  77  86   M   0  21 0.00  0.0    0  7.5 12 160   M    M   4 1      17 220
 2  95  74  85   M   0  20 0.00  0.0    0  4.8  9 200   M    M   3 1       M  M
 3  96  76  86   M   0  21 0.00  0.0    0  4.7  9  90   M    M   3 1      16  90
 4  85  72  79   M   0  14 1.93  0.0    0  2.8  8 160   M    M   5 1       M  M
 5  93  71  82   M   0  17 0.01  0.0    0  3.0 10  70   M    M   2 1       M  M
 6  94  75  85   M   0  20 0.00  0.0    0  3.5  8 100   M    M   1 3       M  M
 7  91  75  83   M   0  18 0.13  0.0    0  1.8 12 360   M    M   3 3      17 360
 8  88  73  81   M   0  16 0.66  0.0    0  1.5 14  80   M    M   5 13     22  80
 9  86  75  81   M   0  16 0.17  0.0    0  1.8 10 350   M    M   6 13      M  M
10  92  73  83   M   0  18 0.00  0.0    0  2.0  7 170   M    M   4 12      M  M
11  93  76  85   M   0  20 0.00  0.0    0  2.9  7 130   M    M   2         M  M
12  93  77  85   M   0  20 0.00  0.0    0  4.9  9 240   M    M   1         M  M
13  94  76  85   M   0  20 0.00  0.0    0  4.2  8 160   M    M   2        17 160
14  96  77  87   M   0  22 0.00  0.0    0  5.2 10 160   M    M   2         M  M
15  96  76  86   M   0  21 0.00  0.0    0  6.1 12 170   M    M   2 1      17 210
16  97  77  87   M   0  22 0.00  0.0    0  6.4 10 240   M    M   2 1       M  M
17  96  76  86   M   0  21 0.00  0.0    0  5.9 12 240   M    M   2         M  M
18  99  77  88   M   0  23 0.00  0.0    0  8.1 12 250   M    M   1         M  M
================================================================================
SM 1679 1353         0 350  2.90     0.0  77.1          M       50
================================================================================
AV 93.3 75.2                               4.3 FASTST   M    M   3    MAX(MPH)
                                 MISC ---->  # 14  80               # 22   80
================================================================================
NOTES:
# LAST OF SEVERAL OCCURRENCES

COLUMN 17 PEAK WIND IN M.P.H.

PRELIMINARY LOCAL CLIMATOLOGICAL DATA (WS FORM: F-6) , PAGE 2

                                          STATION:  BRENHAM
                                          MONTH:    JULY
                                          YEAR:     2018
                                          LATITUDE:   30 13 N
                                          LONGITUDE:  96 22 W

[TEMPERATURE DATA]      [PRECIPITATION DATA]       SYMBOLS USED IN COLUMN 16

AVERAGE MONTHLY: 84.2   TOTAL FOR MONTH:   2.90    1 = FOG OR MIST
DPTR FM NORMAL:     M   DPTR FM NORMAL:       M    2 = FOG REDUCING VISIBILITY
HIGHEST:    99 ON 18    GRTST 24HR  1.93 ON  4- 4      TO 1/4 MILE OR LESS
LOWEST:     71 ON  5                               3 = THUNDER
                        SNOW, ICE PELLETS, HAIL    4 = ICE PELLETS
                        TOTAL MONTH:   0.0 INCH    5 = HAIL
                        GRTST 24HR     0.0         6 = FREEZING RAIN OR DRIZZLE
                        GRTST DEPTH:   0           7 = DUSTSTORM OR SANDSTORM:
                                                       VSBY 1/2 MILE OR LESS
                                                   8 = SMOKE OR HAZE
[NO. OF DAYS WITH]      [WEATHER - DAYS WITH]      9 = BLOWING SNOW
                                                   X = TORNADO
MAX 32 OR BELOW:   0    0.01 INCH OR MORE:   5
MAX 90 OR ABOVE:  15    0.10 INCH OR MORE:   4
MIN 32 OR BELOW:   0    0.50 INCH OR MORE:   2
MIN  0 OR BELOW:   0    1.00 INCH OR MORE:   1

[HDD (BASE 65) ]
TOTAL THIS MO.     0    CLEAR  (SCALE 0-3)  12
DPTR FM NORMAL     M    PTCLDY (SCALE 4-7)   6
TOTAL FM JUL 1     0    CLOUDY (SCALE 8-10)  0
DPTR FM NORMAL     M

[CDD (BASE 65) ]
TOTAL THIS MO.   350
DPTR FM NORMAL     M    [PRESSURE DATA]
TOTAL FM JAN 1  1702    HIGHEST SLP M ON M
DPTR FM NORMAL     M    LOWEST  SLP M ON M

[REMARKS]
