000
CXUS51 KBTV 200700
CF61V4
PRELIMINARY LOCAL CLIMATOLOGICAL DATA (WS FORM: F-6)

                                          STATION:   SAINT JOHNSBURY VT ASOS
                                          MONTH:     NOVEMBER
                                          YEAR:      2018
                                          LATITUDE:   44 25 N
                                          LONGITUDE:  72  1 W

  TEMPERATURE IN F:       :PCPN:    SNOW:  WIND      :SUNSHINE: SKY     :PK WND
================================================================================
1   2   3   4   5  6A  6B    7    8   9   10  11  12  13   14  15   16   17  18
                                     12Z  AVG MX 2MIN
DY MAX MIN AVG DEP HDD CDD  WTR  SNW DPTH SPD SPD DIR MIN PSBL S-S WX    SPD DR
================================================================================

 1  49  40  45   3  20   0 0.24    M    0   M   M   M   M    M   0         M  M
 2  54  43  49   8  16   0 0.66    M    0   M   M   M   M    M   0         M  M
 3  56  37  47   6  18   0 0.91    M    0   M   M   M   M    M   0         M  M
 4  40  28  34  -6  31   0 0.00  0.0    0   M   M   M   M    M   0         M  M
 5  42  26  34  -6  31   0 0.04    M    0   M   M   M   M    M   0         M  M
 6  50  38  44   4  21   0 0.35    M    0   M   M   M   M    M   0         M  M
 7  54  44  49   9  16   0 0.00  0.0    0   M   M   M   M    M   0         M  M
 8  47  37  42   3  23   0 0.01    M    0   M   M   M   M    M   0         M  M
 9  42  28  35  -4  30   0 0.48    M    0   M   M   M   M    M   0         M  M
10  39  29  34  -4  31   0 0.36    M    0   M   M   M   M    M   0         M  M
11  33  19  26 -12  39   0 0.00  0.0    0   M   M   M   M    M   0         M  M
12  41  15  28 -10  37   0 0.00  0.0    0   M   M   M   M    M   0         M  M
13  35  21  28  -9  37   0 0.86    M    0   M   M   M   M    M   0         M  M
14  21   8  15 -22  50   0 0.00  0.0    0   M   M   M   M    M   0         M  M
15  21   3  12 -24  53   0 0.00  0.0    0   M   M   M   M    M   0         M  M
16  31  19  25 -11  40   0 0.33    M    0   M   M   M   M    M   0         M  M
17  39  29  34  -2  31   0 0.01    M    0   M   M   M   M    M   0         M  M
18  30  16  23 -12  42   0 0.00  0.0    0   M   M   M   M    M   0         M  M
19  38  24  31  -4  34   0 0.00  0.0    0   M   M   M   M    M   0         M  M
================================================================================
SM  762  504       600   0  4.25     0.0     M          M        0
================================================================================
AV 40.1 26.5                                 M FASTST   M    M   0    MAX(MPH)
                                 MISC ---->     M   M                  M    M
================================================================================
NOTES:
# LAST OF SEVERAL OCCURRENCES

COLUMN 17 PEAK WIND IN M.P.H.

PRELIMINARY LOCAL CLIMATOLOGICAL DATA (WS FORM: F-6) , PAGE 2

                                          STATION:  SAINT JOHNSBURY VT ASOS
                                          MONTH:    NOVEMBER
                                          YEAR:     2018
                                          LATITUDE:   44 25 N
                                          LONGITUDE:  72  1 W

[TEMPERATURE DATA]      [PRECIPITATION DATA]       SYMBOLS USED IN COLUMN 16

AVERAGE MONTHLY: 33.3   TOTAL FOR MONTH:   4.25    1 = FOG OR MIST
DPTR FM NORMAL:  -5.0   DPTR FM NORMAL:    2.07    2 = FOG REDUCING VISIBILITY
HIGHEST:    56 ON  3    GRTST 24HR  0.91 ON  3- 3      TO 1/4 MILE OR LESS
LOWEST:      3 ON 15                               3 = THUNDER
                        SNOW, ICE PELLETS, HAIL    4 = ICE PELLETS
                        TOTAL MONTH:   0.0 INCH    5 = HAIL
                        GRTST 24HR     0.0         6 = FREEZING RAIN OR DRIZZLE
                        GRTST DEPTH:   0           7 = DUSTSTORM OR SANDSTORM:
                                                       VSBY 1/2 MILE OR LESS
                                                   8 = SMOKE OR HAZE
[NO. OF DAYS WITH]      [WEATHER - DAYS WITH]      9 = BLOWING SNOW
                                                   X = TORNADO
MAX 32 OR BELOW:   4    0.01 INCH OR MORE:  11
MAX 90 OR ABOVE:   0    0.10 INCH OR MORE:   8
MIN 32 OR BELOW:  13    0.50 INCH OR MORE:   3
MIN  0 OR BELOW:   0    1.00 INCH OR MORE:   0

[HDD (BASE 65) ]
TOTAL THIS MO.   600    CLEAR  (SCALE 0-3)  19
DPTR FM NORMAL    93    PTCLDY (SCALE 4-7)   0
TOTAL FM JUL 1  1412    CLOUDY (SCALE 8-10)  0
DPTR FM NORMAL   118

[CDD (BASE 65) ]
TOTAL THIS MO.     0
DPTR FM NORMAL     0    [PRESSURE DATA]
TOTAL FM JAN 1   468    HIGHEST SLP M ON M
DPTR FM NORMAL    35    LOWEST  SLP M ON M

[REMARKS]
