000
CXUS53 KUNR 170945
CF62WX
PRELIMINARY LOCAL CLIMATOLOGICAL DATA (WS FORM: F-6)

                                          STATION:   BUFFALO SD
                                          MONTH:     JULY
                                          YEAR:      2018
                                          LATITUDE:   45 35 N
                                          LONGITUDE: 103 33 W

  TEMPERATURE IN F:       :PCPN:    SNOW:  WIND      :SUNSHINE: SKY     :PK WND
================================================================================
1   2   3   4   5  6A  6B    7    8   9   10  11  12  13   14  15   16   17  18
                                     12Z  AVG MX 2MIN
DY MAX MIN AVG DEP HDD CDD  WTR  SNW DPTH SPD SPD DIR MIN PSBL S-S WX    SPD DR
================================================================================

 1  79  52  66  -2   0   1 0.00    M    M 12.3 25 300   M    M   M        30 280
 2  86  59  73   5   0   8 0.04    M    M  8.8 20  90   M    M   M        24  80
 3  84  55  70   1   0   5 0.04    M    M 12.5 55 260   M    M   M        64 250
 4  78  52  65  -4   0   0 0.00    M    M 12.5 38 320   M    M   M        50 320
 5  83  53  68  -1   0   3 0.00    M    M 12.1 25 140   M    M   M        33 140
 6  97  66  82  12   0  17 0.00    M    M 12.3 23 150   M    M   M        27 150
 7  96  68  82  12   0  17 0.00    M    M 13.1 47 290   M    M   M        55 280
 8  90  65  78   8   0  13 0.00    M    M 10.8 20  30   M    M   M        25  30
 9  92  68  80  10   0  15 0.00    M    M 15.1 29 160   M    M   M        36 140
10 101  67  84  14   0  19 0.06    M    M 12.5 38 300   M    M   M        47 310
11  88  70  79   8   0  14    M    M    M 14.5 28 350   M    M   M        33 350
12  85  64  75   4   0  10 0.10    M    M  9.9 25  20   M    M   M        29  20
13  91  61  76   5   0  11 0.00    M    M 11.2 23 160   M    M   M        27 160
14 102  65  84  13   0  19 0.00    M    M 11.9 29 360   M    M   M        34 360
15  84  59  72   1   0   7 0.00    M    M  7.9 22  10   M    M   M        26  10
16  90  59  75   4   0  10 0.00    M    M  6.4 15  60   M    M   M        20  60
================================================================================
SM 1426  983         0 169  0.24    M    183.8          M        M
================================================================================
AV 89.1 61.4                              11.5 FASTST   M    M   1    MAX(MPH)
                                 MISC ---->  # 55 260               # 64  250
================================================================================
NOTES:
# LAST OF SEVERAL OCCURRENCES

COLUMN 17 PEAK WIND IN M.P.H.

PRELIMINARY LOCAL CLIMATOLOGICAL DATA (WS FORM: F-6) , PAGE 2

                                          STATION:  BUFFALO SD
                                          MONTH:    JULY
                                          YEAR:     2018
                                          LATITUDE:   45 35 N
                                          LONGITUDE: 103 33 W

[TEMPERATURE DATA]      [PRECIPITATION DATA]       SYMBOLS USED IN COLUMN 16

AVERAGE MONTHLY: 75.3   TOTAL FOR MONTH:   0.24    1 = FOG OR MIST
DPTR FM NORMAL:   5.3   DPTR FM NORMAL:   -0.90    2 = FOG REDUCING VISIBILITY
HIGHEST:   102 ON 14    GRTST 24HR  0.10 ON 12-12      TO 1/4 MILE OR LESS
LOWEST:     52 ON  4, 1                            3 = THUNDER
                        SNOW, ICE PELLETS, HAIL    4 = ICE PELLETS
                        TOTAL MONTH:    M          5 = HAIL
                        GRTST 24HR    M  ON   M    6 = FREEZING RAIN OR DRIZZLE
                        GRTST DEPTH:  M  ON   M    7 = DUSTSTORM OR SANDSTORM:
                                                       VSBY 1/2 MILE OR LESS
                                                   8 = SMOKE OR HAZE
[NO. OF DAYS WITH]      [WEATHER - DAYS WITH]      9 = BLOWING SNOW
                                                   X = TORNADO
MAX 32 OR BELOW:   0    0.01 INCH OR MORE:   4
MAX 90 OR ABOVE:   8    0.10 INCH OR MORE:   1
MIN 32 OR BELOW:   0    0.50 INCH OR MORE:   0
MIN  0 OR BELOW:   0    1.00 INCH OR MORE:   0

[HDD (BASE 65) ]
TOTAL THIS MO.     0    CLEAR  (SCALE 0-3)   0
DPTR FM NORMAL   -16    PTCLDY (SCALE 4-7)   0
TOTAL FM JUL 1     0    CLOUDY (SCALE 8-10)  0
DPTR FM NORMAL   -16

[CDD (BASE 65) ]
TOTAL THIS MO.   169
DPTR FM NORMAL    76    [PRESSURE DATA]
TOTAL FM JAN 1   329    HIGHEST SLP M ON M
DPTR FM NORMAL   168    LOWEST  SLP 29.43 ON  3

[REMARKS]
