000
CXUS55 KBOU 220900
CF633V
PRELIMINARY LOCAL CLIMATOLOGICAL DATA (WS FORM: F-6)

                                          STATION:   Walden
                                          MONTH:     OCTOBER
                                          YEAR:      2018
                                          LATITUDE:   40 45 N
                                          LONGITUDE: 106 16 W

  TEMPERATURE IN F:       :PCPN:    SNOW:  WIND      :SUNSHINE: SKY     :PK WND
================================================================================
1   2   3   4   5  6A  6B    7    8   9   10  11  12  13   14  15   16   17  18
                                     12Z  AVG MX 2MIN
DY MAX MIN AVG DEP HDD CDD  WTR  SNW DPTH SPD SPD DIR MIN PSBL S-S WX    SPD DR
================================================================================

 1  66  37  52   M  13   0    M    M    M 10.0 17 200   M    M   3        27 200
 2  61  41  51   M  14   0    M    M    M 11.0 18 220   M    M   4        23 220
 3  64  41  53   M  12   0    M    M    M 12.5 22 250   M    M   7        31 240
 4  54  43  49   M  16   0    M    M    M 11.8 30 230   M    M   8        39 230
 5  52  27  40   M  25   0    M    M    M  9.5 21 360   M    M   5        29 220
 6  50  27  39   M  26   0    M    M    M  3.1 13 330   M    M   9        17 280
 7  52  34  43   M  22   0    M    M    M  6.3 21 350   M    M   9        29 350
 8  39  30  35   M  30   0    M    M    M  4.5 13 330   M    M  10        16 320
 9  41  30  36   M  29   0    M    M    M  4.0 12 350   M    M   9         M  M
10  37  27  32   M  33   0    M    M    M  4.5 12 270   M    M   9         M  M
11  39  27  33   M  32   0    M    M    M  7.0 14 240   M    M   8        18 240
12  46  25  36   M  29   0    M    M    M 10.6 15 230   M    M   1        24 210
13  50  21  36   M  29   0    M    M    M 12.0 27 360   M    M   5        30 360
14  25   9  17   M  48   0    M    M    M 11.5 20 350   M    M   5        28 340
15  34   0  17   M  48   0    M    M    M  4.0  8 140   M    M   0         M  M
16  50  10  30   M  35   0    M    M    M  5.7 12  70   M    M   0        17  10
17  55  16  36   M  29   0    M    M    M  5.7 18 190   M    M   0        22 190
18  50  21  36   M  29   0    M    M    M  5.5 12 320   M    M   4        16 320
19  54  21  38   M  27   0    M    M    M  6.3 13 340   M    M   0         M  M
20  59  18  39   M  26   0    M    M    M  3.6  9 130   M    M   0         M  M
================================================================================
SM  978  505       552   0    M     M    149.1          M       96
================================================================================
AV 48.9 25.3                               7.5 FASTST   M    M   5    MAX(MPH)
                                 MISC ---->  # 30 230               # 39  230
================================================================================
NOTES:
# LAST OF SEVERAL OCCURRENCES

COLUMN 17 PEAK WIND IN M.P.H.

PRELIMINARY LOCAL CLIMATOLOGICAL DATA (WS FORM: F-6) , PAGE 2

                                          STATION:  Walden
                                          MONTH:    OCTOBER
                                          YEAR:     2018
                                          LATITUDE:   40 45 N
                                          LONGITUDE: 106 16 W

[TEMPERATURE DATA]      [PRECIPITATION DATA]       SYMBOLS USED IN COLUMN 16

AVERAGE MONTHLY: 37.1   TOTAL FOR MONTH:      M    1 = FOG OR MIST
DPTR FM NORMAL:     M   DPTR FM NORMAL:       M    2 = FOG REDUCING VISIBILITY
HIGHEST:    66 ON  1    GRTST 24HR    M  ON   M        TO 1/4 MILE OR LESS
LOWEST:      0 ON 15                               3 = THUNDER
                        SNOW, ICE PELLETS, HAIL    4 = ICE PELLETS
                        TOTAL MONTH:    M          5 = HAIL
                        GRTST 24HR    M  ON   M    6 = FREEZING RAIN OR DRIZZLE
                        GRTST DEPTH:  M  ON   M    7 = DUSTSTORM OR SANDSTORM:
                                                       VSBY 1/2 MILE OR LESS
                                                   8 = SMOKE OR HAZE
[NO. OF DAYS WITH]      [WEATHER - DAYS WITH]      9 = BLOWING SNOW
                                                   X = TORNADO
MAX 32 OR BELOW:   1    0.01 INCH OR MORE:   0
MAX 90 OR ABOVE:   0    0.10 INCH OR MORE:   0
MIN 32 OR BELOW:  15    0.50 INCH OR MORE:   0
MIN  0 OR BELOW:   1    1.00 INCH OR MORE:   0

[HDD (BASE 65) ]
TOTAL THIS MO.   552    CLEAR  (SCALE 0-3)   6
DPTR FM NORMAL     M    PTCLDY (SCALE 4-7)   9
TOTAL FM JUL 1  1239    CLOUDY (SCALE 8-10)  5
DPTR FM NORMAL     M

[CDD (BASE 65) ]
TOTAL THIS MO.     0
DPTR FM NORMAL     M    [PRESSURE DATA]
TOTAL FM JAN 1     4    HIGHEST SLP M ON M
DPTR FM NORMAL     M    LOWEST  SLP M ON M

[REMARKS]
