000
CXUS51 KPHI 200800
CF655N
PRELIMINARY LOCAL CLIMATOLOGICAL DATA (WS FORM: F-6)

                                          STATION:   Atlantic City Marina
                                          MONTH:     JULY
                                          YEAR:      2018
                                          LATITUDE:   39 22 N
                                          LONGITUDE:  74 25 W

  TEMPERATURE IN F:       :PCPN:    SNOW:  WIND      :SUNSHINE: SKY     :PK WND
================================================================================
1   2   3   4   5  6A  6B    7    8   9   10  11  12  13   14  15   16   17  18
                                     12Z  AVG MX 2MIN
DY MAX MIN AVG DEP HDD CDD  WTR  SNW DPTH SPD SPD DIR MIN PSBL S-S WX    SPD DR
================================================================================

 1  90  76  83   9   0  18 0.00    M    M  3.6  7 170   M    M   M        12 320
 2  88  75  82   8   0  17 0.00    M    M  3.2 14 160   M    M   M        17 160
 3  83  76  80   5   0  15 0.00    M    M  4.9 13 170   M    M   M        17 170
 4  80  74  77   2   0  12 0.00    M    M  5.6 10 130   M    M   M        12 120
 5  83  77  80   5   0  15 0.00    M    M  5.4 14 180   M    M   M        20 180
 6  82  71  77   2   0  12 0.55    M    M  3.4 11 280   M    M   M        22 280
 7  71  66  69  -6   0   4 0.00    M    M  8.8 15  50   M    M   M        23  50
 8  73  62  68  -7   0   3 0.00    M    M  6.2 14 100   M    M   M        17 100
 9  75  61  68  -7   0   3 0.00    M    M  4.0 13 160   M    M   M        16 220
10  81  68  75  -1   0  10 0.00    M    M  4.3  9 200   M    M   M        17 210
11  84  72  78   2   0  13 0.00    M    M  5.6 13 100   M    M   M        17 100
12  75  70  73  -3   0   8 0.00    M    M  6.6 12  90   M    M   M        16  80
13  76  69  73  -3   0   8 0.00    M    M  4.9 11 130   M    M   M        14 140
14  82  68  75  -1   0  10 0.00    M    M  3.3  8 200   M    M   M        18 210
15  81  72  77   1   0  12 0.00    M    M  3.0 10 320   M    M   M        15 320
16  86  74  80   4   0  15 0.00    M    M  3.7  8 210   M    M   M        22 220
17  80  72  76   0   0  11 0.80    M    M  4.2 13 100   M    M   M        20 210
18  81  71  76   0   0  11 0.00    M    M  5.2 12 110   M    M   M        19 320
19  76  67  72  -4   0   7 0.00    M    M  5.9 12 110   M    M   M        14 330
================================================================================
SM 1527 1341         0 204  1.35    M     91.8          M        M
================================================================================
AV 80.4 70.6                               4.8 FASTST   M    M   2    MAX(MPH)
                                 MISC ---->  # 15  50               # 23   50
================================================================================
NOTES:
# LAST OF SEVERAL OCCURRENCES

COLUMN 17 PEAK WIND IN M.P.H.

PRELIMINARY LOCAL CLIMATOLOGICAL DATA (WS FORM: F-6) , PAGE 2

                                          STATION:  Atlantic City Marina
                                          MONTH:    JULY
                                          YEAR:     2018
                                          LATITUDE:   39 22 N
                                          LONGITUDE:  74 25 W

[TEMPERATURE DATA]      [PRECIPITATION DATA]       SYMBOLS USED IN COLUMN 16

AVERAGE MONTHLY: 75.5   TOTAL FOR MONTH:   1.35    1 = FOG OR MIST
DPTR FM NORMAL:   0.1   DPTR FM NORMAL:   -0.49    2 = FOG REDUCING VISIBILITY
HIGHEST:    90 ON  1    GRTST 24HR  0.80 ON 17-17      TO 1/4 MILE OR LESS
LOWEST:     61 ON  9                               3 = THUNDER
                        SNOW, ICE PELLETS, HAIL    4 = ICE PELLETS
                        TOTAL MONTH:    M          5 = HAIL
                        GRTST 24HR    M  ON   M    6 = FREEZING RAIN OR DRIZZLE
                        GRTST DEPTH:  M  ON   M    7 = DUSTSTORM OR SANDSTORM:
                                                       VSBY 1/2 MILE OR LESS
                                                   8 = SMOKE OR HAZE
[NO. OF DAYS WITH]      [WEATHER - DAYS WITH]      9 = BLOWING SNOW
                                                   X = TORNADO
MAX 32 OR BELOW:   0    0.01 INCH OR MORE:   2
MAX 90 OR ABOVE:   1    0.10 INCH OR MORE:   2
MIN 32 OR BELOW:   0    0.50 INCH OR MORE:   2
MIN  0 OR BELOW:   0    1.00 INCH OR MORE:   0

[HDD (BASE 65) ]
TOTAL THIS MO.     0    CLEAR  (SCALE 0-3)   0
DPTR FM NORMAL     0    PTCLDY (SCALE 4-7)   0
TOTAL FM JUL 1     0    CLOUDY (SCALE 8-10)  0
DPTR FM NORMAL     0

[CDD (BASE 65) ]
TOTAL THIS MO.   204
DPTR FM NORMAL     6    [PRESSURE DATA]
TOTAL FM JAN 1   417    HIGHEST SLP M ON M
DPTR FM NORMAL    11    LOWEST  SLP 31.99 ON 17

[REMARKS]
