000
CXUS51 KPHI 170800
CF655N
PRELIMINARY LOCAL CLIMATOLOGICAL DATA (WS FORM: F-6)

                                          STATION:   Atlantic City Marina
                                          MONTH:     DECEMBER
                                          YEAR:      2017
                                          LATITUDE:   39 22 N
                                          LONGITUDE:  74 25 W

  TEMPERATURE IN F:       :PCPN:    SNOW:  WIND      :SUNSHINE: SKY     :PK WND
================================================================================
1   2   3   4   5  6A  6B    7    8   9   10  11  12  13   14  15   16   17  18
                                     12Z  AVG MX 2MIN
DY MAX MIN AVG DEP HDD CDD  WTR  SNW DPTH SPD SPD DIR MIN PSBL S-S WX    SPD DR
================================================================================

 1  55  42  49   5  16   0 0.00    M    M  4.9 11 320   M    M   M        21 320
 2  50  39  45   1  20   0 0.00    M    M  3.1  9 100   M    M   M        11 100
 3  51  44  48   4  17   0 0.01    M    M  3.2  9 140   M    M   M        12 150
 4  53  40  47   4  18   0 0.00    M    M  4.9 13 160   M    M   M        18 160
 5  60  52  56  13   9   0 0.14    M    M 12.3 19 230   M    M   M        28 220
 6  58  42  50   8  15   0 0.06    M    M  7.9 18 210   M    M   M        24 230
 7  46  40  43   1  22   0 0.00    M    M  8.7 15 280   M    M   M        24 290
 8  45  33  39  -3  26   0 0.01    M    M  4.8 11 260   M    M   M        16 270
 9  36  30  33  -9  32   0 0.30    M    M  4.7 11 320   M    M   M        19 320
10  40  31  36  -5  29   0 0.24    M    M 10.0 16 290   M    M   M        26 280
11  46  35  41   0  24   0 0.00    M    M  6.2 13 220   M    M   M        20 310
12  51  28  40  -1  25   0 0.00    M    M 10.2 19 270   M    M   M        30 320
13  31  22  27 -13  38   0 0.00    M    M 14.4 26 280   M    M   M        40 290
14  42  29  36  -4  29   0 0.01    M    M 10.0 22 230   M    M   M        32 230
15  29  25  27 -13  38   0 0.00    M    M  5.0 10 330   M    M   M        18 340
16  41  24  33  -7  32   0 0.03    M    M 10.4 18 280   M    M   M        23 280
================================================================================
SM  734  556       390   0  0.80    M    120.7          M        M
================================================================================
AV 45.9 34.8                               7.5 FASTST   M    M   5    MAX(MPH)
                                 MISC ---->  # 26 280               # 40  290
================================================================================
NOTES:
# LAST OF SEVERAL OCCURRENCES

COLUMN 17 PEAK WIND IN M.P.H.

PRELIMINARY LOCAL CLIMATOLOGICAL DATA (WS FORM: F-6) , PAGE 2

                                          STATION:  Atlantic City Marina
                                          MONTH:    DECEMBER
                                          YEAR:     2017
                                          LATITUDE:   39 22 N
                                          LONGITUDE:  74 25 W

[TEMPERATURE DATA]      [PRECIPITATION DATA]       SYMBOLS USED IN COLUMN 16

AVERAGE MONTHLY: 40.3   TOTAL FOR MONTH:   0.80    1 = FOG OR MIST
DPTR FM NORMAL:  -1.5   DPTR FM NORMAL:   -1.15    2 = FOG REDUCING VISIBILITY
HIGHEST:    60 ON  5    GRTST 24HR  0.30 ON  9- 9      TO 1/4 MILE OR LESS
LOWEST:     22 ON 13                               3 = THUNDER
                        SNOW, ICE PELLETS, HAIL    4 = ICE PELLETS
                        TOTAL MONTH:    M          5 = HAIL
                        GRTST 24HR    M  ON   M    6 = FREEZING RAIN OR DRIZZLE
                        GRTST DEPTH:  M  ON   M    7 = DUSTSTORM OR SANDSTORM:
                                                       VSBY 1/2 MILE OR LESS
                                                   8 = SMOKE OR HAZE
[NO. OF DAYS WITH]      [WEATHER - DAYS WITH]      9 = BLOWING SNOW
                                                   X = TORNADO
MAX 32 OR BELOW:   2    0.01 INCH OR MORE:   8
MAX 90 OR ABOVE:   0    0.10 INCH OR MORE:   3
MIN 32 OR BELOW:   7    0.50 INCH OR MORE:   0
MIN  0 OR BELOW:   0    1.00 INCH OR MORE:   0

[HDD (BASE 65) ]
TOTAL THIS MO.   390    CLEAR  (SCALE 0-3)   0
DPTR FM NORMAL    20    PTCLDY (SCALE 4-7)   0
TOTAL FM JUL 1   965    CLOUDY (SCALE 8-10)  0
DPTR FM NORMAL  -118

[CDD (BASE 65) ]
TOTAL THIS MO.     0
DPTR FM NORMAL     0    [PRESSURE DATA]
TOTAL FM JAN 1  1099    HIGHEST SLP M ON M
DPTR FM NORMAL    79    LOWEST  SLP 31.99 ON 12

[REMARKS]
