000
CXUS54 KMAF 201100
CF66R6
PRELIMINARY LOCAL CLIMATOLOGICAL DATA (WS FORM: F-6)

                                          STATION:   Terrell County Airport
                                          MONTH:     NOVEMBER
                                          YEAR:      2018
                                          LATITUDE:   30  2 N
                                          LONGITUDE: 102 13 W

  TEMPERATURE IN F:       :PCPN:    SNOW:  WIND      :SUNSHINE: SKY     :PK WND
================================================================================
1   2   3   4   5  6A  6B    7    8   9   10  11  12  13   14  15   16   17  18
                                     12Z  AVG MX 2MIN
DY MAX MIN AVG DEP HDD CDD  WTR  SNW DPTH SPD SPD DIR MIN PSBL S-S WX    SPD DR
================================================================================

 1  70  49  60  -3   5   0 0.00  0.0    0  4.3 16 240   M    M   0        20 230
 2  72  42  57  -6   8   0 0.00  0.0    0  6.6  9 290   M    M   0         M  M
 3  76  42  59  -3   6   0 0.00  0.0    0  6.4 17 340   M    M   0        23 350
 4  67  53  60  -2   5   0 0.00  0.0    0  7.2 16 360   M    M   0        21 360
 5  83  49  66   5   0   1 0.00  0.0    0  5.5 20 230   M    M   0        23 230
 6  86  52  69   8   0   4 0.00  0.0    0  6.3 15 220   M    M   0        19 230
 7  83  51  67   7   0   2 0.00  0.0    0  6.2 17  20   M    M   0        21  20
 8  64  55  60   0   5   0 0.00  0.0    0 10.5 15 360   M    M   0         M  M
 9  53  46  50 -10  15   0 0.00  0.0    0  9.7 24  10   M    M   0        32  20
10  56  40  48 -11  17   0 0.00  0.0    0  8.7 14 130   M    M   0        18 130
11  63  37  50  -9  15   0 0.00  0.0    M  4.4 13 140   M    M   0        15 120
12  51  33  42 -16  23   0 0.00  0.0    M 15.5 28 330   M    M   0        42 330
13  50  28  39 -19  26   0 0.00  0.0    0 11.4 22 350   M    M   0        28 340
14  60  29  45 -13  20   0 0.00  0.0    0  9.4 16 230   M    M   0        22 230
15  65  33  49  -8  16   0 0.00  0.0    0  8.4 18 230   M    M   0        22 230
16  68  32  50  -7  15   0 0.00  0.0    0  5.7 10 130   M    M   0        14 190
17  71  34  53  -3  12   0 0.00  0.0    0  7.3 13 130   M    M   0        17 230
18  53  43  48  -8  17   0 0.00  0.0    M 12.7 24 360   M    M   0        34 360
19  62  37  50  -6  15   0 0.00  0.0    0  2.9  6 300   M    M   0         M  M
================================================================================
SM 1253  785       220   7  0.00     0.0 149.1          M        0
================================================================================
AV 66.0 41.3                               7.8 FASTST   M    M   0    MAX(MPH)
                                 MISC ---->  # 28 330               # 42  330
================================================================================
NOTES:
# LAST OF SEVERAL OCCURRENCES

COLUMN 17 PEAK WIND IN M.P.H.

PRELIMINARY LOCAL CLIMATOLOGICAL DATA (WS FORM: F-6) , PAGE 2

                                          STATION:  Terrell County Airport
                                          MONTH:    NOVEMBER
                                          YEAR:     2018
                                          LATITUDE:   30  2 N
                                          LONGITUDE: 102 13 W

[TEMPERATURE DATA]      [PRECIPITATION DATA]       SYMBOLS USED IN COLUMN 16

AVERAGE MONTHLY: 53.6   TOTAL FOR MONTH:   0.00    1 = FOG OR MIST
DPTR FM NORMAL:  -5.6   DPTR FM NORMAL:   -0.60    2 = FOG REDUCING VISIBILITY
HIGHEST:    86 ON  6    GRTST 24HR  0.00 ON 19-19      TO 1/4 MILE OR LESS
LOWEST:     28 ON 13                               3 = THUNDER
                        SNOW, ICE PELLETS, HAIL    4 = ICE PELLETS
                        TOTAL MONTH:   0.0 INCH    5 = HAIL
                        GRTST 24HR     0.0         6 = FREEZING RAIN OR DRIZZLE
                        GRTST DEPTH:   0           7 = DUSTSTORM OR SANDSTORM:
                                                       VSBY 1/2 MILE OR LESS
                                                   8 = SMOKE OR HAZE
[NO. OF DAYS WITH]      [WEATHER - DAYS WITH]      9 = BLOWING SNOW
                                                   X = TORNADO
MAX 32 OR BELOW:   0    0.01 INCH OR MORE:   0
MAX 90 OR ABOVE:   0    0.10 INCH OR MORE:   0
MIN 32 OR BELOW:   3    0.50 INCH OR MORE:   0
MIN  0 OR BELOW:   0    1.00 INCH OR MORE:   0

[HDD (BASE 65) ]
TOTAL THIS MO.   220    CLEAR  (SCALE 0-3)  19
DPTR FM NORMAL    98    PTCLDY (SCALE 4-7)   0
TOTAL FM JUL 1   349    CLOUDY (SCALE 8-10)  0
DPTR FM NORMAL   184

[CDD (BASE 65) ]
TOTAL THIS MO.     7
DPTR FM NORMAL    -4    [PRESSURE DATA]
TOTAL FM JAN 1  2940    HIGHEST SLP M ON M
DPTR FM NORMAL   219    LOWEST  SLP 29.70 ON  5

[REMARKS]
