332
CXUS55 KABR 181400
CF68D3
PRELIMINARY LOCAL CLIMATOLOGICAL DATA (WS FORM: F-6)

                                          STATION:   SISSETON SD
                                          MONTH:     JULY
                                          YEAR:      2018
                                          LATITUDE:   45 40 N
                                          LONGITUDE:  96 59 W

  TEMPERATURE IN F:       :PCPN:    SNOW:  WIND      :SUNSHINE: SKY     :PK WND
================================================================================
1   2   3   4   5  6A  6B    7    8   9   10  11  12  13   14  15   16   17  18
                                     12Z  AVG MX 2MIN
DY MAX MIN AVG DEP HDD CDD  WTR  SNW DPTH SPD SPD DIR MIN PSBL S-S WX    SPD DR
================================================================================

 1  84  63  74   4   0   9 0.21  0.0    0  5.4 13 230   M    M   0        16 260
 2  85  64  75   5   0  10 0.02  0.0    0  9.0 17 160   M    M   0        23 140
 3  83  64  74   4   0   9 1.45  0.0    0 12.0 43  10   M    M   0        66  20
 4  85  66  76   6   0  11 0.18  0.0    0 11.3 32 290   M    M   0        47 290
 5  79  59  69  -1   0   4 0.00  0.0    0  6.5 13 350   M    M   0        17 350
 6  79  59  69  -2   0   4 0.00  0.0    0  8.1 22 160   M    M   0        31 150
 7  92  64  78   7   0  13 0.00  0.0    0 16.1 28 180   M    M   0        36 190
 8  95  70  83  12   0  18 1.11  0.0    0 16.4 36 280   M    M   0        52 220
 9  85  67  76   5   0  11 0.00  0.0    0  4.6 12  30   M    M   0        15  30
10  87  63  75   4   0  10 0.60  0.0    0 11.9 25 180   M    M   0        38 180
11  91  72  82  11   0  17 0.00  0.0    0 10.5 22 200   M    M   0        30 200
12  82  68  75   4   0  10 0.01  0.0    0  4.9 14 290   M    M   0        18 290
13  88  64  76   5   0  11 0.00  0.0    0  3.9  9 350   M    M   0        15 330
14  86  65  76   5   0  11 0.00  0.0    0  8.3 15 150   M    M   0        21 160
15  75  61  68  -4   0   3 0.19  0.0    0  9.2 20 340   M    M   0        28 320
16  85  59  72   0   0   7 0.00  0.0    0  6.5 16 290   M    M   0        21 280
17  80  57  69  -3   0   4 0.00  0.0    0  3.8 10 140   M    M   0        16 120
================================================================================
SM 1441 1085         0 162  3.77     0.0 148.4          M        0
================================================================================
AV 84.8 63.8                               8.7 FASTST   M    M   0    MAX(MPH)
                                 MISC ---->  # 43  10               # 66   20
================================================================================
NOTES:
# LAST OF SEVERAL OCCURRENCES

COLUMN 17 PEAK WIND IN M.P.H.

PRELIMINARY LOCAL CLIMATOLOGICAL DATA (WS FORM: F-6) , PAGE 2

                                          STATION:  SISSETON SD
                                          MONTH:    JULY
                                          YEAR:     2018
                                          LATITUDE:   45 40 N
                                          LONGITUDE:  96 59 W

[TEMPERATURE DATA]      [PRECIPITATION DATA]       SYMBOLS USED IN COLUMN 16

AVERAGE MONTHLY: 74.3   TOTAL FOR MONTH:   3.77    1 = FOG OR MIST
DPTR FM NORMAL:   3.4   DPTR FM NORMAL:    1.74    2 = FOG REDUCING VISIBILITY
HIGHEST:    95 ON  8    GRTST 24HR  1.45 ON  3- 3      TO 1/4 MILE OR LESS
LOWEST:     57 ON 17                               3 = THUNDER
                        SNOW, ICE PELLETS, HAIL    4 = ICE PELLETS
                        TOTAL MONTH:   0.0 INCH    5 = HAIL
                        GRTST 24HR     0.0         6 = FREEZING RAIN OR DRIZZLE
                        GRTST DEPTH:   0           7 = DUSTSTORM OR SANDSTORM:
                                                       VSBY 1/2 MILE OR LESS
                                                   8 = SMOKE OR HAZE
[NO. OF DAYS WITH]      [WEATHER - DAYS WITH]      9 = BLOWING SNOW
                                                   X = TORNADO
MAX 32 OR BELOW:   0    0.01 INCH OR MORE:   8
MAX 90 OR ABOVE:   3    0.10 INCH OR MORE:   6
MIN 32 OR BELOW:   0    0.50 INCH OR MORE:   3
MIN  0 OR BELOW:   0    1.00 INCH OR MORE:   2

[HDD (BASE 65) ]
TOTAL THIS MO.     0    CLEAR  (SCALE 0-3)  17
DPTR FM NORMAL    -3    PTCLDY (SCALE 4-7)   0
TOTAL FM JUL 1     0    CLOUDY (SCALE 8-10)  0
DPTR FM NORMAL    -3

[CDD (BASE 65) ]
TOTAL THIS MO.   162
DPTR FM NORMAL    54    [PRESSURE DATA]
TOTAL FM JAN 1   501    HIGHEST SLP M ON M
DPTR FM NORMAL   276    LOWEST  SLP 29.68 ON  3

[REMARKS]
