000
CXUS51 KPHI 180800
CF6ABE
PRELIMINARY LOCAL CLIMATOLOGICAL DATA (WS FORM: F-6)

                                          STATION:   ALLENTOWN PA
                                          MONTH:     AUGUST
                                          YEAR:      2018
                                          LATITUDE:   40 39 N
                                          LONGITUDE:  75 26 W

  TEMPERATURE IN F:       :PCPN:    SNOW:  WIND      :SUNSHINE: SKY     :PK WND
================================================================================
1   2   3   4   5  6A  6B    7    8   9   10  11  12  13   14  15   16   17  18
                                     12Z  AVG MX 2MIN
DY MAX MIN AVG DEP HDD CDD  WTR  SNW DPTH SPD SPD DIR MIN PSBL S-S WX    SPD DR
================================================================================

 1  89  72  81   8   0  16 0.60  0.0    0 10.2 29 240   M    M   7 138    38 250
 2  83  70  77   4   0  12 0.84  0.0    0  4.6 16 270   M    M   8 13     23 270
 3  84  72  78   5   0  13 1.23  0.0    0  4.6 14 310   M    M   7 13     21 140
 4  87  69  78   5   0  13 2.06  0.0    0  4.5 25  10   M    M   6 13     32  10
 5  91  68  80   7   0  15 0.00  0.0    0  3.1 12 250   M    M   0 18     15 250
 6  95  70  83  10   0  18 0.00  0.0    0  5.1 15 220   M    M   1 18     19 170
 7  92  72  82   9   0  17 0.02  0.0    0  5.0 17 210   M    M   2 138    22 210
 8  90  69  80   7   0  15 0.10  0.0    0  5.9 15 250   M    M   3 18     20 240
 9  87  69  78   5   0  13    T  0.0    0  5.6 13 250   M    M   2 1      20 250
10  88  65  77   5   0  12    T  0.0    0  2.1 15 330   M    M   4 1      20 340
11  84  70  77   5   0  12 1.29  0.0    0  4.3 16  30   M    M   7 138    20 140
12  86  70  78   6   0  13    T  0.0    0  6.3 12  60   M    M   6 1      17  70
13  76  70  73   1   0   8 2.63  0.0    0  5.8 15  50   M    M   9 13     18  60
14  80  69  75   3   0  10 0.44  0.0    0  5.8 21 270   M    M   6 13     26 290
15  89  67  78   6   0  13 0.00  0.0    0  7.3 15 300   M    M   1 1      18 250
16  91  69  80   8   0  15 0.00  0.0    0  5.3 13 240   M    M   0 18     17 250
17  91  71  81   9   0  16 0.16  0.0    0  4.8 28 250   M    M   2 138    36 250
================================================================================
SM 1483 1182         0 231  9.37     0.0  90.3          M       71
================================================================================
AV 87.2 69.5                               5.3 FASTST   M    M   4    MAX(MPH)
                                 MISC ---->  # 29 240               # 38  250
================================================================================
NOTES:
# LAST OF SEVERAL OCCURRENCES

COLUMN 17 PEAK WIND IN M.P.H.

PRELIMINARY LOCAL CLIMATOLOGICAL DATA (WS FORM: F-6) , PAGE 2

                                          STATION:  ALLENTOWN PA
                                          MONTH:    AUGUST
                                          YEAR:     2018
                                          LATITUDE:   40 39 N
                                          LONGITUDE:  75 26 W

[TEMPERATURE DATA]      [PRECIPITATION DATA]       SYMBOLS USED IN COLUMN 16

AVERAGE MONTHLY: 78.4   TOTAL FOR MONTH:   9.37    1 = FOG OR MIST
DPTR FM NORMAL:   5.9   DPTR FM NORMAL:    7.19    2 = FOG REDUCING VISIBILITY
HIGHEST:    95 ON  6    GRTST 24HR  2.63 ON 13-13      TO 1/4 MILE OR LESS
LOWEST:     65 ON 10                               3 = THUNDER
                        SNOW, ICE PELLETS, HAIL    4 = ICE PELLETS
                        TOTAL MONTH:   0.0 INCH    5 = HAIL
                        GRTST 24HR     0.0         6 = FREEZING RAIN OR DRIZZLE
                        GRTST DEPTH:   0           7 = DUSTSTORM OR SANDSTORM:
                                                       VSBY 1/2 MILE OR LESS
                                                   8 = SMOKE OR HAZE
[NO. OF DAYS WITH]      [WEATHER - DAYS WITH]      9 = BLOWING SNOW
                                                   X = TORNADO
MAX 32 OR BELOW:   0    0.01 INCH OR MORE:  10
MAX 90 OR ABOVE:   6    0.10 INCH OR MORE:   9
MIN 32 OR BELOW:   0    0.50 INCH OR MORE:   6
MIN  0 OR BELOW:   0    1.00 INCH OR MORE:   4

[HDD (BASE 65) ]
TOTAL THIS MO.     0    CLEAR  (SCALE 0-3)   8
DPTR FM NORMAL     0    PTCLDY (SCALE 4-7)   8
TOTAL FM JUL 1     0    CLOUDY (SCALE 8-10)  1
DPTR FM NORMAL    -3

[CDD (BASE 65) ]
TOTAL THIS MO.   231
DPTR FM NORMAL   100    [PRESSURE DATA]
TOTAL FM JAN 1   895    HIGHEST SLP M ON M
DPTR FM NORMAL   299    LOWEST  SLP 29.79 ON  9

[REMARKS]
