000
CXUS54 KSJT 221000
CF6ABI
PRELIMINARY LOCAL CLIMATOLOGICAL DATA (WS FORM: F-6)

                                          STATION:   ABILENE
                                          MONTH:     OCTOBER
                                          YEAR:      2018
                                          LATITUDE:   32 25 N
                                          LONGITUDE:  99 41 W

  TEMPERATURE IN F:       :PCPN:    SNOW:  WIND      :SUNSHINE: SKY     :PK WND
================================================================================
1   2   3   4   5  6A  6B    7    8   9   10  11  12  13   14  15   16   17  18
                                     12Z  AVG MX 2MIN
DY MAX MIN AVG DEP HDD CDD  WTR  SNW DPTH SPD SPD DIR MIN PSBL S-S WX    SPD DR
================================================================================

 1  83  66  75   5   0  10 0.00  0.0    0  9.1 17 190   M    M   3        22 180
 2  88  67  78   8   0  13 0.00  0.0    0 11.4 20 160   M    M   4        25 160
 3  88  71  80  10   0  15 0.00  0.0    0 15.4 26 190   M    M   2        34 190
 4  88  70  79  10   0  14 0.00  0.0    0 12.1 21 200   M    M   3        27 220
 5  88  70  79  10   0  14 0.00  0.0    0 14.9 23 160   M    M   2        32 210
 6  85  64  75   6   0  10 1.19  0.0    0 10.3 24 350   M    M   5 138    30  20
 7  82  66  74   6   0   9 0.05  0.0    0 15.0 26 160   M    M   4 3      34 150
 8  76  60  68   0   0   3 0.30  0.0    0 15.4 31 150   M    M   4 13     41 150
 9  78  59  69   1   0   4 2.71  0.0    0  8.4 21 340   M    M   7 13     29 330
10  68  50  59  -9   6   0 0.00  0.0    0  7.6 17 340   M    M   1        21 340
11  69  53  61  -6   4   0 0.00  0.0    0  8.1 15 140   M    M   5        19 140
12  75  65  70   3   0   5    T    M    0  9.3 20 190   M    M  10        24 190
13  64  59  62  -5   3   0 1.09  0.0    0  8.3 21 290   M    M   9 13     24 290
14  83  39  61  -5   4   0 0.07    M    0 13.8 29 360   M    M  10 1238   35 360
15  45  36  41 -25  24   0 0.95  0.0    0 17.9 27 360   M    M  10 1      38 360
16  45  41  43 -23  22   0 0.91  0.0    0 13.9 18  10   M    M  10 1      24 360
17  48  43  46 -20  19   0 1.69  0.0    0  7.8 12  30   M    M  10 1      23  40
18  59  43  51 -14  14   0 0.47  0.0    0  5.4 10  90   M    M  10 18     14  80
19  61  54  58  -7   7   0 0.38  0.0    0  2.5  7 190   M    M   9 1      24 210
20  71  50  61  -4   4   0 0.00  0.0    0  6.0 17  40   M    M   3 12     23  20
21  71  43  57  -7   8   0 0.00  0.0    0  3.0 10 130   M    M   0 1      12 130
================================================================================
SM 1515 1169       115  97  9.81     0.0 215.6          M      121
================================================================================
AV 72.1 55.7                              10.3 FASTST   M    M   6    MAX(MPH)
                                 MISC ---->  # 31 150               # 41  150
================================================================================
NOTES:
# LAST OF SEVERAL OCCURRENCES

COLUMN 17 PEAK WIND IN M.P.H.

PRELIMINARY LOCAL CLIMATOLOGICAL DATA (WS FORM: F-6) , PAGE 2

                                          STATION:  ABILENE
                                          MONTH:    OCTOBER
                                          YEAR:     2018
                                          LATITUDE:   32 25 N
                                          LONGITUDE:  99 41 W

[TEMPERATURE DATA]      [PRECIPITATION DATA]       SYMBOLS USED IN COLUMN 16

AVERAGE MONTHLY: 63.9   TOTAL FOR MONTH:   9.81    1 = FOG OR MIST
DPTR FM NORMAL:  -3.4   DPTR FM NORMAL:    7.73    2 = FOG REDUCING VISIBILITY
HIGHEST:    88 ON  5, 4 GRTST 24HR  2.71 ON  9- 9      TO 1/4 MILE OR LESS
LOWEST:     36 ON 15                               3 = THUNDER
                        SNOW, ICE PELLETS, HAIL    4 = ICE PELLETS
                        TOTAL MONTH:   0.0 INCH    5 = HAIL
                        GRTST 24HR     0.0         6 = FREEZING RAIN OR DRIZZLE
                        GRTST DEPTH:   0           7 = DUSTSTORM OR SANDSTORM:
                                                       VSBY 1/2 MILE OR LESS
                                                   8 = SMOKE OR HAZE
[NO. OF DAYS WITH]      [WEATHER - DAYS WITH]      9 = BLOWING SNOW
                                                   X = TORNADO
MAX 32 OR BELOW:   0    0.01 INCH OR MORE:  11
MAX 90 OR ABOVE:   0    0.10 INCH OR MORE:   9
MIN 32 OR BELOW:   0    0.50 INCH OR MORE:   6
MIN  0 OR BELOW:   0    1.00 INCH OR MORE:   4

[HDD (BASE 65) ]
TOTAL THIS MO.   115    CLEAR  (SCALE 0-3)   6
DPTR FM NORMAL    70    PTCLDY (SCALE 4-7)   7
TOTAL FM JUL 1   120    CLOUDY (SCALE 8-10)  8
DPTR FM NORMAL    64

[CDD (BASE 65) ]
TOTAL THIS MO.    97
DPTR FM NORMAL     2    [PRESSURE DATA]
TOTAL FM JAN 1  2721    HIGHEST SLP M ON M
DPTR FM NORMAL   355    LOWEST  SLP 29.60 ON  9

[REMARKS]
