000
CXUS55 KABQ 181000
CF6ABQ
PRELIMINARY LOCAL CLIMATOLOGICAL DATA (WS FORM: F-6)

                                          STATION:   ALBUQUERQUE  NM
                                          MONTH:     JULY
                                          YEAR:      2018
                                          LATITUDE:   35  2 N
                                          LONGITUDE: 106 37 W

  TEMPERATURE IN F:       :PCPN:    SNOW:  WIND      :SUNSHINE: SKY     :PK WND
================================================================================
1   2   3   4   5  6A  6B    7    8   9   10  11  12  13   14  15   16   17  18
                                     12Z  AVG MX 2MIN
DY MAX MIN AVG DEP HDD CDD  WTR  SNW DPTH SPD SPD DIR MIN PSBL S-S WX    SPD DR
================================================================================

 1  93  64  79   1   0  14 0.00  0.0    0  7.6 23 100   M    M   3        28  90
 2  96  69  83   5   0  18 0.00  0.0    0  8.0 24  90   M    M   4        29  90
 3  94  69  82   4   0  17 0.00  0.0    0  6.1 32  90   M    M   7        44  90
 4  93  70  82   4   0  17 0.00  0.0    0 10.7 29 100   M    M   7        38  90
 5  91  71  81   3   0  16 0.03  0.0    0 18.6 41  70   M    M   6 78     51  80
 6  88  69  79   0   0  14 0.00  0.0    0  9.8 20  80   M    M   5        23 120
 7  92  68  80   1   0  15 0.00  0.0    0  9.7 40  90   M    M   4 38     51  90
 8  89  67  78  -1   0  13    T  0.0    0  8.1 18  10   M    M   3 3      25 190
 9  90  67  79   0   0  14 0.00  0.0    0  8.0 25 190   M    M   6        32 180
10  89  68  79   0   0  14 0.00  0.0    0  7.9 23 190   M    M   4        29 200
11  91  66  79   0   0  14 0.00  0.0    0 10.5 39 160   M    M   5 38     46 110
12  85  67  76  -3   0  11 0.01  0.0    0  8.5 18 360   M    M   8 3      24 180
13  92  67  80   1   0  15 0.03  0.0    0  8.3 26 120   M    M   5 3      32 120
14  90  67  79   0   0  14 0.62  0.0    0  6.7 32 180   M    M   6 13     39 180
15  90  65  78   0   0  13    T  0.0    0  7.7 24  80   M    M   6 3      27  90
16  88  67  78   0   0  13    T  0.0    0  9.9 30  90   M    M   7 3      37 100
17  90  67  79   1   0  14 0.00  0.0    0  6.0 18 110   M    M   5 3      20 120
================================================================================
SM 1541 1148         0 246  0.69     0.0 152.1          M       91
================================================================================
AV 90.7 67.5                               8.9 FASTST   M    M   5    MAX(MPH)
                                 MISC ---->  # 41  70               # 51   80
================================================================================
NOTES:
# LAST OF SEVERAL OCCURRENCES

COLUMN 17 PEAK WIND IN M.P.H.

PRELIMINARY LOCAL CLIMATOLOGICAL DATA (WS FORM: F-6) , PAGE 2

                                          STATION:  ALBUQUERQUE  NM
                                          MONTH:    JULY
                                          YEAR:     2018
                                          LATITUDE:   35  2 N
                                          LONGITUDE: 106 37 W

[TEMPERATURE DATA]      [PRECIPITATION DATA]       SYMBOLS USED IN COLUMN 16

AVERAGE MONTHLY: 79.1   TOTAL FOR MONTH:   0.69    1 = FOG OR MIST
DPTR FM NORMAL:   0.6   DPTR FM NORMAL:   -0.04    2 = FOG REDUCING VISIBILITY
HIGHEST:    96 ON  2    GRTST 24HR  0.62 ON 14-14      TO 1/4 MILE OR LESS
LOWEST:     64 ON  1                               3 = THUNDER
                        SNOW, ICE PELLETS, HAIL    4 = ICE PELLETS
                        TOTAL MONTH:   0.0 INCH    5 = HAIL
                        GRTST 24HR     0.0         6 = FREEZING RAIN OR DRIZZLE
                        GRTST DEPTH:   0           7 = DUSTSTORM OR SANDSTORM:
                                                       VSBY 1/2 MILE OR LESS
                                                   8 = SMOKE OR HAZE
[NO. OF DAYS WITH]      [WEATHER - DAYS WITH]      9 = BLOWING SNOW
                                                   X = TORNADO
MAX 32 OR BELOW:   0    0.01 INCH OR MORE:   4
MAX 90 OR ABOVE:  12    0.10 INCH OR MORE:   1
MIN 32 OR BELOW:   0    0.50 INCH OR MORE:   1
MIN  0 OR BELOW:   0    1.00 INCH OR MORE:   0

[HDD (BASE 65) ]
TOTAL THIS MO.     0    CLEAR  (SCALE 0-3)   0
DPTR FM NORMAL     0    PTCLDY (SCALE 4-7)  17
TOTAL FM JUL 1     0    CLOUDY (SCALE 8-10)  0
DPTR FM NORMAL     0

[CDD (BASE 65) ]
TOTAL THIS MO.   246
DPTR FM NORMAL    14    [PRESSURE DATA]
TOTAL FM JAN 1   864    HIGHEST SLP M ON M
DPTR FM NORMAL   232    LOWEST  SLP 29.67 ON  2

[REMARKS]
